[02/08/2024 05:02:44], [file name :-/home/otrams/public_html/beta/hotel_search_list.php],UPDATE user_sessions_ip SET update_date = '2024-02-08 05:02:44' WHERE id= '514';
[02/08/2024 05:02:44], [file name :-/home/otrams/public_html/beta/hotel_search_list.php],INSERT INTO agent_logs SET  agent_id = '7870' , sub_agent_id = '' , sub_user_id = '0' , branch_id = '32' , ip = '43.239.53.130' , city = 'dubai' , service_name = '' , country_of_residence = '106' , service_type = 'hotel' , arrival_date = '2024/05/15' , departure_date = '2024/05/16' , nights = '1' , nationality = '106' , room_types = '2' , room_type='[{"numberOfAdults":2}]' , available='0' , create_date = '2024-02-08 05:02:44' , site_id = '21' , country_code = '138' , city_code = '71649' , ratings = '1.0,2.0,3.0,4.0,5.0,SC' , selected_currency = 'USD' , currency_code = 'USD' , web_service = '' ;
[02/08/2024 05:02:45], [file name :-/home/otrams/public_html/beta/xml_all.php],UPDATE user_sessions_ip SET update_date = '2024-02-08 05:02:45' WHERE id= '514';
[02/08/2024 05:02:45], [file name :-/home/otrams/public_html/beta/call.php],INSERT INTO xmllogs SET
                type = 'ERROR'
                , http_hit_time = '2024-02-08 05:02:45.318'
                , total_duration = '0.014'
                , hotel_count = 0
                , source_type = 'hotelbeds'
                , create_date = '2024-02-08 05:02:45'
                , session_id = '546c5fadde319fd4dd89a6d862d17e341c8d173029e49c38c1986a6b6a9ea4af'
                , agent_logs_id = '0'
                , error_description = ''
                , memory_used = '1706952';
[02/08/2024 05:02:45], [file name :-/home/otrams/public_html/beta/call.php],INSERT INTO xmllogs SET
                type = 'ERROR'
                , http_hit_time = '2024-02-08 05:02:45.317'
                , total_duration = '0.015'
                , hotel_count = 0
                , source_type = 'hotelbeds'
                , create_date = '2024-02-08 05:02:45'
                , session_id = '546c5fadde319fd4dd89a6d862d17e341c8d173029e49c38c1986a6b6a9ea4af'
                , agent_logs_id = '0'
                , error_description = ''
                , memory_used = '1706928';
[02/08/2024 05:02:45], [file name :-/home/otrams/public_html/beta/call.php],INSERT INTO xmllogs SET
                type = 'ERROR'
                , http_hit_time = '2024-02-08 05:02:45.318'
                , total_duration = '0.015'
                , hotel_count = 0
                , source_type = 'hotelbeds'
                , create_date = '2024-02-08 05:02:45'
                , session_id = '546c5fadde319fd4dd89a6d862d17e341c8d173029e49c38c1986a6b6a9ea4af'
                , agent_logs_id = '0'
                , error_description = ''
                , memory_used = '1706928';
[02/08/2024 05:02:45], [file name :-/home/otrams/public_html/beta/call.php],INSERT INTO xmllogs SET
                type = 'ERROR'
                , http_hit_time = '2024-02-08 05:02:45.318'
                , total_duration = '0.015'
                , hotel_count = 0
                , source_type = 'hotelbeds'
                , create_date = '2024-02-08 05:02:45'
                , session_id = '546c5fadde319fd4dd89a6d862d17e341c8d173029e49c38c1986a6b6a9ea4af'
                , agent_logs_id = '0'
                , error_description = ''
                , memory_used = '1706928';
[02/08/2024 05:02:45], [file name :-/home/otrams/public_html/beta/call.php],INSERT INTO xmllogs SET
                type = 'ERROR'
                , http_hit_time = '2024-02-08 05:02:45.317'
                , total_duration = '0.015'
                , hotel_count = 0
                , source_type = 'hotelbeds'
                , create_date = '2024-02-08 05:02:45'
                , session_id = '546c5fadde319fd4dd89a6d862d17e341c8d173029e49c38c1986a6b6a9ea4af'
                , agent_logs_id = '0'
                , error_description = ''
                , memory_used = '1706928';
[02/08/2024 05:02:45], [file name :-/home/otrams/public_html/beta/call.php],INSERT INTO xmllogs SET
                type = 'ERROR'
                , http_hit_time = '2024-02-08 05:02:45.317'
                , total_duration = '0.015'
                , hotel_count = 0
                , source_type = 'hotelbeds'
                , create_date = '2024-02-08 05:02:45'
                , session_id = '546c5fadde319fd4dd89a6d862d17e341c8d173029e49c38c1986a6b6a9ea4af'
                , agent_logs_id = '0'
                , error_description = ''
                , memory_used = '1706928';
[02/08/2024 05:02:45], [file name :-/home/otrams/public_html/beta/call.php],INSERT INTO xmllogs SET
                type = 'ERROR'
                , http_hit_time = '2024-02-08 05:02:45.317'
                , total_duration = '0.016'
                , hotel_count = 0
                , source_type = 'hotelbeds'
                , create_date = '2024-02-08 05:02:45'
                , session_id = '546c5fadde319fd4dd89a6d862d17e341c8d173029e49c38c1986a6b6a9ea4af'
                , agent_logs_id = '0'
                , error_description = ''
                , memory_used = '1706928';
[02/08/2024 05:02:45], [file name :-/home/otrams/public_html/beta/call.php],INSERT INTO xmllogs(reservation_id, type, request_path, response_path, header_path, source_type, create_date, header, session_id, agent_logs_id)
                VALUE ('', 'availability', 'e1/08_02_2024/request_availability_hotel_yards_05_02_45_1707368565_100.json', 'e1/08_02_2024/response_availability_hotel_yards_05_02_45_1707368565_100.json', 'e1/08_02_2024/response_header_availability_hotel_yards_05_02_45_1707368565_100.json', 'expedia', '2024-02-08 05:02:45', '', '546c5fadde319fd4dd89a6d862d17e341c8d173029e49c38c1986a6b6a9ea4af', '0');
[02/08/2024 05:02:45], [file name :-/home/otrams/public_html/beta/call.php],UPDATE xmllogs SET
            hotel_count = ''
            , request_url = '/call.php?s=expedia&sessionid=546c5fadde319fd4dd89a6d862d17e341c8d173029e49c38c1986a6b6a9ea4af&xml_user_id=7867&db_caching=1&erequest=2&total_request=3&web_service=no&ip=43.239.53.130&browser=GoogleChrome%2F114.0.0.0%28linux%29&hotels_ids=&expediaRapidApi=&agent_country=95'
            , http_hit_time = '2024-02-08 05:02:45.317'
            , request_start_time = '0.000'
            , parsing_start_time = '0.000'
            , mapping_complete_time = '0.000'
            , mongo_start_time = '0.000'
            , search_end_time = '0.000'
            , total_duration = '0.458'
            , error_description = ''
            , memory_used = '1428240'
            WHERE id = '31334';
[02/08/2024 05:02:47], [file name :-/home/otrams/public_html/beta/call.php],INSERT INTO xmllogs(reservation_id, type, request_path, response_path, header_path, source_type, create_date, header, session_id, agent_logs_id)
                VALUE ('', 'availability', 'e1/08_02_2024/request_availability_hotel_yards_05_02_45_1707368565_38.json', 'e1/08_02_2024/response_availability_hotel_yards_05_02_45_1707368565_38.json', 'e1/08_02_2024/response_header_availability_hotel_yards_05_02_45_1707368565_38.json', 'expedia', '2024-02-08 05:02:47', '', '546c5fadde319fd4dd89a6d862d17e341c8d173029e49c38c1986a6b6a9ea4af', '0');
[02/08/2024 05:02:47], [file name :-/home/otrams/public_html/beta/call.php],INSERT INTO xmllogs(reservation_id, type, request_path, response_path, header_path, source_type, create_date, header, session_id, agent_logs_id)
                VALUE ('', 'availability', 'e1/08_02_2024/request_availability_hotel_yards_05_02_45_1707368565_15.json', 'e1/08_02_2024/response_availability_hotel_yards_05_02_45_1707368565_15.json', 'e1/08_02_2024/response_header_availability_hotel_yards_05_02_45_1707368565_15.json', 'expedia', '2024-02-08 05:02:47', '', '546c5fadde319fd4dd89a6d862d17e341c8d173029e49c38c1986a6b6a9ea4af', '0');
[02/08/2024 05:02:48], [file name :-/home/otrams/public_html/beta/call.php],UPDATE xmllogs SET
            hotel_count = ''
            , request_url = '/call.php?s=expedia&sessionid=546c5fadde319fd4dd89a6d862d17e341c8d173029e49c38c1986a6b6a9ea4af&xml_user_id=7867&db_caching=1&erequest=1&total_request=3&web_service=no&ip=43.239.53.130&browser=GoogleChrome%2F114.0.0.0%28linux%29&hotels_ids=&expediaRapidApi=&agent_country=95'
            , http_hit_time = '2024-02-08 05:02:45.318'
            , request_start_time = '0.000'
            , parsing_start_time = '0.000'
            , mapping_complete_time = '0.000'
            , mongo_start_time = '0.000'
            , search_end_time = '0.000'
            , total_duration = '3.604'
            , error_description = ''
            , memory_used = '189792728'
            WHERE id = '31335';
[02/08/2024 05:02:48], [file name :-/home/otrams/public_html/beta/call.php],UPDATE xmllogs SET
            hotel_count = ''
            , request_url = '/call.php?s=expedia&sessionid=546c5fadde319fd4dd89a6d862d17e341c8d173029e49c38c1986a6b6a9ea4af&xml_user_id=7867&db_caching=1&erequest=0&total_request=3&web_service=no&ip=43.239.53.130&browser=GoogleChrome%2F114.0.0.0%28linux%29&hotels_ids=&expediaRapidApi=&agent_country=95'
            , http_hit_time = '2024-02-08 05:02:45.318'
            , request_start_time = '0.000'
            , parsing_start_time = '0.000'
            , mapping_complete_time = '0.000'
            , mongo_start_time = '0.000'
            , search_end_time = '0.000'
            , total_duration = '3.669'
            , error_description = ''
            , memory_used = '187297184'
            WHERE id = '31336';
[02/08/2024 05:02:49], [file name :-/home/otrams/public_html/beta/m1_hotel_search_listing.php],UPDATE user_sessions_ip SET update_date = '2024-02-08 05:02:49' WHERE id= '514';
[02/08/2024 05:02:50], [file name :-/home/otrams/public_html/beta/ajax/manualKeepAlive.php],UPDATE user_sessions_ip SET update_date = '2024-02-08 05:02:50' WHERE id= '514';
[02/08/2024 05:04:15], [file name :-/home/otrams/public_html/beta/hotel_search.php],UPDATE user_sessions_ip SET update_date = '2024-02-08 05:04:15' WHERE id= '514';
[02/08/2024 05:04:37], [file name :-/home/otrams/public_html/beta/about_us.php],UPDATE user_sessions_ip SET update_date = '2024-02-08 05:04:37' WHERE id= '514';
[02/08/2024 05:05:34], [file name :-/home/otrams/public_html/beta/agent_login.php],update agents set last_login_date = '2024-02-08 05:05:34',login_attempt=0 where id = '7866';
[02/08/2024 05:05:34], [file name :-/home/otrams/public_html/beta/agent_login.php],INSERT INTO psa_login_log  SET username = 'deepak_qtech', user_type = 'A', branch_id = '31', login_datetime = '2024-02-08 05:05:34', ip = '43.239.53.130', action = 'Login' ;
[02/08/2024 05:05:34], [file name :-/home/otrams/public_html/beta/hotel_search.php],insert into user_sessions_ip SET ip_addr='43.239.53.130', agent_id='7863', session_id='3443ea32a1165a7c65c5e58fccdece1f2e325225659d76641cf9a9a25f38b254',create_date='2024-02-08 05:05:34', update_date='2024-02-08 05:05:34',domain='baysantravel.astrabookings.com',sub_agent_id='',sub_user_id='';
[02/08/2024 05:06:11], [file name :-/home/otrams/public_html/beta/hotel_search.php],UPDATE user_sessions_ip SET update_date = '2024-02-08 05:06:11' WHERE id= '515';
[02/08/2024 05:06:40], [file name :-/home/otrams/public_html/beta/hotel_search.php],UPDATE user_sessions_ip SET update_date = '2024-02-08 05:06:40' WHERE id= '514';
[02/08/2024 05:08:15], [file name :-/home/otrams/public_html/beta/hotel_search.php],UPDATE user_sessions_ip SET update_date = '2024-02-08 05:08:15' WHERE id= '514';
[02/08/2024 05:11:34], [file name :-/home/otrams/public_html/beta/booking_list.php],UPDATE user_sessions_ip SET update_date = '2024-02-08 05:11:34' WHERE id= '514';
[02/08/2024 05:13:28], [file name :-/home/otrams/public_html/beta/agent_login.php],UPDATE user_sessions_ip SET update_date = '2024-02-08 05:13:28' WHERE id= '514';
[02/08/2024 05:13:28], [file name :-/home/otrams/public_html/beta/agent_login.php],update agents set last_login_date = '2024-02-08 05:13:28',login_attempt=0 where id = '7870';
[02/08/2024 05:13:28], [file name :-/home/otrams/public_html/beta/agent_login.php],INSERT INTO psa_login_log  SET username = 'hotelyards-agent', user_type = 'A', branch_id = '32', login_datetime = '2024-02-08 05:13:28', ip = '43.239.53.130', action = 'Login' ;
[02/08/2024 05:13:29], [file name :-/home/otrams/public_html/beta/hotel_search.php],UPDATE user_sessions_ip SET update_date = '2024-02-08 05:13:29' WHERE id= '514';
[02/08/2024 05:13:47], [file name :-/home/otrams/public_html/beta/agent_login.php],UPDATE user_sessions_ip SET update_date = '2024-02-08 05:13:47' WHERE id= '514';
[02/08/2024 05:13:47], [file name :-/home/otrams/public_html/beta/agent_login.php],update agents set last_login_date = '2024-02-08 05:13:47',login_attempt=0 where id = '7870';
[02/08/2024 05:13:47], [file name :-/home/otrams/public_html/beta/agent_login.php],INSERT INTO psa_login_log  SET username = 'hotelyards-agent', user_type = 'A', branch_id = '32', login_datetime = '2024-02-08 05:13:47', ip = '43.239.53.130', action = 'Login' ;
[02/08/2024 05:13:47], [file name :-/home/otrams/public_html/beta/hotel_search.php],UPDATE user_sessions_ip SET update_date = '2024-02-08 05:13:47' WHERE id= '514';
[02/08/2024 05:21:05], [file name :-/home/otrams/public_html/beta/agent_login.php],update agents set last_login_date = '2024-02-08 05:21:05',login_attempt=0 where id = '7849';
[02/08/2024 05:21:05], [file name :-/home/otrams/public_html/beta/agent_login.php],INSERT INTO psa_login_log  SET username = 'shiv_qtech', user_type = 'A', branch_id = '24', login_datetime = '2024-02-08 05:21:05', ip = '43.239.53.130', action = 'Login' ;
[02/08/2024 05:21:06], [file name :-/home/otrams/public_html/beta/hotel_search.php],UPDATE user_sessions_ip SET update_date = '2024-02-08 05:21:06' WHERE id= '510';
[02/08/2024 05:21:09], [file name :-/home/otrams/public_html/beta/sight_search.php],UPDATE user_sessions_ip SET update_date = '2024-02-08 05:21:09' WHERE id= '510';
[02/08/2024 05:21:11], [file name :-/home/otrams/public_html/beta/sight_search.php],UPDATE user_sessions_ip SET update_date = '2024-02-08 05:21:11' WHERE id= '510';
[02/08/2024 05:21:16], [file name :-/home/otrams/public_html/beta/get_city_list.php],UPDATE user_sessions_ip SET update_date = '2024-02-08 05:21:16' WHERE id= '510';
[02/08/2024 05:29:08], [file name :-/home/otrams/public_html/beta/about_us.php],UPDATE user_sessions_ip SET update_date = '2024-02-08 05:29:08' WHERE id= '514';
[02/08/2024 05:30:30], [file name :-/home/otrams/public_html/beta/hotel_search.php],UPDATE user_sessions_ip SET update_date = '2024-02-08 05:30:30' WHERE id= '514';
[02/08/2024 05:31:11], [file name :-/home/otrams/public_html/beta/sight_search_list.php],UPDATE user_sessions_ip SET update_date = '2024-02-08 05:31:11' WHERE id= '510';
[02/08/2024 05:31:11], [file name :-/home/otrams/public_html/beta/sight_search_list.php],INSERT INTO agent_logs SET  agent_id = '7849' , sub_agent_id = '' , sub_user_id = '0' , branch_id = '24' , ip = '43.239.53.130' , city = 'dubai' , arrival_date='2024/02/18',  departure_date='2024/02/18',  nights='1',  create_date='2024-02-08 :05:31:11',  nationality='',  additional_markup='',  selected_currency='INR',  service_type='sightseeing',  total_adult='',  total_children='',  site_id = '' ;
[02/08/2024 05:31:19], [file name :-/home/otrams/public_html/beta/sight_search_list.php],INSERT INTO xmllogs(reservation_id, type, request_path, response_path, header_path, source_type, create_date, header, session_id, agent_logs_id)
                VALUE ('', 'availability', 'v1/08_02_2024/request_availability_shiv_qtech_05_31_11_1707370271.json', 'v1/08_02_2024/response_availability_shiv_qtech_05_31_11_1707370271.json', 'v1/08_02_2024/response_header_availability_shiv_qtech_05_31_11_1707370271.json', 'viator', '2024-02-08 05:31:19', '', '', '1345');
[02/08/2024 05:31:22], [file name :-/home/otrams/public_html/beta/sight_search_list.php],UPDATE user_sessions_ip SET update_date = '2024-02-08 05:31:22' WHERE id= '510';
[02/08/2024 05:31:22], [file name :-/home/otrams/public_html/beta/ajax/ajax_categories.php],UPDATE user_sessions_ip SET update_date = '2024-02-08 05:31:22' WHERE id= '510';
[02/08/2024 05:31:32], [file name :-/home/otrams/public_html/beta/user_sight_details.php],UPDATE user_sessions_ip SET update_date = '2024-02-08 05:31:32' WHERE id= '510';
[02/08/2024 05:31:33], [file name :-/home/otrams/public_html/beta/user_sight_details.php],INSERT INTO xmllogs(reservation_id, type, request_path, response_path, header_path, source_type, create_date, header, session_id, agent_logs_id)
                VALUE ('', 'sight_details', 'v1/08_02_2024/request_sight_details_shiv_qtech_05_31_32_1707370292.json', 'v1/08_02_2024/response_sight_details_shiv_qtech_05_31_32_1707370292.json', 'v1/08_02_2024/response_header_sight_details_shiv_qtech_05_31_32_1707370292.json', 'viator', '2024-02-08 05:31:33', '', '', '1345');
[02/08/2024 05:31:33], [file name :-/home/otrams/public_html/beta/user_sight_details.php],INSERT INTO xmllogs(reservation_id, type, request_path, response_path, header_path, source_type, create_date, header, session_id, agent_logs_id)
                VALUE ('', 'sight_details', 'v1/08_02_2024/request_sight_details_shiv_qtech_05_31_33_1707370293.json', 'v1/08_02_2024/response_sight_details_shiv_qtech_05_31_33_1707370293.json', 'v1/08_02_2024/response_header_sight_details_shiv_qtech_05_31_33_1707370293.json', 'viator', '2024-02-08 05:31:33', '', '', '1345');
[02/08/2024 05:31:38], [file name :-/home/otrams/public_html/beta/user_sight_details.php],UPDATE user_sessions_ip SET update_date = '2024-02-08 05:31:38' WHERE id= '510';
[02/08/2024 05:31:38], [file name :-/home/otrams/public_html/beta/user_sight_details.php],INSERT INTO xmllogs(reservation_id, type, request_path, response_path, header_path, source_type, create_date, header, session_id, agent_logs_id)
                VALUE ('', 'check_availability', 'v1/08_02_2024/request_check_availability_shiv_qtech_05_31_38_1707370298.json', 'v1/08_02_2024/response_check_availability_shiv_qtech_05_31_38_1707370298.json', 'v1/08_02_2024/response_header_check_availability_shiv_qtech_05_31_38_1707370298.json', 'viator', '2024-02-08 05:31:38', '', '', '1345');
[02/08/2024 05:31:42], [file name :-/home/otrams/public_html/beta/book_sightseeing.php],UPDATE user_sessions_ip SET update_date = '2024-02-08 05:31:42' WHERE id= '510';
[02/08/2024 05:31:42], [file name :-/home/otrams/public_html/beta/book_sightseeing.php],INSERT INTO autogenerator_reservation (reservation_id, remote_id) VALUES ('1707370302','43.239.53.130');
[02/08/2024 05:41:11], [file name :-/home/otrams/public_html/beta/get_city_list.php],UPDATE user_sessions_ip SET update_date = '2024-02-08 05:41:11' WHERE id= '514';
[02/08/2024 05:41:23], [file name :-/home/otrams/public_html/beta/hotel_search_list.php],UPDATE user_sessions_ip SET update_date = '2024-02-08 05:41:23' WHERE id= '514';
[02/08/2024 05:41:23], [file name :-/home/otrams/public_html/beta/hotel_search_list.php],INSERT INTO agent_logs SET  agent_id = '7870' , sub_agent_id = '' , sub_user_id = '0' , branch_id = '32' , ip = '43.239.53.130' , city = 'phuket' , service_name = '' , country_of_residence = '95' , service_type = 'hotel' , arrival_date = '2024/04/24' , departure_date = '2024/04/25' , nights = '1' , nationality = '95' , room_types = '2' , room_type='[{"numberOfAdults":2}]' , available='0' , create_date = '2024-02-08 05:41:23' , site_id = '21' , country_code = '136' , city_code = '71351' , ratings = '1.0,2.0,3.0,4.0,5.0,SC' , selected_currency = 'USD' , currency_code = 'USD' , web_service = '' ;
[02/08/2024 05:41:25], [file name :-/home/otrams/public_html/beta/xml_all.php],UPDATE user_sessions_ip SET update_date = '2024-02-08 05:41:25' WHERE id= '514';
[02/08/2024 05:41:26], [file name :-/home/otrams/public_html/beta/call.php],INSERT INTO xmllogs SET
                type = 'ERROR'
                , http_hit_time = '2024-02-08 05:41:26.503'
                , total_duration = '0.012'
                , hotel_count = 0
                , source_type = 'hotelbeds'
                , create_date = '2024-02-08 05:41:26'
                , session_id = '546c5fadde319fd4dd89a6d862d17e341c8d173029e49c38c1986a6b6a9ea4af'
                , agent_logs_id = '0'
                , error_description = ''
                , memory_used = '1696440';
[02/08/2024 05:41:26], [file name :-/home/otrams/public_html/beta/call.php],INSERT INTO xmllogs SET
                type = 'ERROR'
                , http_hit_time = '2024-02-08 05:41:26.503'
                , total_duration = '0.014'
                , hotel_count = 0
                , source_type = 'hotelbeds'
                , create_date = '2024-02-08 05:41:26'
                , session_id = '546c5fadde319fd4dd89a6d862d17e341c8d173029e49c38c1986a6b6a9ea4af'
                , agent_logs_id = '0'
                , error_description = ''
                , memory_used = '1696472';
[02/08/2024 05:41:26], [file name :-/home/otrams/public_html/beta/call.php],INSERT INTO xmllogs SET
                type = 'ERROR'
                , http_hit_time = '2024-02-08 05:41:26.503'
                , total_duration = '0.015'
                , hotel_count = 0
                , source_type = 'hotelbeds'
                , create_date = '2024-02-08 05:41:26'
                , session_id = '546c5fadde319fd4dd89a6d862d17e341c8d173029e49c38c1986a6b6a9ea4af'
                , agent_logs_id = '0'
                , error_description = ''
                , memory_used = '1696472';
[02/08/2024 05:41:26], [file name :-/home/otrams/public_html/beta/call.php],INSERT INTO xmllogs SET
                type = 'ERROR'
                , http_hit_time = '2024-02-08 05:41:26.503'
                , total_duration = '0.015'
                , hotel_count = 0
                , source_type = 'hotelbeds'
                , create_date = '2024-02-08 05:41:26'
                , session_id = '546c5fadde319fd4dd89a6d862d17e341c8d173029e49c38c1986a6b6a9ea4af'
                , agent_logs_id = '0'
                , error_description = ''
                , memory_used = '1696472';
[02/08/2024 05:41:26], [file name :-/home/otrams/public_html/beta/call.php],INSERT INTO xmllogs SET
                type = 'ERROR'
                , http_hit_time = '2024-02-08 05:41:26.503'
                , total_duration = '0.015'
                , hotel_count = 0
                , source_type = 'hotelbeds'
                , create_date = '2024-02-08 05:41:26'
                , session_id = '546c5fadde319fd4dd89a6d862d17e341c8d173029e49c38c1986a6b6a9ea4af'
                , agent_logs_id = '0'
                , error_description = ''
                , memory_used = '1696472';
[02/08/2024 05:41:26], [file name :-/home/otrams/public_html/beta/call.php],INSERT INTO xmllogs SET
                type = 'ERROR'
                , http_hit_time = '2024-02-08 05:41:26.504'
                , total_duration = '0.016'
                , hotel_count = 0
                , source_type = 'hotelbeds'
                , create_date = '2024-02-08 05:41:26'
                , session_id = '546c5fadde319fd4dd89a6d862d17e341c8d173029e49c38c1986a6b6a9ea4af'
                , agent_logs_id = '0'
                , error_description = ''
                , memory_used = '1696472';
[02/08/2024 05:41:26], [file name :-/home/otrams/public_html/beta/call.php],INSERT INTO xmllogs SET
                type = 'ERROR'
                , http_hit_time = '2024-02-08 05:41:26.503'
                , total_duration = '0.016'
                , hotel_count = 0
                , source_type = 'hotelbeds'
                , create_date = '2024-02-08 05:41:26'
                , session_id = '546c5fadde319fd4dd89a6d862d17e341c8d173029e49c38c1986a6b6a9ea4af'
                , agent_logs_id = '0'
                , error_description = ''
                , memory_used = '1696472';
[02/08/2024 05:41:26], [file name :-/home/otrams/public_html/beta/call.php],INSERT INTO xmllogs SET
                type = 'ERROR'
                , http_hit_time = '2024-02-08 05:41:26.503'
                , total_duration = '0.018'
                , hotel_count = 0
                , source_type = 'hotelbeds'
                , create_date = '2024-02-08 05:41:26'
                , session_id = '546c5fadde319fd4dd89a6d862d17e341c8d173029e49c38c1986a6b6a9ea4af'
                , agent_logs_id = '0'
                , error_description = ''
                , memory_used = '1696472';
[02/08/2024 05:41:26], [file name :-/home/otrams/public_html/beta/call.php],INSERT INTO xmllogs SET
                type = 'ERROR'
                , http_hit_time = '2024-02-08 05:41:26.503'
                , total_duration = '0.019'
                , hotel_count = 0
                , source_type = 'hotelbeds'
                , create_date = '2024-02-08 05:41:26'
                , session_id = '546c5fadde319fd4dd89a6d862d17e341c8d173029e49c38c1986a6b6a9ea4af'
                , agent_logs_id = '0'
                , error_description = ''
                , memory_used = '1696568';
[02/08/2024 05:41:26], [file name :-/home/otrams/public_html/beta/call.php],INSERT INTO xmllogs SET
                type = 'ERROR'
                , http_hit_time = '2024-02-08 05:41:26.503'
                , total_duration = '0.026'
                , hotel_count = 0
                , source_type = 'hotelbeds'
                , create_date = '2024-02-08 05:41:26'
                , session_id = '546c5fadde319fd4dd89a6d862d17e341c8d173029e49c38c1986a6b6a9ea4af'
                , agent_logs_id = '0'
                , error_description = ''
                , memory_used = '1696472';
[02/08/2024 05:41:26], [file name :-/home/otrams/public_html/beta/call.php],INSERT INTO xmllogs(reservation_id, type, request_path, response_path, header_path, source_type, create_date, header, session_id, agent_logs_id)
                VALUE ('', 'availability', 'e1/08_02_2024/request_availability_hotel_yards_05_41_26_1707370886_25.json', 'e1/08_02_2024/response_availability_hotel_yards_05_41_26_1707370886_25.json', 'e1/08_02_2024/response_header_availability_hotel_yards_05_41_26_1707370886_25.json', 'expedia', '2024-02-08 05:41:26', '', '546c5fadde319fd4dd89a6d862d17e341c8d173029e49c38c1986a6b6a9ea4af', '0');
[02/08/2024 05:41:26], [file name :-/home/otrams/public_html/beta/call.php],UPDATE xmllogs SET
            hotel_count = ''
            , request_url = '/call.php?s=expedia&sessionid=546c5fadde319fd4dd89a6d862d17e341c8d173029e49c38c1986a6b6a9ea4af&xml_user_id=7867&db_caching=1&erequest=7&total_request=8&web_service=no&ip=43.239.53.130&browser=GoogleChrome%2F114.0.0.0%28linux%29&hotels_ids=&expediaRapidApi=&agent_country=95'
            , http_hit_time = '2024-02-08 05:41:26.503'
            , request_start_time = '0.000'
            , parsing_start_time = '0.000'
            , mapping_complete_time = '0.000'
            , mongo_start_time = '0.000'
            , search_end_time = '0.000'
            , total_duration = '0.333'
            , error_description = ''
            , memory_used = '1425168'
            WHERE id = '31351';
[02/08/2024 05:41:27], [file name :-/home/otrams/public_html/beta/call.php],INSERT INTO xmllogs(reservation_id, type, request_path, response_path, header_path, source_type, create_date, header, session_id, agent_logs_id)
                VALUE ('', 'availability', 'e1/08_02_2024/request_availability_hotel_yards_05_41_26_1707370886_77.json', 'e1/08_02_2024/response_availability_hotel_yards_05_41_26_1707370886_77.json', 'e1/08_02_2024/response_header_availability_hotel_yards_05_41_26_1707370886_77.json', 'expedia', '2024-02-08 05:41:27', '', '546c5fadde319fd4dd89a6d862d17e341c8d173029e49c38c1986a6b6a9ea4af', '0');
[02/08/2024 05:41:27], [file name :-/home/otrams/public_html/beta/call.php],UPDATE xmllogs SET
            hotel_count = ''
            , request_url = '/call.php?s=expedia&sessionid=546c5fadde319fd4dd89a6d862d17e341c8d173029e49c38c1986a6b6a9ea4af&xml_user_id=7867&db_caching=1&erequest=6&total_request=8&web_service=no&ip=43.239.53.130&browser=GoogleChrome%2F114.0.0.0%28linux%29&hotels_ids=&expediaRapidApi=&agent_country=95'
            , http_hit_time = '2024-02-08 05:41:26.503'
            , request_start_time = '0.000'
            , parsing_start_time = '0.000'
            , mapping_complete_time = '0.000'
            , mongo_start_time = '0.000'
            , search_end_time = '0.000'
            , total_duration = '0.702'
            , error_description = ''
            , memory_used = '5723552'
            WHERE id = '31352';
[02/08/2024 05:41:27], [file name :-/home/otrams/public_html/beta/call.php],INSERT INTO xmllogs(reservation_id, type, request_path, response_path, header_path, source_type, create_date, header, session_id, agent_logs_id)
                VALUE ('', 'availability', 'e1/08_02_2024/request_availability_hotel_yards_05_41_26_1707370886_6.json', 'e1/08_02_2024/response_availability_hotel_yards_05_41_26_1707370886_6.json', 'e1/08_02_2024/response_header_availability_hotel_yards_05_41_26_1707370886_6.json', 'expedia', '2024-02-08 05:41:27', '', '546c5fadde319fd4dd89a6d862d17e341c8d173029e49c38c1986a6b6a9ea4af', '0');
[02/08/2024 05:41:27], [file name :-/home/otrams/public_html/beta/call.php],INSERT INTO xmllogs(reservation_id, type, request_path, response_path, header_path, source_type, create_date, header, session_id, agent_logs_id)
                VALUE ('', 'availability', 'e1/08_02_2024/request_availability_hotel_yards_05_41_26_1707370886_1.json', 'e1/08_02_2024/response_availability_hotel_yards_05_41_26_1707370886_1.json', 'e1/08_02_2024/response_header_availability_hotel_yards_05_41_26_1707370886_1.json', 'expedia', '2024-02-08 05:41:27', '', '546c5fadde319fd4dd89a6d862d17e341c8d173029e49c38c1986a6b6a9ea4af', '0');
[02/08/2024 05:41:27], [file name :-/home/otrams/public_html/beta/call.php],INSERT INTO xmllogs(reservation_id, type, request_path, response_path, header_path, source_type, create_date, header, session_id, agent_logs_id)
                VALUE ('', 'availability', 'e1/08_02_2024/request_availability_hotel_yards_05_41_26_1707370886_92.json', 'e1/08_02_2024/response_availability_hotel_yards_05_41_26_1707370886_92.json', 'e1/08_02_2024/response_header_availability_hotel_yards_05_41_26_1707370886_92.json', 'expedia', '2024-02-08 05:41:27', '', '546c5fadde319fd4dd89a6d862d17e341c8d173029e49c38c1986a6b6a9ea4af', '0');
[02/08/2024 05:41:27], [file name :-/home/otrams/public_html/beta/call.php],INSERT INTO xmllogs(reservation_id, type, request_path, response_path, header_path, source_type, create_date, header, session_id, agent_logs_id)
                VALUE ('', 'availability', 'e1/08_02_2024/request_availability_hotel_yards_05_41_26_1707370886_34.json', 'e1/08_02_2024/response_availability_hotel_yards_05_41_26_1707370886_34.json', 'e1/08_02_2024/response_header_availability_hotel_yards_05_41_26_1707370886_34.json', 'expedia', '2024-02-08 05:41:27', '', '546c5fadde319fd4dd89a6d862d17e341c8d173029e49c38c1986a6b6a9ea4af', '0');
[02/08/2024 05:41:27], [file name :-/home/otrams/public_html/beta/call.php],INSERT INTO xmllogs(reservation_id, type, request_path, response_path, header_path, source_type, create_date, header, session_id, agent_logs_id)
                VALUE ('', 'availability', 'e1/08_02_2024/request_availability_hotel_yards_05_41_26_1707370886_20.json', 'e1/08_02_2024/response_availability_hotel_yards_05_41_26_1707370886_20.json', 'e1/08_02_2024/response_header_availability_hotel_yards_05_41_26_1707370886_20.json', 'expedia', '2024-02-08 05:41:27', '', '546c5fadde319fd4dd89a6d862d17e341c8d173029e49c38c1986a6b6a9ea4af', '0');
[02/08/2024 05:41:27], [file name :-/home/otrams/public_html/beta/call.php],INSERT INTO xmllogs(reservation_id, type, request_path, response_path, header_path, source_type, create_date, header, session_id, agent_logs_id)
                VALUE ('', 'availability', 'e1/08_02_2024/request_availability_hotel_yards_05_41_26_1707370886_83.json', 'e1/08_02_2024/response_availability_hotel_yards_05_41_26_1707370886_83.json', 'e1/08_02_2024/response_header_availability_hotel_yards_05_41_26_1707370886_83.json', 'expedia', '2024-02-08 05:41:27', '', '546c5fadde319fd4dd89a6d862d17e341c8d173029e49c38c1986a6b6a9ea4af', '0');
[02/08/2024 05:41:27], [file name :-/home/otrams/public_html/beta/call.php],UPDATE xmllogs SET
            hotel_count = ''
            , request_url = '/call.php?s=expedia&sessionid=546c5fadde319fd4dd89a6d862d17e341c8d173029e49c38c1986a6b6a9ea4af&xml_user_id=7867&db_caching=1&erequest=4&total_request=8&web_service=no&ip=43.239.53.130&browser=GoogleChrome%2F114.0.0.0%28linux%29&hotels_ids=&expediaRapidApi=&agent_country=95'
            , http_hit_time = '2024-02-08 05:41:26.503'
            , request_start_time = '0.000'
            , parsing_start_time = '0.000'
            , mapping_complete_time = '0.000'
            , mongo_start_time = '0.000'
            , search_end_time = '0.000'
            , total_duration = '1.305'
            , error_description = ''
            , memory_used = '38079920'
            WHERE id = '31353';
[02/08/2024 05:41:28], [file name :-/home/otrams/public_html/beta/call.php],UPDATE xmllogs SET
            hotel_count = ''
            , request_url = '/call.php?s=expedia&sessionid=546c5fadde319fd4dd89a6d862d17e341c8d173029e49c38c1986a6b6a9ea4af&xml_user_id=7867&db_caching=1&erequest=2&total_request=8&web_service=no&ip=43.239.53.130&browser=GoogleChrome%2F114.0.0.0%28linux%29&hotels_ids=&expediaRapidApi=&agent_country=95'
            , http_hit_time = '2024-02-08 05:41:26.503'
            , request_start_time = '0.000'
            , parsing_start_time = '0.000'
            , mapping_complete_time = '0.000'
            , mongo_start_time = '0.000'
            , search_end_time = '0.000'
            , total_duration = '1.529'
            , error_description = ''
            , memory_used = '46852728'
            WHERE id = '31354';
[02/08/2024 05:41:28], [file name :-/home/otrams/public_html/beta/call.php],UPDATE xmllogs SET
            hotel_count = ''
            , request_url = '/call.php?s=expedia&sessionid=546c5fadde319fd4dd89a6d862d17e341c8d173029e49c38c1986a6b6a9ea4af&xml_user_id=7867&db_caching=1&erequest=0&total_request=8&web_service=no&ip=43.239.53.130&browser=GoogleChrome%2F114.0.0.0%28linux%29&hotels_ids=&expediaRapidApi=&agent_country=95'
            , http_hit_time = '2024-02-08 05:41:26.503'
            , request_start_time = '0.000'
            , parsing_start_time = '0.000'
            , mapping_complete_time = '0.000'
            , mongo_start_time = '0.000'
            , search_end_time = '0.000'
            , total_duration = '1.577'
            , error_description = ''
            , memory_used = '50662688'
            WHERE id = '31355';
[02/08/2024 05:41:28], [file name :-/home/otrams/public_html/beta/call.php],UPDATE xmllogs SET
            hotel_count = ''
            , request_url = '/call.php?s=expedia&sessionid=546c5fadde319fd4dd89a6d862d17e341c8d173029e49c38c1986a6b6a9ea4af&xml_user_id=7867&db_caching=1&erequest=1&total_request=8&web_service=no&ip=43.239.53.130&browser=GoogleChrome%2F114.0.0.0%28linux%29&hotels_ids=&expediaRapidApi=&agent_country=95'
            , http_hit_time = '2024-02-08 05:41:26.503'
            , request_start_time = '0.000'
            , parsing_start_time = '0.000'
            , mapping_complete_time = '0.000'
            , mongo_start_time = '0.000'
            , search_end_time = '0.000'
            , total_duration = '1.658'
            , error_description = ''
            , memory_used = '47647104'
            WHERE id = '31357';
[02/08/2024 05:41:28], [file name :-/home/otrams/public_html/beta/call.php],UPDATE xmllogs SET
            hotel_count = ''
            , request_url = '/call.php?s=expedia&sessionid=546c5fadde319fd4dd89a6d862d17e341c8d173029e49c38c1986a6b6a9ea4af&xml_user_id=7867&db_caching=1&erequest=5&total_request=8&web_service=no&ip=43.239.53.130&browser=GoogleChrome%2F114.0.0.0%28linux%29&hotels_ids=&expediaRapidApi=&agent_country=95'
            , http_hit_time = '2024-02-08 05:41:26.503'
            , request_start_time = '0.000'
            , parsing_start_time = '0.000'
            , mapping_complete_time = '0.000'
            , mongo_start_time = '0.000'
            , search_end_time = '0.000'
            , total_duration = '1.727'
            , error_description = ''
            , memory_used = '53457952'
            WHERE id = '31358';
[02/08/2024 05:41:28], [file name :-/home/otrams/public_html/beta/call.php],UPDATE xmllogs SET
            hotel_count = ''
            , request_url = '/call.php?s=expedia&sessionid=546c5fadde319fd4dd89a6d862d17e341c8d173029e49c38c1986a6b6a9ea4af&xml_user_id=7867&db_caching=1&erequest=3&total_request=8&web_service=no&ip=43.239.53.130&browser=GoogleChrome%2F114.0.0.0%28linux%29&hotels_ids=&expediaRapidApi=&agent_country=95'
            , http_hit_time = '2024-02-08 05:41:26.503'
            , request_start_time = '0.000'
            , parsing_start_time = '0.000'
            , mapping_complete_time = '0.000'
            , mongo_start_time = '0.000'
            , search_end_time = '0.000'
            , total_duration = '1.961'
            , error_description = ''
            , memory_used = '60496664'
            WHERE id = '31356';
[02/08/2024 05:41:29], [file name :-/home/otrams/public_html/beta/m1_hotel_search_listing.php],UPDATE user_sessions_ip SET update_date = '2024-02-08 05:41:29' WHERE id= '514';
[02/08/2024 05:41:51], [file name :-/home/otrams/public_html/beta/get_city_list.php],UPDATE user_sessions_ip SET update_date = '2024-02-08 05:41:51' WHERE id= '515';
[02/08/2024 05:41:58], [file name :-/home/otrams/public_html/beta/hotel_search_list.php],UPDATE user_sessions_ip SET update_date = '2024-02-08 05:41:58' WHERE id= '515';
[02/08/2024 05:41:58], [file name :-/home/otrams/public_html/beta/hotel_search_list.php],INSERT INTO agent_logs SET  agent_id = '7866' , sub_agent_id = '' , sub_user_id = '0' , branch_id = '31' , ip = '43.239.53.130' , city = 'phuket' , service_name = '' , country_of_residence = '138' , service_type = 'hotel' , arrival_date = '2024/04/23' , departure_date = '2024/04/24' , nights = '1' , nationality = '138' , room_types = '2' , room_type='[{"numberOfAdults":2}]' , available='0' , create_date = '2024-02-08 05:41:58' , site_id = '20' , country_code = '136' , city_code = '71351' , ratings = '1.0,2.0,3.0,4.0,5.0,SC' , selected_currency = 'USD' , currency_code = 'USD' , web_service = '' ;
[02/08/2024 05:41:58], [file name :-/home/otrams/public_html/beta/xml_all.php],UPDATE user_sessions_ip SET update_date = '2024-02-08 05:41:58' WHERE id= '515';
[02/08/2024 05:41:59], [file name :-/home/otrams/public_html/beta/call.php],INSERT INTO xmllogs(reservation_id, type, request_path, response_path, header_path, source_type, create_date, header, session_id, agent_logs_id)
                VALUE ('', 'availability', 'e1/08_02_2024/request_availability_Baysan_Tourism_wh_05_41_59_1707370919_53.json', 'e1/08_02_2024/response_availability_Baysan_Tourism_wh_05_41_59_1707370919_53.json', 'e1/08_02_2024/response_header_availability_Baysan_Tourism_wh_05_41_59_1707370919_53.json', 'expedia', '2024-02-08 05:41:59', '', '3443ea32a1165a7c65c5e58fccdece1f2e325225659d76641cf9a9a25f38b254', '0');
[02/08/2024 05:41:59], [file name :-/home/otrams/public_html/beta/call.php],INSERT INTO xmllogs(reservation_id, type, request_path, response_path, header_path, source_type, create_date, header, session_id, agent_logs_id)
                VALUE ('', 'availability', 'e1p/08_02_2024/request_availability_Baysan_Tourism_wh_05_41_59_1707370919_58.json', 'e1p/08_02_2024/response_availability_Baysan_Tourism_wh_05_41_59_1707370919_58.json', 'e1p/08_02_2024/response_header_availability_Baysan_Tourism_wh_05_41_59_1707370919_58.json', 'expediapackage', '2024-02-08 05:41:59', '', '3443ea32a1165a7c65c5e58fccdece1f2e325225659d76641cf9a9a25f38b254', '0');
[02/08/2024 05:41:59], [file name :-/home/otrams/public_html/beta/call.php],UPDATE xmllogs SET
            hotel_count = ''
            , request_url = '/call.php?s=expedia&sessionid=3443ea32a1165a7c65c5e58fccdece1f2e325225659d76641cf9a9a25f38b254&xml_user_id=7863&db_caching=1&erequest=7&total_request=8&web_service=no&ip=43.239.53.130&browser=GoogleChrome%2F114.0.0.0%28linux%29&hotels_ids=&expediaRapidApi=&agent_country=138'
            , http_hit_time = '2024-02-08 05:41:59.285'
            , request_start_time = '0.000'
            , parsing_start_time = '0.000'
            , mapping_complete_time = '0.000'
            , mongo_start_time = '0.000'
            , search_end_time = '0.000'
            , total_duration = '0.427'
            , error_description = ''
            , memory_used = '1435888'
            WHERE id = '31359';
[02/08/2024 05:41:59], [file name :-/home/otrams/public_html/beta/call.php],UPDATE xmllogs SET
            hotel_count = ''
            , request_url = '/call.php?s=expediapackage&sessionid=3443ea32a1165a7c65c5e58fccdece1f2e325225659d76641cf9a9a25f38b254&xml_user_id=7863&db_caching=1&erequest=7&total_request=8&web_service=no&ip=43.239.53.130&browser=GoogleChrome%2F114.0.0.0%28linux%29&hotels_ids=&expediaRapidApi=&agent_country=138'
            , http_hit_time = '2024-02-08 05:41:59.285'
            , request_start_time = '0.000'
            , parsing_start_time = '0.000'
            , mapping_complete_time = '0.000'
            , mongo_start_time = '0.000'
            , search_end_time = '0.000'
            , total_duration = '0.429'
            , error_description = ''
            , memory_used = '1436784'
            WHERE id = '31360';
[02/08/2024 05:41:59], [file name :-/home/otrams/public_html/beta/call.php],INSERT INTO xmllogs(reservation_id, type, request_path, response_path, header_path, source_type, create_date, header, session_id, agent_logs_id)
                VALUE ('', 'availability', 'e1/08_02_2024/request_availability_Baysan_Tourism_wh_05_41_59_1707370919_35.json', 'e1/08_02_2024/response_availability_Baysan_Tourism_wh_05_41_59_1707370919_35.json', 'e1/08_02_2024/response_header_availability_Baysan_Tourism_wh_05_41_59_1707370919_35.json', 'expedia', '2024-02-08 05:41:59', '', '3443ea32a1165a7c65c5e58fccdece1f2e325225659d76641cf9a9a25f38b254', '0');
[02/08/2024 05:41:59], [file name :-/home/otrams/public_html/beta/call.php],UPDATE xmllogs SET
            hotel_count = ''
            , request_url = '/call.php?s=expedia&sessionid=3443ea32a1165a7c65c5e58fccdece1f2e325225659d76641cf9a9a25f38b254&xml_user_id=7863&db_caching=1&erequest=6&total_request=8&web_service=no&ip=43.239.53.130&browser=GoogleChrome%2F114.0.0.0%28linux%29&hotels_ids=&expediaRapidApi=&agent_country=138'
            , http_hit_time = '2024-02-08 05:41:59.286'
            , request_start_time = '0.000'
            , parsing_start_time = '0.000'
            , mapping_complete_time = '0.000'
            , mongo_start_time = '0.000'
            , search_end_time = '0.000'
            , total_duration = '0.595'
            , error_description = ''
            , memory_used = '5888048'
            WHERE id = '31361';
[02/08/2024 05:42:00], [file name :-/home/otrams/public_html/beta/call.php],INSERT INTO xmllogs(reservation_id, type, request_path, response_path, header_path, source_type, create_date, header, session_id, agent_logs_id)
                VALUE ('', 'availability', 'e1/08_02_2024/request_availability_Baysan_Tourism_wh_05_41_59_1707370919_81.json', 'e1/08_02_2024/response_availability_Baysan_Tourism_wh_05_41_59_1707370919_81.json', 'e1/08_02_2024/response_header_availability_Baysan_Tourism_wh_05_41_59_1707370919_81.json', 'expedia', '2024-02-08 05:42:00', '', '3443ea32a1165a7c65c5e58fccdece1f2e325225659d76641cf9a9a25f38b254', '0');
[02/08/2024 05:42:00], [file name :-/home/otrams/public_html/beta/call.php],INSERT INTO xmllogs(reservation_id, type, request_path, response_path, header_path, source_type, create_date, header, session_id, agent_logs_id)
                VALUE ('', 'availability', 'e1/08_02_2024/request_availability_Baysan_Tourism_wh_05_41_59_1707370919_45.json', 'e1/08_02_2024/response_availability_Baysan_Tourism_wh_05_41_59_1707370919_45.json', 'e1/08_02_2024/response_header_availability_Baysan_Tourism_wh_05_41_59_1707370919_45.json', 'expedia', '2024-02-08 05:42:00', '', '3443ea32a1165a7c65c5e58fccdece1f2e325225659d76641cf9a9a25f38b254', '0');
[02/08/2024 05:42:00], [file name :-/home/otrams/public_html/beta/call.php],INSERT INTO xmllogs(reservation_id, type, request_path, response_path, header_path, source_type, create_date, header, session_id, agent_logs_id)
                VALUE ('', 'availability', 'e1/08_02_2024/request_availability_Baysan_Tourism_wh_05_41_59_1707370919_85.json', 'e1/08_02_2024/response_availability_Baysan_Tourism_wh_05_41_59_1707370919_85.json', 'e1/08_02_2024/response_header_availability_Baysan_Tourism_wh_05_41_59_1707370919_85.json', 'expedia', '2024-02-08 05:42:00', '', '3443ea32a1165a7c65c5e58fccdece1f2e325225659d76641cf9a9a25f38b254', '0');
[02/08/2024 05:42:00], [file name :-/home/otrams/public_html/beta/call.php],INSERT INTO xmllogs(reservation_id, type, request_path, response_path, header_path, source_type, create_date, header, session_id, agent_logs_id)
                VALUE ('', 'availability', 'e1/08_02_2024/request_availability_Baysan_Tourism_wh_05_41_59_1707370919_63.json', 'e1/08_02_2024/response_availability_Baysan_Tourism_wh_05_41_59_1707370919_63.json', 'e1/08_02_2024/response_header_availability_Baysan_Tourism_wh_05_41_59_1707370919_63.json', 'expedia', '2024-02-08 05:42:00', '', '3443ea32a1165a7c65c5e58fccdece1f2e325225659d76641cf9a9a25f38b254', '0');
[02/08/2024 05:42:00], [file name :-/home/otrams/public_html/beta/call.php],UPDATE xmllogs SET
            hotel_count = ''
            , request_url = '/call.php?s=expedia&sessionid=3443ea32a1165a7c65c5e58fccdece1f2e325225659d76641cf9a9a25f38b254&xml_user_id=7863&db_caching=1&erequest=4&total_request=8&web_service=no&ip=43.239.53.130&browser=GoogleChrome%2F114.0.0.0%28linux%29&hotels_ids=&expediaRapidApi=&agent_country=138'
            , http_hit_time = '2024-02-08 05:41:59.286'
            , request_start_time = '0.000'
            , parsing_start_time = '0.000'
            , mapping_complete_time = '0.000'
            , mongo_start_time = '0.000'
            , search_end_time = '0.000'
            , total_duration = '1.194'
            , error_description = ''
            , memory_used = '38413784'
            WHERE id = '31362';
[02/08/2024 05:42:00], [file name :-/home/otrams/public_html/beta/call.php],INSERT INTO xmllogs(reservation_id, type, request_path, response_path, header_path, source_type, create_date, header, session_id, agent_logs_id)
                VALUE ('', 'availability', 'e1/08_02_2024/request_availability_Baysan_Tourism_wh_05_41_59_1707370919_12.json', 'e1/08_02_2024/response_availability_Baysan_Tourism_wh_05_41_59_1707370919_12.json', 'e1/08_02_2024/response_header_availability_Baysan_Tourism_wh_05_41_59_1707370919_12.json', 'expedia', '2024-02-08 05:42:00', '', '3443ea32a1165a7c65c5e58fccdece1f2e325225659d76641cf9a9a25f38b254', '0');
[02/08/2024 05:42:00], [file name :-/home/otrams/public_html/beta/call.php],INSERT INTO xmllogs(reservation_id, type, request_path, response_path, header_path, source_type, create_date, header, session_id, agent_logs_id)
                VALUE ('', 'availability', 'e1p/08_02_2024/request_availability_Baysan_Tourism_wh_05_41_59_1707370919_15.json', 'e1p/08_02_2024/response_availability_Baysan_Tourism_wh_05_41_59_1707370919_15.json', 'e1p/08_02_2024/response_header_availability_Baysan_Tourism_wh_05_41_59_1707370919_15.json', 'expediapackage', '2024-02-08 05:42:00', '', '3443ea32a1165a7c65c5e58fccdece1f2e325225659d76641cf9a9a25f38b254', '0');
[02/08/2024 05:42:00], [file name :-/home/otrams/public_html/beta/call.php],UPDATE xmllogs SET
            hotel_count = ''
            , request_url = '/call.php?s=expediapackage&sessionid=3443ea32a1165a7c65c5e58fccdece1f2e325225659d76641cf9a9a25f38b254&xml_user_id=7863&db_caching=1&erequest=6&total_request=8&web_service=no&ip=43.239.53.130&browser=GoogleChrome%2F114.0.0.0%28linux%29&hotels_ids=&expediaRapidApi=&agent_country=138'
            , http_hit_time = '2024-02-08 05:41:59.285'
            , request_start_time = '0.000'
            , parsing_start_time = '0.000'
            , mapping_complete_time = '0.000'
            , mongo_start_time = '0.000'
            , search_end_time = '0.000'
            , total_duration = '1.333'
            , error_description = ''
            , memory_used = '7160392'
            WHERE id = '31367';
[02/08/2024 05:42:00], [file name :-/home/otrams/public_html/beta/call.php],UPDATE xmllogs SET
            hotel_count = ''
            , request_url = '/call.php?s=expedia&sessionid=3443ea32a1165a7c65c5e58fccdece1f2e325225659d76641cf9a9a25f38b254&xml_user_id=7863&db_caching=1&erequest=1&total_request=8&web_service=no&ip=43.239.53.130&browser=GoogleChrome%2F114.0.0.0%28linux%29&hotels_ids=&expediaRapidApi=&agent_country=138'
            , http_hit_time = '2024-02-08 05:41:59.285'
            , request_start_time = '0.000'
            , parsing_start_time = '0.000'
            , mapping_complete_time = '0.000'
            , mongo_start_time = '0.000'
            , search_end_time = '0.000'
            , total_duration = '1.342'
            , error_description = ''
            , memory_used = '47304448'
            WHERE id = '31363';
[02/08/2024 05:42:00], [file name :-/home/otrams/public_html/beta/call.php],UPDATE xmllogs SET
            hotel_count = ''
            , request_url = '/call.php?s=expedia&sessionid=3443ea32a1165a7c65c5e58fccdece1f2e325225659d76641cf9a9a25f38b254&xml_user_id=7863&db_caching=1&erequest=0&total_request=8&web_service=no&ip=43.239.53.130&browser=GoogleChrome%2F114.0.0.0%28linux%29&hotels_ids=&expediaRapidApi=&agent_country=138'
            , http_hit_time = '2024-02-08 05:41:59.285'
            , request_start_time = '0.000'
            , parsing_start_time = '0.000'
            , mapping_complete_time = '0.000'
            , mongo_start_time = '0.000'
            , search_end_time = '0.000'
            , total_duration = '1.410'
            , error_description = ''
            , memory_used = '50116488'
            WHERE id = '31364';
[02/08/2024 05:42:00], [file name :-/home/otrams/public_html/beta/call.php],INSERT INTO xmllogs(reservation_id, type, request_path, response_path, header_path, source_type, create_date, header, session_id, agent_logs_id)
                VALUE ('', 'availability', 'e1/08_02_2024/request_availability_Baysan_Tourism_wh_05_41_59_1707370919_39.json', 'e1/08_02_2024/response_availability_Baysan_Tourism_wh_05_41_59_1707370919_39.json', 'e1/08_02_2024/response_header_availability_Baysan_Tourism_wh_05_41_59_1707370919_39.json', 'expedia', '2024-02-08 05:42:00', '', '3443ea32a1165a7c65c5e58fccdece1f2e325225659d76641cf9a9a25f38b254', '0');
[02/08/2024 05:42:00], [file name :-/home/otrams/public_html/beta/call.php],UPDATE xmllogs SET
            hotel_count = ''
            , request_url = '/call.php?s=expedia&sessionid=3443ea32a1165a7c65c5e58fccdece1f2e325225659d76641cf9a9a25f38b254&xml_user_id=7863&db_caching=1&erequest=5&total_request=8&web_service=no&ip=43.239.53.130&browser=GoogleChrome%2F114.0.0.0%28linux%29&hotels_ids=&expediaRapidApi=&agent_country=138'
            , http_hit_time = '2024-02-08 05:41:59.286'
            , request_start_time = '0.000'
            , parsing_start_time = '0.000'
            , mapping_complete_time = '0.000'
            , mongo_start_time = '0.000'
            , search_end_time = '0.000'
            , total_duration = '1.615'
            , error_description = ''
            , memory_used = '53104560'
            WHERE id = '31365';
[02/08/2024 05:42:01], [file name :-/home/otrams/public_html/beta/call.php],UPDATE xmllogs SET
            hotel_count = ''
            , request_url = '/call.php?s=expedia&sessionid=3443ea32a1165a7c65c5e58fccdece1f2e325225659d76641cf9a9a25f38b254&xml_user_id=7863&db_caching=1&erequest=3&total_request=8&web_service=no&ip=43.239.53.130&browser=GoogleChrome%2F114.0.0.0%28linux%29&hotels_ids=&expediaRapidApi=&agent_country=138'
            , http_hit_time = '2024-02-08 05:41:59.286'
            , request_start_time = '0.000'
            , parsing_start_time = '0.000'
            , mapping_complete_time = '0.000'
            , mongo_start_time = '0.000'
            , search_end_time = '0.000'
            , total_duration = '1.778'
            , error_description = ''
            , memory_used = '60042752'
            WHERE id = '31366';
[02/08/2024 05:42:01], [file name :-/home/otrams/public_html/beta/call.php],INSERT INTO xmllogs(reservation_id, type, request_path, response_path, header_path, source_type, create_date, header, session_id, agent_logs_id)
                VALUE ('', 'availability', 'e1p/08_02_2024/request_availability_Baysan_Tourism_wh_05_41_59_1707370919_63.json', 'e1p/08_02_2024/response_availability_Baysan_Tourism_wh_05_41_59_1707370919_63.json', 'e1p/08_02_2024/response_header_availability_Baysan_Tourism_wh_05_41_59_1707370919_63.json', 'expediapackage', '2024-02-08 05:42:01', '', '3443ea32a1165a7c65c5e58fccdece1f2e325225659d76641cf9a9a25f38b254', '0');
[02/08/2024 05:42:01], [file name :-/home/otrams/public_html/beta/call.php],UPDATE xmllogs SET
            hotel_count = ''
            , request_url = '/call.php?s=expedia&sessionid=3443ea32a1165a7c65c5e58fccdece1f2e325225659d76641cf9a9a25f38b254&xml_user_id=7863&db_caching=1&erequest=2&total_request=8&web_service=no&ip=43.239.53.130&browser=GoogleChrome%2F114.0.0.0%28linux%29&hotels_ids=&expediaRapidApi=&agent_country=138'
            , http_hit_time = '2024-02-08 05:41:59.285'
            , request_start_time = '0.000'
            , parsing_start_time = '0.000'
            , mapping_complete_time = '0.000'
            , mongo_start_time = '0.000'
            , search_end_time = '0.000'
            , total_duration = '1.897'
            , error_description = ''
            , memory_used = '47246688'
            WHERE id = '31368';
[02/08/2024 05:42:01], [file name :-/home/otrams/public_html/beta/call.php],INSERT INTO xmllogs(reservation_id, type, request_path, response_path, header_path, source_type, create_date, header, session_id, agent_logs_id)
                VALUE ('', 'availability', 'e1p/08_02_2024/request_availability_Baysan_Tourism_wh_05_41_59_1707370919_81.json', 'e1p/08_02_2024/response_availability_Baysan_Tourism_wh_05_41_59_1707370919_81.json', 'e1p/08_02_2024/response_header_availability_Baysan_Tourism_wh_05_41_59_1707370919_81.json', 'expediapackage', '2024-02-08 05:42:01', '', '3443ea32a1165a7c65c5e58fccdece1f2e325225659d76641cf9a9a25f38b254', '0');
[02/08/2024 05:42:01], [file name :-/home/otrams/public_html/beta/call.php],INSERT INTO xmllogs(reservation_id, type, request_path, response_path, header_path, source_type, create_date, header, session_id, agent_logs_id)
                VALUE ('', 'availability', 'e1p/08_02_2024/request_availability_Baysan_Tourism_wh_05_41_59_1707370919_82.json', 'e1p/08_02_2024/response_availability_Baysan_Tourism_wh_05_41_59_1707370919_82.json', 'e1p/08_02_2024/response_header_availability_Baysan_Tourism_wh_05_41_59_1707370919_82.json', 'expediapackage', '2024-02-08 05:42:01', '', '3443ea32a1165a7c65c5e58fccdece1f2e325225659d76641cf9a9a25f38b254', '0');
[02/08/2024 05:42:01], [file name :-/home/otrams/public_html/beta/call.php],INSERT INTO xmllogs(reservation_id, type, request_path, response_path, header_path, source_type, create_date, header, session_id, agent_logs_id)
                VALUE ('', 'availability', 'e1p/08_02_2024/request_availability_Baysan_Tourism_wh_05_41_59_1707370919_57.json', 'e1p/08_02_2024/response_availability_Baysan_Tourism_wh_05_41_59_1707370919_57.json', 'e1p/08_02_2024/response_header_availability_Baysan_Tourism_wh_05_41_59_1707370919_57.json', 'expediapackage', '2024-02-08 05:42:01', '', '3443ea32a1165a7c65c5e58fccdece1f2e325225659d76641cf9a9a25f38b254', '0');
[02/08/2024 05:42:01], [file name :-/home/otrams/public_html/beta/call.php],INSERT INTO xmllogs(reservation_id, type, request_path, response_path, header_path, source_type, create_date, header, session_id, agent_logs_id)
                VALUE ('', 'availability', 'e1p/08_02_2024/request_availability_Baysan_Tourism_wh_05_41_59_1707370919_2.json', 'e1p/08_02_2024/response_availability_Baysan_Tourism_wh_05_41_59_1707370919_2.json', 'e1p/08_02_2024/response_header_availability_Baysan_Tourism_wh_05_41_59_1707370919_2.json', 'expediapackage', '2024-02-08 05:42:01', '', '3443ea32a1165a7c65c5e58fccdece1f2e325225659d76641cf9a9a25f38b254', '0');
[02/08/2024 05:42:01], [file name :-/home/otrams/public_html/beta/call.php],UPDATE xmllogs SET
            hotel_count = ''
            , request_url = '/call.php?s=expediapackage&sessionid=3443ea32a1165a7c65c5e58fccdece1f2e325225659d76641cf9a9a25f38b254&xml_user_id=7863&db_caching=1&erequest=1&total_request=8&web_service=no&ip=43.239.53.130&browser=GoogleChrome%2F114.0.0.0%28linux%29&hotels_ids=&expediaRapidApi=&agent_country=138'
            , http_hit_time = '2024-02-08 05:41:59.285'
            , request_start_time = '0.000'
            , parsing_start_time = '0.000'
            , mapping_complete_time = '0.000'
            , mongo_start_time = '0.000'
            , search_end_time = '0.000'
            , total_duration = '2.320'
            , error_description = ''
            , memory_used = '53482664'
            WHERE id = '31369';
[02/08/2024 05:42:01], [file name :-/home/otrams/public_html/beta/call.php],INSERT INTO xmllogs(reservation_id, type, request_path, response_path, header_path, source_type, create_date, header, session_id, agent_logs_id)
                VALUE ('', 'availability', 'e1p/08_02_2024/request_availability_Baysan_Tourism_wh_05_41_59_1707370919_26.json', 'e1p/08_02_2024/response_availability_Baysan_Tourism_wh_05_41_59_1707370919_26.json', 'e1p/08_02_2024/response_header_availability_Baysan_Tourism_wh_05_41_59_1707370919_26.json', 'expediapackage', '2024-02-08 05:42:01', '', '3443ea32a1165a7c65c5e58fccdece1f2e325225659d76641cf9a9a25f38b254', '0');
[02/08/2024 05:42:01], [file name :-/home/otrams/public_html/beta/call.php],UPDATE xmllogs SET
            hotel_count = ''
            , request_url = '/call.php?s=expediapackage&sessionid=3443ea32a1165a7c65c5e58fccdece1f2e325225659d76641cf9a9a25f38b254&xml_user_id=7863&db_caching=1&erequest=4&total_request=8&web_service=no&ip=43.239.53.130&browser=GoogleChrome%2F114.0.0.0%28linux%29&hotels_ids=&expediaRapidApi=&agent_country=138'
            , http_hit_time = '2024-02-08 05:41:59.286'
            , request_start_time = '0.000'
            , parsing_start_time = '0.000'
            , mapping_complete_time = '0.000'
            , mongo_start_time = '0.000'
            , search_end_time = '0.000'
            , total_duration = '2.506'
            , error_description = ''
            , memory_used = '45765520'
            WHERE id = '31370';
[02/08/2024 05:42:01], [file name :-/home/otrams/public_html/beta/call.php],UPDATE xmllogs SET
            hotel_count = ''
            , request_url = '/call.php?s=expediapackage&sessionid=3443ea32a1165a7c65c5e58fccdece1f2e325225659d76641cf9a9a25f38b254&xml_user_id=7863&db_caching=1&erequest=0&total_request=8&web_service=no&ip=43.239.53.130&browser=GoogleChrome%2F114.0.0.0%28linux%29&hotels_ids=&expediaRapidApi=&agent_country=138'
            , http_hit_time = '2024-02-08 05:41:59.285'
            , request_start_time = '0.000'
            , parsing_start_time = '0.000'
            , mapping_complete_time = '0.000'
            , mongo_start_time = '0.000'
            , search_end_time = '0.000'
            , total_duration = '2.514'
            , error_description = ''
            , memory_used = '54199248'
            WHERE id = '31371';
[02/08/2024 05:42:01], [file name :-/home/otrams/public_html/beta/call.php],UPDATE xmllogs SET
            hotel_count = ''
            , request_url = '/call.php?s=expediapackage&sessionid=3443ea32a1165a7c65c5e58fccdece1f2e325225659d76641cf9a9a25f38b254&xml_user_id=7863&db_caching=1&erequest=2&total_request=8&web_service=no&ip=43.239.53.130&browser=GoogleChrome%2F114.0.0.0%28linux%29&hotels_ids=&expediaRapidApi=&agent_country=138'
            , http_hit_time = '2024-02-08 05:41:59.286'
            , request_start_time = '0.000'
            , parsing_start_time = '0.000'
            , mapping_complete_time = '0.000'
            , mongo_start_time = '0.000'
            , search_end_time = '0.000'
            , total_duration = '2.679'
            , error_description = ''
            , memory_used = '53036096'
            WHERE id = '31372';
[02/08/2024 05:42:02], [file name :-/home/otrams/public_html/beta/call.php],UPDATE xmllogs SET
            hotel_count = ''
            , request_url = '/call.php?s=expediapackage&sessionid=3443ea32a1165a7c65c5e58fccdece1f2e325225659d76641cf9a9a25f38b254&xml_user_id=7863&db_caching=1&erequest=3&total_request=8&web_service=no&ip=43.239.53.130&browser=GoogleChrome%2F114.0.0.0%28linux%29&hotels_ids=&expediaRapidApi=&agent_country=138'
            , http_hit_time = '2024-02-08 05:41:59.286'
            , request_start_time = '0.000'
            , parsing_start_time = '0.000'
            , mapping_complete_time = '0.000'
            , mongo_start_time = '0.000'
            , search_end_time = '0.000'
            , total_duration = '2.892'
            , error_description = ''
            , memory_used = '70585248'
            WHERE id = '31373';
[02/08/2024 05:42:02], [file name :-/home/otrams/public_html/beta/call.php],UPDATE xmllogs SET
            hotel_count = ''
            , request_url = '/call.php?s=expediapackage&sessionid=3443ea32a1165a7c65c5e58fccdece1f2e325225659d76641cf9a9a25f38b254&xml_user_id=7863&db_caching=1&erequest=5&total_request=8&web_service=no&ip=43.239.53.130&browser=GoogleChrome%2F114.0.0.0%28linux%29&hotels_ids=&expediaRapidApi=&agent_country=138'
            , http_hit_time = '2024-02-08 05:41:59.286'
            , request_start_time = '0.000'
            , parsing_start_time = '0.000'
            , mapping_complete_time = '0.000'
            , mongo_start_time = '0.000'
            , search_end_time = '0.000'
            , total_duration = '2.947'
            , error_description = ''
            , memory_used = '58650208'
            WHERE id = '31374';
[02/08/2024 05:42:03], [file name :-/home/otrams/public_html/beta/m1_hotel_search_listing.php],UPDATE user_sessions_ip SET update_date = '2024-02-08 05:42:03' WHERE id= '515';
[02/08/2024 05:42:04], [file name :-/home/otrams/public_html/beta/ajax/manualKeepAlive.php],UPDATE user_sessions_ip SET update_date = '2024-02-08 05:42:04' WHERE id= '515';
[02/08/2024 05:42:17], [file name :-/home/otrams/public_html/beta/hotel_search_list.php],UPDATE user_sessions_ip SET update_date = '2024-02-08 05:42:17' WHERE id= '514';
[02/08/2024 05:42:17], [file name :-/home/otrams/public_html/beta/hotel_search_list.php],INSERT INTO agent_logs SET  agent_id = '7870' , sub_agent_id = '' , sub_user_id = '0' , branch_id = '32' , ip = '43.239.53.130' , city = 'phuket' , service_name = '' , country_of_residence = '106' , service_type = 'hotel' , arrival_date = '2024/04/24' , departure_date = '2024/04/25' , nights = '1' , nationality = '95' , room_types = '2' , room_type='[{"numberOfAdults":2}]' , available='0' , create_date = '2024-02-08 05:42:17' , site_id = '21' , country_code = '136' , city_code = '71351' , ratings = '1.0,2.0,3.0,4.0,5.0' , selected_currency = 'USD' , currency_code = 'USD' , web_service = '' ;
[02/08/2024 05:42:17], [file name :-/home/otrams/public_html/beta/xml_all.php],UPDATE user_sessions_ip SET update_date = '2024-02-08 05:42:17' WHERE id= '514';
[02/08/2024 05:42:18], [file name :-/home/otrams/public_html/beta/call.php],INSERT INTO xmllogs SET
                type = 'ERROR'
                , http_hit_time = '2024-02-08 05:42:18.208'
                , total_duration = '0.016'
                , hotel_count = 0
                , source_type = 'hotelbeds'
                , create_date = '2024-02-08 05:42:18'
                , session_id = '546c5fadde319fd4dd89a6d862d17e341c8d173029e49c38c1986a6b6a9ea4af'
                , agent_logs_id = '0'
                , error_description = ''
                , memory_used = '1696384';
[02/08/2024 05:42:18], [file name :-/home/otrams/public_html/beta/call.php],INSERT INTO xmllogs SET
                type = 'ERROR'
                , http_hit_time = '2024-02-08 05:42:18.208'
                , total_duration = '0.016'
                , hotel_count = 0
                , source_type = 'hotelbeds'
                , create_date = '2024-02-08 05:42:18'
                , session_id = '546c5fadde319fd4dd89a6d862d17e341c8d173029e49c38c1986a6b6a9ea4af'
                , agent_logs_id = '0'
                , error_description = ''
                , memory_used = '1696384';
[02/08/2024 05:42:18], [file name :-/home/otrams/public_html/beta/call.php],INSERT INTO xmllogs SET
                type = 'ERROR'
                , http_hit_time = '2024-02-08 05:42:18.209'
                , total_duration = '0.018'
                , hotel_count = 0
                , source_type = 'hotelbeds'
                , create_date = '2024-02-08 05:42:18'
                , session_id = '546c5fadde319fd4dd89a6d862d17e341c8d173029e49c38c1986a6b6a9ea4af'
                , agent_logs_id = '0'
                , error_description = ''
                , memory_used = '1696352';
[02/08/2024 05:42:18], [file name :-/home/otrams/public_html/beta/call.php],INSERT INTO xmllogs SET
                type = 'ERROR'
                , http_hit_time = '2024-02-08 05:42:18.208'
                , total_duration = '0.018'
                , hotel_count = 0
                , source_type = 'hotelbeds'
                , create_date = '2024-02-08 05:42:18'
                , session_id = '546c5fadde319fd4dd89a6d862d17e341c8d173029e49c38c1986a6b6a9ea4af'
                , agent_logs_id = '0'
                , error_description = ''
                , memory_used = '1696384';
[02/08/2024 05:42:18], [file name :-/home/otrams/public_html/beta/call.php],INSERT INTO xmllogs SET
                type = 'ERROR'
                , http_hit_time = '2024-02-08 05:42:18.209'
                , total_duration = '0.019'
                , hotel_count = 0
                , source_type = 'hotelbeds'
                , create_date = '2024-02-08 05:42:18'
                , session_id = '546c5fadde319fd4dd89a6d862d17e341c8d173029e49c38c1986a6b6a9ea4af'
                , agent_logs_id = '0'
                , error_description = ''
                , memory_used = '1696384';
[02/08/2024 05:42:18], [file name :-/home/otrams/public_html/beta/call.php],INSERT INTO xmllogs SET
                type = 'ERROR'
                , http_hit_time = '2024-02-08 05:42:18.209'
                , total_duration = '0.019'
                , hotel_count = 0
                , source_type = 'hotelbeds'
                , create_date = '2024-02-08 05:42:18'
                , session_id = '546c5fadde319fd4dd89a6d862d17e341c8d173029e49c38c1986a6b6a9ea4af'
                , agent_logs_id = '0'
                , error_description = ''
                , memory_used = '1696384';
[02/08/2024 05:42:18], [file name :-/home/otrams/public_html/beta/call.php],INSERT INTO xmllogs SET
                type = 'ERROR'
                , http_hit_time = '2024-02-08 05:42:18.209'
                , total_duration = '0.019'
                , hotel_count = 0
                , source_type = 'hotelbeds'
                , create_date = '2024-02-08 05:42:18'
                , session_id = '546c5fadde319fd4dd89a6d862d17e341c8d173029e49c38c1986a6b6a9ea4af'
                , agent_logs_id = '0'
                , error_description = ''
                , memory_used = '1696480';
[02/08/2024 05:42:18], [file name :-/home/otrams/public_html/beta/call.php],INSERT INTO xmllogs SET
                type = 'ERROR'
                , http_hit_time = '2024-02-08 05:42:18.209'
                , total_duration = '0.020'
                , hotel_count = 0
                , source_type = 'hotelbeds'
                , create_date = '2024-02-08 05:42:18'
                , session_id = '546c5fadde319fd4dd89a6d862d17e341c8d173029e49c38c1986a6b6a9ea4af'
                , agent_logs_id = '0'
                , error_description = ''
                , memory_used = '1696384';
[02/08/2024 05:42:18], [file name :-/home/otrams/public_html/beta/call.php],INSERT INTO xmllogs SET
                type = 'ERROR'
                , http_hit_time = '2024-02-08 05:42:18.209'
                , total_duration = '0.021'
                , hotel_count = 0
                , source_type = 'hotelbeds'
                , create_date = '2024-02-08 05:42:18'
                , session_id = '546c5fadde319fd4dd89a6d862d17e341c8d173029e49c38c1986a6b6a9ea4af'
                , agent_logs_id = '0'
                , error_description = ''
                , memory_used = '1696352';
[02/08/2024 05:42:18], [file name :-/home/otrams/public_html/beta/call.php],INSERT INTO xmllogs SET
                type = 'ERROR'
                , http_hit_time = '2024-02-08 05:42:18.208'
                , total_duration = '0.021'
                , hotel_count = 0
                , source_type = 'hotelbeds'
                , create_date = '2024-02-08 05:42:18'
                , session_id = '546c5fadde319fd4dd89a6d862d17e341c8d173029e49c38c1986a6b6a9ea4af'
                , agent_logs_id = '0'
                , error_description = ''
                , memory_used = '1696384';
[02/08/2024 05:42:18], [file name :-/home/otrams/public_html/beta/call.php],INSERT INTO xmllogs(reservation_id, type, request_path, response_path, header_path, source_type, create_date, header, session_id, agent_logs_id)
                VALUE ('', 'availability', 'e1/08_02_2024/request_availability_hotel_yards_05_42_18_1707370938_99.json', 'e1/08_02_2024/response_availability_hotel_yards_05_42_18_1707370938_99.json', 'e1/08_02_2024/response_header_availability_hotel_yards_05_42_18_1707370938_99.json', 'expedia', '2024-02-08 05:42:18', '', '546c5fadde319fd4dd89a6d862d17e341c8d173029e49c38c1986a6b6a9ea4af', '0');
[02/08/2024 05:42:18], [file name :-/home/otrams/public_html/beta/call.php],INSERT INTO xmllogs(reservation_id, type, request_path, response_path, header_path, source_type, create_date, header, session_id, agent_logs_id)
                VALUE ('', 'availability', 'e1/08_02_2024/request_availability_hotel_yards_05_42_18_1707370938_40.json', 'e1/08_02_2024/response_availability_hotel_yards_05_42_18_1707370938_40.json', 'e1/08_02_2024/response_header_availability_hotel_yards_05_42_18_1707370938_40.json', 'expedia', '2024-02-08 05:42:18', '', '546c5fadde319fd4dd89a6d862d17e341c8d173029e49c38c1986a6b6a9ea4af', '0');
[02/08/2024 05:42:18], [file name :-/home/otrams/public_html/beta/call.php],UPDATE xmllogs SET
            hotel_count = ''
            , request_url = '/call.php?s=expedia&sessionid=546c5fadde319fd4dd89a6d862d17e341c8d173029e49c38c1986a6b6a9ea4af&xml_user_id=7867&db_caching=1&erequest=7&total_request=8&web_service=no&ip=43.239.53.130&browser=GoogleChrome%2F114.0.0.0%28linux%29&hotels_ids=&expediaRapidApi=&agent_country=95'
            , http_hit_time = '2024-02-08 05:42:18.209'
            , request_start_time = '0.000'
            , parsing_start_time = '0.000'
            , mapping_complete_time = '0.000'
            , mongo_start_time = '0.000'
            , search_end_time = '0.000'
            , total_duration = '0.545'
            , error_description = ''
            , memory_used = '1425072'
            WHERE id = '31386';
[02/08/2024 05:42:18], [file name :-/home/otrams/public_html/beta/call.php],UPDATE xmllogs SET
            hotel_count = ''
            , request_url = '/call.php?s=expedia&sessionid=546c5fadde319fd4dd89a6d862d17e341c8d173029e49c38c1986a6b6a9ea4af&xml_user_id=7867&db_caching=1&erequest=6&total_request=8&web_service=no&ip=43.239.53.130&browser=GoogleChrome%2F114.0.0.0%28linux%29&hotels_ids=&expediaRapidApi=&agent_country=95'
            , http_hit_time = '2024-02-08 05:42:18.209'
            , request_start_time = '0.000'
            , parsing_start_time = '0.000'
            , mapping_complete_time = '0.000'
            , mongo_start_time = '0.000'
            , search_end_time = '0.000'
            , total_duration = '0.594'
            , error_description = ''
            , memory_used = '5723312'
            WHERE id = '31385';
[02/08/2024 05:42:18], [file name :-/home/otrams/public_html/beta/call.php],INSERT INTO xmllogs(reservation_id, type, request_path, response_path, header_path, source_type, create_date, header, session_id, agent_logs_id)
                VALUE ('', 'availability', 'e1/08_02_2024/request_availability_hotel_yards_05_42_18_1707370938_69.json', 'e1/08_02_2024/response_availability_hotel_yards_05_42_18_1707370938_69.json', 'e1/08_02_2024/response_header_availability_hotel_yards_05_42_18_1707370938_69.json', 'expedia', '2024-02-08 05:42:18', '', '546c5fadde319fd4dd89a6d862d17e341c8d173029e49c38c1986a6b6a9ea4af', '0');
[02/08/2024 05:42:19], [file name :-/home/otrams/public_html/beta/call.php],INSERT INTO xmllogs(reservation_id, type, request_path, response_path, header_path, source_type, create_date, header, session_id, agent_logs_id)
                VALUE ('', 'availability', 'e1/08_02_2024/request_availability_hotel_yards_05_42_18_1707370938_10.json', 'e1/08_02_2024/response_availability_hotel_yards_05_42_18_1707370938_10.json', 'e1/08_02_2024/response_header_availability_hotel_yards_05_42_18_1707370938_10.json', 'expedia', '2024-02-08 05:42:19', '', '546c5fadde319fd4dd89a6d862d17e341c8d173029e49c38c1986a6b6a9ea4af', '0');
[02/08/2024 05:42:19], [file name :-/home/otrams/public_html/beta/call.php],INSERT INTO xmllogs(reservation_id, type, request_path, response_path, header_path, source_type, create_date, header, session_id, agent_logs_id)
                VALUE ('', 'availability', 'e1/08_02_2024/request_availability_hotel_yards_05_42_18_1707370938_94.json', 'e1/08_02_2024/response_availability_hotel_yards_05_42_18_1707370938_94.json', 'e1/08_02_2024/response_header_availability_hotel_yards_05_42_18_1707370938_94.json', 'expedia', '2024-02-08 05:42:19', '', '546c5fadde319fd4dd89a6d862d17e341c8d173029e49c38c1986a6b6a9ea4af', '0');
[02/08/2024 05:42:19], [file name :-/home/otrams/public_html/beta/call.php],INSERT INTO xmllogs(reservation_id, type, request_path, response_path, header_path, source_type, create_date, header, session_id, agent_logs_id)
                VALUE ('', 'availability', 'e1/08_02_2024/request_availability_hotel_yards_05_42_18_1707370938_2.json', 'e1/08_02_2024/response_availability_hotel_yards_05_42_18_1707370938_2.json', 'e1/08_02_2024/response_header_availability_hotel_yards_05_42_18_1707370938_2.json', 'expedia', '2024-02-08 05:42:19', '', '546c5fadde319fd4dd89a6d862d17e341c8d173029e49c38c1986a6b6a9ea4af', '0');
[02/08/2024 05:42:19], [file name :-/home/otrams/public_html/beta/call.php],INSERT INTO xmllogs(reservation_id, type, request_path, response_path, header_path, source_type, create_date, header, session_id, agent_logs_id)
                VALUE ('', 'availability', 'e1/08_02_2024/request_availability_hotel_yards_05_42_18_1707370938_96.json', 'e1/08_02_2024/response_availability_hotel_yards_05_42_18_1707370938_96.json', 'e1/08_02_2024/response_header_availability_hotel_yards_05_42_18_1707370938_96.json', 'expedia', '2024-02-08 05:42:19', '', '546c5fadde319fd4dd89a6d862d17e341c8d173029e49c38c1986a6b6a9ea4af', '0');
[02/08/2024 05:42:19], [file name :-/home/otrams/public_html/beta/call.php],UPDATE xmllogs SET
            hotel_count = ''
            , request_url = '/call.php?s=expedia&sessionid=546c5fadde319fd4dd89a6d862d17e341c8d173029e49c38c1986a6b6a9ea4af&xml_user_id=7867&db_caching=1&erequest=4&total_request=8&web_service=no&ip=43.239.53.130&browser=GoogleChrome%2F114.0.0.0%28linux%29&hotels_ids=&expediaRapidApi=&agent_country=95'
            , http_hit_time = '2024-02-08 05:42:18.209'
            , request_start_time = '0.000'
            , parsing_start_time = '0.000'
            , mapping_complete_time = '0.000'
            , mongo_start_time = '0.000'
            , search_end_time = '0.000'
            , total_duration = '1.147'
            , error_description = ''
            , memory_used = '38057680'
            WHERE id = '31387';
[02/08/2024 05:42:19], [file name :-/home/otrams/public_html/beta/call.php],INSERT INTO xmllogs(reservation_id, type, request_path, response_path, header_path, source_type, create_date, header, session_id, agent_logs_id)
                VALUE ('', 'availability', 'e1/08_02_2024/request_availability_hotel_yards_05_42_18_1707370938_6.json', 'e1/08_02_2024/response_availability_hotel_yards_05_42_18_1707370938_6.json', 'e1/08_02_2024/response_header_availability_hotel_yards_05_42_18_1707370938_6.json', 'expedia', '2024-02-08 05:42:19', '', '546c5fadde319fd4dd89a6d862d17e341c8d173029e49c38c1986a6b6a9ea4af', '0');
[02/08/2024 05:42:19], [file name :-/home/otrams/public_html/beta/call.php],UPDATE xmllogs SET
            hotel_count = ''
            , request_url = '/call.php?s=expedia&sessionid=546c5fadde319fd4dd89a6d862d17e341c8d173029e49c38c1986a6b6a9ea4af&xml_user_id=7867&db_caching=1&erequest=2&total_request=8&web_service=no&ip=43.239.53.130&browser=GoogleChrome%2F114.0.0.0%28linux%29&hotels_ids=&expediaRapidApi=&agent_country=95'
            , http_hit_time = '2024-02-08 05:42:18.209'
            , request_start_time = '0.000'
            , parsing_start_time = '0.000'
            , mapping_complete_time = '0.000'
            , mongo_start_time = '0.000'
            , search_end_time = '0.000'
            , total_duration = '1.544'
            , error_description = ''
            , memory_used = '46782352'
            WHERE id = '31390';
[02/08/2024 05:42:19], [file name :-/home/otrams/public_html/beta/call.php],UPDATE xmllogs SET
            hotel_count = ''
            , request_url = '/call.php?s=expedia&sessionid=546c5fadde319fd4dd89a6d862d17e341c8d173029e49c38c1986a6b6a9ea4af&xml_user_id=7867&db_caching=1&erequest=3&total_request=8&web_service=no&ip=43.239.53.130&browser=GoogleChrome%2F114.0.0.0%28linux%29&hotels_ids=&expediaRapidApi=&agent_country=95'
            , http_hit_time = '2024-02-08 05:42:18.209'
            , request_start_time = '0.000'
            , parsing_start_time = '0.000'
            , mapping_complete_time = '0.000'
            , mongo_start_time = '0.000'
            , search_end_time = '0.000'
            , total_duration = '1.580'
            , error_description = ''
            , memory_used = '60465688'
            WHERE id = '31388';
[02/08/2024 05:42:19], [file name :-/home/otrams/public_html/beta/call.php],UPDATE xmllogs SET
            hotel_count = ''
            , request_url = '/call.php?s=expedia&sessionid=546c5fadde319fd4dd89a6d862d17e341c8d173029e49c38c1986a6b6a9ea4af&xml_user_id=7867&db_caching=1&erequest=0&total_request=8&web_service=no&ip=43.239.53.130&browser=GoogleChrome%2F114.0.0.0%28linux%29&hotels_ids=&expediaRapidApi=&agent_country=95'
            , http_hit_time = '2024-02-08 05:42:18.209'
            , request_start_time = '0.000'
            , parsing_start_time = '0.000'
            , mapping_complete_time = '0.000'
            , mongo_start_time = '0.000'
            , search_end_time = '0.000'
            , total_duration = '1.586'
            , error_description = ''
            , memory_used = '50593480'
            WHERE id = '31391';
[02/08/2024 05:42:19], [file name :-/home/otrams/public_html/beta/call.php],UPDATE xmllogs SET
            hotel_count = ''
            , request_url = '/call.php?s=expedia&sessionid=546c5fadde319fd4dd89a6d862d17e341c8d173029e49c38c1986a6b6a9ea4af&xml_user_id=7867&db_caching=1&erequest=5&total_request=8&web_service=no&ip=43.239.53.130&browser=GoogleChrome%2F114.0.0.0%28linux%29&hotels_ids=&expediaRapidApi=&agent_country=95'
            , http_hit_time = '2024-02-08 05:42:18.209'
            , request_start_time = '0.000'
            , parsing_start_time = '0.000'
            , mapping_complete_time = '0.000'
            , mongo_start_time = '0.000'
            , search_end_time = '0.000'
            , total_duration = '1.606'
            , error_description = ''
            , memory_used = '53456152'
            WHERE id = '31389';
[02/08/2024 05:42:19], [file name :-/home/otrams/public_html/beta/call.php],UPDATE xmllogs SET
            hotel_count = ''
            , request_url = '/call.php?s=expedia&sessionid=546c5fadde319fd4dd89a6d862d17e341c8d173029e49c38c1986a6b6a9ea4af&xml_user_id=7867&db_caching=1&erequest=1&total_request=8&web_service=no&ip=43.239.53.130&browser=GoogleChrome%2F114.0.0.0%28linux%29&hotels_ids=&expediaRapidApi=&agent_country=95'
            , http_hit_time = '2024-02-08 05:42:18.209'
            , request_start_time = '0.000'
            , parsing_start_time = '0.000'
            , mapping_complete_time = '0.000'
            , mongo_start_time = '0.000'
            , search_end_time = '0.000'
            , total_duration = '1.634'
            , error_description = ''
            , memory_used = '47625840'
            WHERE id = '31392';
[02/08/2024 05:42:20], [file name :-/home/otrams/public_html/beta/m1_hotel_search_listing.php],UPDATE user_sessions_ip SET update_date = '2024-02-08 05:42:20' WHERE id= '514';
[02/08/2024 05:48:11], [file name :-/home/otrams/public_html/beta/quotation.php],UPDATE user_sessions_ip SET update_date = '2024-02-08 05:48:11' WHERE id= '514';
[02/08/2024 05:48:20], [file name :-/home/otrams/public_html/beta/quotation.php],UPDATE user_sessions_ip SET update_date = '2024-02-08 05:48:20' WHERE id= '515';
[02/08/2024 05:50:42], [file name :-/home/otrams/public_html/beta/m1_write_cache.php],UPDATE user_sessions_ip SET update_date = '2024-02-08 05:50:42' WHERE id= '514';
[02/08/2024 05:50:42], [file name :-/home/otrams/public_html/beta/book_now.php],UPDATE user_sessions_ip SET update_date = '2024-02-08 05:50:42' WHERE id= '514';
[02/08/2024 05:50:42], [file name :-/home/otrams/public_html/beta/book_now.php],INSERT INTO autogenerator_reservation (reservation_id, remote_id) VALUES ('1707371442','43.239.53.130');
[02/08/2024 05:50:43], [file name :-/home/otrams/public_html/beta/book_now.php],INSERT INTO xmllogs(reservation_id, type, request_path, response_path, header_path, source_type, create_date, header, session_id, agent_logs_id)
                VALUE ('', 'valuation', 'e1/08_02_2024/request_valuation_hotel_yards_05_50_42_1707371442_20.json', 'e1/08_02_2024/response_valuation_hotel_yards_05_50_42_1707371442_20.json', 'e1/08_02_2024/response_header_valuation_hotel_yards_05_50_42_1707371442_20.json', 'expedia', '2024-02-08 05:50:43', '', '546c5fadde319fd4dd89a6d862d17e341c8d173029e49c38c1986a6b6a9ea4af', '0');
[02/08/2024 05:50:48], [file name :-/home/otrams/public_html/beta/m1_write_cache.php],UPDATE user_sessions_ip SET update_date = '2024-02-08 05:50:48' WHERE id= '514';
[02/08/2024 05:50:48], [file name :-/home/otrams/public_html/beta/book_now.php],UPDATE user_sessions_ip SET update_date = '2024-02-08 05:50:48' WHERE id= '514';
[02/08/2024 05:50:48], [file name :-/home/otrams/public_html/beta/book_now.php],INSERT INTO autogenerator_reservation (reservation_id, remote_id) VALUES ('1707371448','43.239.53.130');
[02/08/2024 05:50:49], [file name :-/home/otrams/public_html/beta/book_now.php],INSERT INTO xmllogs(reservation_id, type, request_path, response_path, header_path, source_type, create_date, header, session_id, agent_logs_id)
                VALUE ('', 'valuation', 'e1/08_02_2024/request_valuation_hotel_yards_05_50_48_1707371448_14.json', 'e1/08_02_2024/response_valuation_hotel_yards_05_50_48_1707371448_14.json', 'e1/08_02_2024/response_header_valuation_hotel_yards_05_50_48_1707371448_14.json', 'expedia', '2024-02-08 05:50:49', '', '546c5fadde319fd4dd89a6d862d17e341c8d173029e49c38c1986a6b6a9ea4af', '0');
[02/08/2024 05:50:57], [file name :-/home/otrams/public_html/beta/frontendfunc.php],UPDATE user_sessions_ip SET update_date = '2024-02-08 05:50:57' WHERE id= '514';
[02/08/2024 05:51:20], [file name :-/home/otrams/public_html/beta/m1_write_cache.php],UPDATE user_sessions_ip SET update_date = '2024-02-08 05:51:20' WHERE id= '515';
[02/08/2024 05:51:20], [file name :-/home/otrams/public_html/beta/book_now.php],UPDATE user_sessions_ip SET update_date = '2024-02-08 05:51:20' WHERE id= '515';
[02/08/2024 05:51:20], [file name :-/home/otrams/public_html/beta/book_now.php],INSERT INTO autogenerator_reservation (reservation_id, remote_id) VALUES ('1707371480','43.239.53.130');
[02/08/2024 05:51:21], [file name :-/home/otrams/public_html/beta/book_now.php],INSERT INTO xmllogs(reservation_id, type, request_path, response_path, header_path, source_type, create_date, header, session_id, agent_logs_id)
                VALUE ('', 'valuation', 'e1p/08_02_2024/request_valuation_Baysan_Tourism_wh_05_51_20_1707371480_77.json', 'e1p/08_02_2024/response_valuation_Baysan_Tourism_wh_05_51_20_1707371480_77.json', 'e1p/08_02_2024/response_header_valuation_Baysan_Tourism_wh_05_51_20_1707371480_77.json', 'expediapackage', '2024-02-08 05:51:21', '', '3443ea32a1165a7c65c5e58fccdece1f2e325225659d76641cf9a9a25f38b254', '0');
[02/08/2024 05:52:36], [file name :-/home/otrams/public_html/beta/book_now.php],UPDATE user_sessions_ip SET update_date = '2024-02-08 05:52:36' WHERE id= '514';
[02/08/2024 05:52:36], [file name :-/home/otrams/public_html/beta/book_now.php],INSERT INTO autogenerator_reservation (reservation_id, remote_id) VALUES ('1707371556','43.239.53.130');
[02/08/2024 05:52:37], [file name :-/home/otrams/public_html/beta/confirm_booking.php],UPDATE user_sessions_ip SET update_date = '2024-02-08 05:52:37' WHERE id= '514';
[02/08/2024 05:52:38], [file name :-/home/otrams/public_html/beta/confirm_booking.php], insert into bookings set  source_type = 'expedia', reservation_id = '2529', create_date = '2024-02-08 05:52:38', agent_id = '7867', parent_agent_id = '7867', agent_ref_no = '', nationality = 'British', city_id = 'phuket', country_id = '136', current_status = 'inprocess-booking', is_xml = '0', display_room_rate = '10.67', display_currency_code = 'USD', native_room_rate = '10.67', native_currency_code = 'USD', supplier_profile_id = '42', service_type = 'hotel', service_date = '2024/04/24', check_out_date = '2024/04/25', sub_user_id = '', booking_status = '1', leader_title = 'Mr', leader_first_name = 'Sujay', leader_last_name = 'Raut', status_date = '2024-02-08 05:52:38';
[02/08/2024 05:52:38], [file name :-/home/otrams/public_html/beta/confirm_booking.php],INSERT INTO external_mapping_data_tracking (booking_id,search_hotel_name,booked_hotel_name_supplier,hotel_id,master_id,city_id,supplier,date)
            VALUES ('380','NANACHART MANSION','Nanachart Mansion','27799390','OT000896635','phuket','expedia',NOW());
[02/08/2024 05:52:38], [file name :-/home/otrams/public_html/beta/confirm_booking.php],UPDATE
		bookings
		SET
		booking_branch_id= '32'
		WHERE
		id='380'
		;
[02/08/2024 05:52:38], [file name :-/home/otrams/public_html/beta/confirm_booking.php],insert into bookings_details(booking_id,reservation_id,supplier_id,total_rooms,total_adults,total_children,total_infants,rate_description ,rate_code,
				hotel_id,hotel_name,hotel_address1,hotel_phone,hotel_rating,total_nights,arrival_date,departure_date,room_rate_code,hotel_img)values('380','2529','','1','2','0','-','','','27799390','Nanachart Mansion','41/34 Mootri Road, Talad Yai, Muang','66-76-230041','2.0','1','2024/04/24','2024/04/25','','https://hotelyards.astrabookings.com//cpf/images/?image=aHR0cHM6Ly9pLnRyYXZlbGFwaS5jb20vaG90ZWxzLzI4MDAwMDAwLzI3ODAwMDAwLzI3Nzk5NDAwLzI3Nzk5MzkwL2Q2NGE0OWFlX2IuanBn');
[02/08/2024 05:52:38], [file name :-/home/otrams/public_html/beta/confirm_booking.php], insert into booking_room_detail set  booking_id = '380', booking_detail_id = '1', room_type_code = '', room_name = 'double', room_type_description = 'FullBed Standard Double Room with Fan(Room Only)<br>(1 Double Bed)', display_nightly_rates = 'a:1:{i:0;a:3:{s:18:"displayNightlyRate";d:10.67;s:25:"displayNightlyRateDisplay";N;s:13:"whNightlyRate";d:10.720000000000001;}}', native_nightly_rates = 'a:1:{i:0;a:1:{s:17:"nativeNightlyRate";d:10.67;}}', native_room_rate_total = '10.67', wh_room_rate_total = '10.72', display_room_rate_total = '10.67', number_of_rooms = '1';
[02/08/2024 05:52:38], [file name :-/home/otrams/public_html/beta/confirm_booking.php], insert into passangers set  booking_id = '380', booking_detail_id = '1', rid = '182', room = '0', salutations = 'Mr', first_name = 'Sujay', last_name = 'Raut', passenger_type = 'adult', age = '';
[02/08/2024 05:52:38], [file name :-/home/otrams/public_html/beta/confirm_booking.php], insert into passangers set  booking_id = '380', booking_detail_id = '1', rid = '182', room = '0', salutations = 'Mr', first_name = 'TBAA', last_name = 'TBAA', passenger_type = 'adult', age = '';
[02/08/2024 05:52:39], [file name :-/home/otrams/public_html/beta/confirm_booking.php],INSERT INTO xmllogs(reservation_id, type, request_path, response_path, header_path, source_type, create_date, header, session_id, agent_logs_id)
                VALUE ('', 'reservation', 'e1/08_02_2024/request_reservation_hotel_yards_05_52_38_1707371558_53.json', 'e1/08_02_2024/response_reservation_hotel_yards_05_52_38_1707371558_53.json', 'e1/08_02_2024/response_header_reservation_hotel_yards_05_52_38_1707371558_53.json', 'expedia', '2024-02-08 05:52:39', '', '546c5fadde319fd4dd89a6d862d17e341c8d173029e49c38c1986a6b6a9ea4af', '0');
[02/08/2024 05:52:39], [file name :-/home/otrams/public_html/beta/confirm_booking.php],update bookings set  special_remark = '', itenirary_id = '7277290405169', confirmation_number = '7277290405169', display_discount = '0', cancellation_policy = 'Free cancellation up to  10:59:59 on  2024-04-21<br>If you cancel between 2024-04-21 11:00:00 and 2024-04-24 00:00:00 , you will be charged 10.72 USD<br>No show is subject to a 100 % cancellation charge<br><br/><b>Amendment Policy</b><br/>
		Please note that most hotels treat changes in pax details, room category and dates as a cancellation of the booking, and charges will apply according to the cancellation policy.
		Late amendment charges may apply if requested after 11:00 on 21st of April 2024.
		Confirmation of amendments is subject to availability and rates at the time of making the amendment.', supplier_cancellation_policy = '', current_status = 'confirmed', expiration_date = '2024-04-21 11:00:00', comment_contract = ' Bed Type Selection is not guaranteed.<br/><span style=\'color: red;\'><strong>Note</strong>: Nightly rates might be calculated based on the average of Total Rate</span><br><br><b>Amenities:</b>Free self parking, Free WiFi<br/><b style=\'color:#2748a3;\'>Booking price includes Taxes and fees 1.68 USD</b><br/><br/><br/><b>Checkin Start Time :</b> , <br/><b>Checkin End Time :</b> , <br/><b>Min Checkin Age :</b> , <br/><b>Checkout Time :</b> ,<br/><b>Instructions :</b> ,<br/><b>Special Instructions :</b> ,<br/><b>Taxes and Fees:</b><br/>This charge includes estimated amounts the travel service provider (i.e. hotel, car rental company) pays for their taxes, and/or taxes that we pay, to taxing authorities on your booking (including but not limited to sales, occupancy, and value added tax). This amount may also include any amounts charged to us for resort fees, cleaning fees, and other fees and/or a fee we, the hotel supplier and/or the website you booked on, retain as part of the compensation for our and/or their services, which varies based on factors such as location, the amount, and how you booked. For more details, please see the Terms and Conditions.', consultant_id = 'hotelyards', sales_manager_id = '0', admin_booked = '0', email_id = '', leader_phone = '', agent_currency_multiplier = '1.00000', ip_addr = '43.239.53.130', comment_contract = ' Bed Type Selection is not guaranteed.<br/><span style=\'color: red;\'><strong>Note</strong>: Nightly rates might be calculated based on the average of Total Rate</span><br><br><b>Amenities:</b>Free self parking, Free WiFi<br/><b style=\'color:#2748a3;\'>Booking price includes Taxes and fees 1.68 USD</b><br/><br/><br/><b>Checkin Start Time :</b> , <br/><b>Checkin End Time :</b> , <br/><b>Min Checkin Age :</b> , <br/><b>Checkout Time :</b> ,<br/><b>Instructions :</b> ,<br/><b>Special Instructions :</b> ,<br/><b>Taxes and Fees:</b><br/>This charge includes estimated amounts the travel service provider (i.e. hotel, car rental company) pays for their taxes, and/or taxes that we pay, to taxing authorities on your booking (including but not limited to sales, occupancy, and value added tax). This amount may also include any amounts charged to us for resort fees, cleaning fees, and other fees and/or a fee we, the hotel supplier and/or the website you booked on, retain as part of the compensation for our and/or their services, which varies based on factors such as location, the amount, and how you booked. For more details, please see the Terms and Conditions.', backoffice_user = 'hotelyards', customer_id = '', applied_multiplier='1.00000',  wh_applied_markup='0.5',  wh_agent_currency_multiplier='1.00000',  wh_agent_markup='0.5',  wh_agent_rate='10.72',  wh_sub_agent_rate='0',  wh_parent_agent_id='7870',  wh_agent_id='7870',  wh_basecurrency_multiplier_native='1.00000',  wh_basecurrency_multiplier='1.00000',  site_id='21',  applied_markup='0',  agent_markup='0',  basecurrency_multiplier='1.00000',  basecurrency_multiplier_native='1.00000',  parent_agent_id='7867',  sub_agent_rate='0',  agent_rate='10.67',  applicable_service_tax='0',  supplier_rate='10.67',  uid='f298e5dc901f631c99bde92cac05bb9e'  where id='380';
[02/08/2024 05:52:39], [file name :-/home/otrams/public_html/beta/confirm_booking.php],update bookings_details set touricoRoomResId ='', gta_item_confirm_ref='' , special_request='' where booking_id ='380';
[02/08/2024 05:52:39], [file name :-/home/otrams/public_html/beta/confirm_booking.php],insert into booking_lat_long(booking_id,latitude,longitude) values ('380','7.8831989','98.39254513');
[02/08/2024 05:52:39], [file name :-/home/otrams/public_html/beta/confirm_booking.php],insert into `user_logs` set `username`= 'hotel_yards',`create_date`= '2024-02-08 05:52:39',`log_type`= 'Loyalty Tier Accumulated Points',`sql_query`= 'select id,current_status,display_currency_code,agent_rate,sub_agent_rate,display_room_rate,wh_agent_rate,wh_sub_agent_rate  from bookings where id=\&#039;380\&#039;',`log_description`= 'Loyalty Accumulated Points :0 Added For Booking ID -380 And Booking Status - confirmed',`ip`= '43.239.53.130';
[02/08/2024 05:52:39], [file name :-/home/otrams/public_html/beta/confirm_booking.php],insert into user_log_link Set `user_logs_id`='714', `entity`='BookingId', `value`='380' ;
[02/08/2024 05:52:39], [file name :-/home/otrams/public_html/beta/confirm_booking.php],INSERT INTO booking_status (reservation_id,booking_id,status,create_date,memo,agent_id,ip_address,admin,modify_by) VALUES ('2529','380','confirmed','2024-02-08 05:52:39','Booking confirmed. Booked by Back Office hotelyards on behalf of Agent - Rajendra  chaursiya(CD7867)','7867','43.239.53.130','0','7867');
[02/08/2024 05:52:39], [file name :-/home/otrams/public_html/beta/confirm_booking.php],INSERT INTO booking_cancellation_policy(booking_id,from_date,supplier_from_date,to_date,supplier_to_date,supplier_charge,agent_charge,lead_time,create_date,applied_agent_charges)  VALUES('380','2024-04-21 11:00:00','2024-04-21 11:00:00','2024-04-24 00:00:00','2024-04-24 00:00:00','10.67','10.72','0','2024-02-08 05:52:39','10.72');
[02/08/2024 05:52:39], [file name :-/home/otrams/public_html/beta/confirm_booking.php],update posted_bookings set booking_id='380',status='1' where reservation_id='2529' and booking_id ='0';
[02/08/2024 05:52:39], [file name :-/home/otrams/public_html/beta/confirm_booking.php],update xmllogs set reservation_id='380' where agent_logs_id='0' and source_type='expedia';
[02/08/2024 05:52:39], [file name :-/home/otrams/public_html/beta/confirm_booking.php],INSERT INTO booking_commission set agent_commission='',  supplier_commission='0.75',  commission_tax='',  booking_id ='380',  supplier_tax='1.68',  supplier_base_fare='8.99',  supplier_commissionable_fare='0.75'able_fare,  retension='100',  commission_percent='0',  create_date ='2024-02-08 05:52:39';
[02/08/2024 05:52:40], [file name :-/home/otrams/public_html/beta/confirm_booking.php],insert into temp(booking_id,mail_send_to)values('380','gajendra.rajpurohit@qtechsoftware.com');
[02/08/2024 05:52:40], [file name :-/home/otrams/public_html/beta/confirm_booking.php],insert into temp(booking_id,mail_send_to)values('380','gajendra.rajpurohit@qtechsoftware.com');
[02/08/2024 05:52:41], [file name :-/home/otrams/public_html/beta/confirm_booking.php],insert into temp(booking_id,mail_send_to)values('380','astra@qtechsoftware.com');
[02/08/2024 05:52:41], [file name :-/home/otrams/public_html/beta/confirm_booking.php],insert into temp(booking_id,mail_send_to)values('380','gajendra.rajpurohit@qtechsoftware.com');
[02/08/2024 05:52:41], [file name :-/home/otrams/public_html/beta/confirm_booking.php],insert into temp(booking_id,mail_send_to)values('380','jaison.james@qtechsoftware.com');
[02/08/2024 05:52:41], [file name :-/home/otrams/public_html/beta/confirm_booking.php],insert into temp(booking_id,mail_send_to)values('380','jaison.james@qtechsoftware.com');
[02/08/2024 05:52:42], [file name :-/home/otrams/public_html/beta/confirm_booking.php],insert into temp(booking_id,mail_send_to)values('380','gajendra.rajpurohit@qtechsoftware.com');
[02/08/2024 05:53:10], [file name :-/home/otrams/public_html/beta/frontendfunc.php],UPDATE user_sessions_ip SET update_date = '2024-02-08 05:53:10' WHERE id= '515';
[02/08/2024 05:53:45], [file name :-/home/otrams/public_html/beta/tms/logout.php],INSERT INTO psa_login_log set username = 'sujay_qtech' , user_type = 'sujay_qtech'_type , branch_id = '' , login_datetime = '2024-02-08 05:53:45' , ip = '43.239.53.130' , action = 'Logout'  ;
[02/08/2024 05:54:39], [file name :-/home/otrams/public_html/beta/book_now.php],UPDATE user_sessions_ip SET update_date = '2024-02-08 05:54:39' WHERE id= '515';
[02/08/2024 05:54:39], [file name :-/home/otrams/public_html/beta/book_now.php],INSERT INTO autogenerator_reservation (reservation_id, remote_id) VALUES ('1707371679','43.239.53.130');
[02/08/2024 05:54:41], [file name :-/home/otrams/public_html/beta/confirm_booking.php],UPDATE user_sessions_ip SET update_date = '2024-02-08 05:54:41' WHERE id= '515';
[02/08/2024 05:54:42], [file name :-/home/otrams/public_html/beta/confirm_booking.php], insert into bookings set  source_type = 'expediapackage', reservation_id = '2530', create_date = '2024-02-08 05:54:42', agent_id = '7863', parent_agent_id = '7863', agent_ref_no = '', nationality = 'Emirati', city_id = 'phuket', country_id = '136', current_status = 'inprocess-booking', is_xml = '0', display_room_rate = '8.45', display_currency_code = 'USD', native_room_rate = '8.45', native_currency_code = 'USD', supplier_profile_id = '43', service_type = 'hotel', service_date = '2024/04/23', check_out_date = '2024/04/24', sub_user_id = '', booking_status = '1', leader_title = 'Mr', leader_first_name = 'Sujay', leader_last_name = 'Raut', status_date = '2024-02-08 05:54:42';
[02/08/2024 05:54:42], [file name :-/home/otrams/public_html/beta/confirm_booking.php],INSERT INTO external_mapping_data_tracking (booking_id,search_hotel_name,booked_hotel_name_supplier,hotel_id,master_id,city_id,supplier,date)
            VALUES ('381','NANACHART MANSION','Nanachart Mansion','27799390','OT000896635','phuket','expediapackage',NOW());
[02/08/2024 05:54:42], [file name :-/home/otrams/public_html/beta/confirm_booking.php],UPDATE
		bookings
		SET
		booking_branch_id= '31'
		WHERE
		id='381'
		;
[02/08/2024 05:54:42], [file name :-/home/otrams/public_html/beta/confirm_booking.php],insert into bookings_details(booking_id,reservation_id,supplier_id,total_rooms,total_adults,total_children,total_infants,rate_description ,rate_code,
				hotel_id,hotel_name,hotel_address1,hotel_phone,hotel_rating,total_nights,arrival_date,departure_date,room_rate_code,hotel_img)values('381','2530','','1','2','0','-','','','27799390','Nanachart Mansion','41/34 Mootri Road, Talad Yai, Muang','66-76-230041','2.0','1','2024/04/23','2024/04/24','','https://baysantravel.astrabookings.com//cpf/images/?image=aHR0cHM6Ly9pLnRyYXZlbGFwaS5jb20vaG90ZWxzLzI4MDAwMDAwLzI3ODAwMDAwLzI3Nzk5NDAwLzI3Nzk5MzkwL2Q2NGE0OWFlX2IuanBn');
[02/08/2024 05:54:42], [file name :-/home/otrams/public_html/beta/confirm_booking.php], insert into booking_room_detail set  booking_id = '381', booking_detail_id = '1', room_type_code = '', room_name = 'double', room_type_description = 'FullBed Standard Double Room with Fan(Room Only)- <font color=\'red\'>Package Deal</font> <b><font color=\'#265db7\'>(Private sale)</font></b><br>(1 Double Bed)', display_nightly_rates = 'a:1:{i:0;a:3:{s:18:"displayNightlyRate";d:8.4499999999999993;s:25:"displayNightlyRateDisplay";s:195:"Rate - 8.45, Currency Multiplier (USD-USD) - 1.00000, Markup in % - 0.00%, Markup Amount - 0, Markup Amount in SAR- 0.00, Supplier Commission - 0.51 USD, Marketing Fee - 0.51  USD #expediapackage";s:13:"whNightlyRate";d:10.56;}}', native_nightly_rates = 'a:1:{i:0;a:1:{s:17:"nativeNightlyRate";d:8.4499999999999993;}}', native_room_rate_total = '8.45', wh_room_rate_total = '10.56', display_room_rate_total = '8.45', number_of_rooms = '1';
[02/08/2024 05:54:42], [file name :-/home/otrams/public_html/beta/confirm_booking.php], insert into passangers set  booking_id = '381', booking_detail_id = '1', rid = '183', room = '0', salutations = 'Mr', first_name = 'Sujay', last_name = 'Raut', passenger_type = 'adult', age = '';
[02/08/2024 05:54:42], [file name :-/home/otrams/public_html/beta/confirm_booking.php], insert into passangers set  booking_id = '381', booking_detail_id = '1', rid = '183', room = '0', salutations = 'Mr', first_name = 'TBAA', last_name = 'TBAA', passenger_type = 'adult', age = '';
[02/08/2024 05:54:43], [file name :-/home/otrams/public_html/beta/confirm_booking.php],INSERT INTO xmllogs(reservation_id, type, request_path, response_path, header_path, source_type, create_date, header, session_id, agent_logs_id)
                VALUE ('', 'reservation', 'e1p/08_02_2024/request_reservation_Baysan_Tourism_wh_05_54_42_1707371682_26.json', 'e1p/08_02_2024/response_reservation_Baysan_Tourism_wh_05_54_42_1707371682_26.json', 'e1p/08_02_2024/response_header_reservation_Baysan_Tourism_wh_05_54_42_1707371682_26.json', 'expediapackage', '2024-02-08 05:54:43', '', '3443ea32a1165a7c65c5e58fccdece1f2e325225659d76641cf9a9a25f38b254', '0');
[02/08/2024 05:54:43], [file name :-/home/otrams/public_html/beta/confirm_booking.php],update bookings set  special_remark = '', itenirary_id = '7624452078540', confirmation_number = '7624452078540', display_discount = '0', cancellation_policy = 'Free cancellation up to  13:59:59 on  2024-04-20<br>If you cancel between 2024-04-20 14:00:00 and 2024-04-23 00:00:00 , you will be charged 10.56 USD<br>No show is subject to a 100 % cancellation charge<br><br/><b>Amendment Policy</b><br/>
		Please note that most hotels treat changes in pax details, room category and dates as a cancellation of the booking, and charges will apply according to the cancellation policy.
		Late amendment charges may apply if requested after 14:00 on 20th of April 2024.
		Confirmation of amendments is subject to availability and rates at the time of making the amendment.', supplier_cancellation_policy = '', current_status = 'confirmed', expiration_date = '2024-04-20 11:00:00', comment_contract = ' Bed Type Selection is not guaranteed.<br/><span style=\'color: red;\'><strong>Note</strong>: Nightly rates might be calculated based on the average of Total Rate</span><br><br><b>Amenities:</b>Free self parking, Free WiFi<br><br><b>Deal:</b> Private sale,<br><br/><br/><br/><b>Checkin Start Time :</b> , <br/><b>Checkin End Time :</b> , <br/><b>Min Checkin Age :</b> , <br/><b>Checkout Time :</b> ,<br/><b>Instructions :</b> ,<br/><b>Special Instructions :</b> ,<br/><b>Important Note :</b> Agent agree that this rate is being sold with approved transport component.', consultant_id = 'Ayman', sales_manager_id = '0', admin_booked = '0', email_id = '', leader_phone = '', agent_currency_multiplier = '1.00000', ip_addr = '43.239.53.130', comment_contract = ' Bed Type Selection is not guaranteed.<br/><span style=\'color: red;\'><strong>Note</strong>: Nightly rates might be calculated based on the average of Total Rate</span><br><br><b>Amenities:</b>Free self parking, Free WiFi<br><br><b>Deal:</b> Private sale,<br><br/><br/><br/><b>Checkin Start Time :</b> , <br/><b>Checkin End Time :</b> , <br/><b>Min Checkin Age :</b> , <br/><b>Checkout Time :</b> ,<br/><b>Instructions :</b> ,<br/><b>Special Instructions :</b> ,<br/><b>Important Note :</b> Agent agree that this rate is being sold with approved transport component.', backoffice_user = 'Ayman', customer_id = '', applied_multiplier='1.00000',  wh_applied_markup='25.0',  wh_agent_currency_multiplier='1.00000',  wh_agent_markup='25.0',  wh_agent_rate='10.56',  wh_sub_agent_rate='0',  wh_parent_agent_id='7866',  wh_agent_id='7866',  wh_basecurrency_multiplier_native='1.00000',  wh_basecurrency_multiplier='1.00000',  site_id='20',  applied_markup='0',  agent_markup='0',  basecurrency_multiplier='1.00000',  basecurrency_multiplier_native='1.00000',  parent_agent_id='7863',  sub_agent_rate='0',  agent_rate='8.45',  applicable_service_tax='0',  supplier_rate='8.45',  uid='dab26bddd34170c656b59dcc874804d1'  where id='381';
[02/08/2024 05:54:43], [file name :-/home/otrams/public_html/beta/confirm_booking.php],update bookings_details set touricoRoomResId ='', gta_item_confirm_ref='' , special_request='' where booking_id ='381';
[02/08/2024 05:54:43], [file name :-/home/otrams/public_html/beta/confirm_booking.php],insert into booking_lat_long(booking_id,latitude,longitude) values ('381','7.8831989','98.39254513');
[02/08/2024 05:54:43], [file name :-/home/otrams/public_html/beta/confirm_booking.php],insert into `user_logs` set `username`= 'Baysan_Tourism_wh',`create_date`= '2024-02-08 05:54:43',`log_type`= 'Loyalty Tier Accumulated Points',`sql_query`= 'select id,current_status,display_currency_code,agent_rate,sub_agent_rate,display_room_rate,wh_agent_rate,wh_sub_agent_rate  from bookings where id=\&#039;381\&#039;',`log_description`= 'Loyalty Accumulated Points :0 Added For Booking ID -381 And Booking Status - confirmed',`ip`= '43.239.53.130';
[02/08/2024 05:54:43], [file name :-/home/otrams/public_html/beta/confirm_booking.php],insert into user_log_link Set `user_logs_id`='715', `entity`='BookingId', `value`='381' ;
[02/08/2024 05:54:43], [file name :-/home/otrams/public_html/beta/confirm_booking.php],INSERT INTO booking_status (reservation_id,booking_id,status,create_date,memo,agent_id,ip_address,admin,modify_by) VALUES ('2530','381','confirmed','2024-02-08 05:54:43','Booking confirmed. Booked by Back Office Ayman on behalf of Agent - Baysan  Tourism(CD7863)','7863','43.239.53.130','0','7863');
[02/08/2024 05:54:43], [file name :-/home/otrams/public_html/beta/confirm_booking.php],INSERT INTO booking_cancellation_policy(booking_id,from_date,supplier_from_date,to_date,supplier_to_date,supplier_charge,agent_charge,lead_time,create_date,applied_agent_charges)  VALUES('381','2024-04-20 14:00:00','2024-04-20 14:00:00','2024-04-23 00:00:00','2024-04-23 00:00:00','8.45','10.56','0','2024-02-08 05:54:43','10.56');
[02/08/2024 05:54:43], [file name :-/home/otrams/public_html/beta/confirm_booking.php],update posted_bookings set booking_id='381',status='1' where reservation_id='2530' and booking_id ='0';
[02/08/2024 05:54:43], [file name :-/home/otrams/public_html/beta/confirm_booking.php],update xmllogs set reservation_id='381' where agent_logs_id='0' and source_type='expediapackage';
[02/08/2024 05:54:43], [file name :-/home/otrams/public_html/beta/confirm_booking.php],INSERT INTO booking_commission set agent_commission='',  supplier_commission='0.51',  commission_tax='',  booking_id ='381',  supplier_tax='1.36',  supplier_base_fare='7.09',  supplier_commissionable_fare='0.51'able_fare,  retension='100',  commission_percent='0',  create_date ='2024-02-08 05:54:43';
[02/08/2024 05:54:44], [file name :-/home/otrams/public_html/beta/confirm_booking.php],insert into temp(booking_id,mail_send_to)values('381','sujay.raut@qtechsoftware.com');
[02/08/2024 05:54:44], [file name :-/home/otrams/public_html/beta/confirm_booking.php],insert into temp(booking_id,mail_send_to)values('381','Sujay.raut@qtechsoftware.com');
[02/08/2024 05:54:45], [file name :-/home/otrams/public_html/beta/confirm_booking.php],insert into temp(booking_id,mail_send_to)values('381','branch@email.com');
[02/08/2024 05:55:04], [file name :-/home/otrams/public_html/beta/hotel_search.php],UPDATE user_sessions_ip SET update_date = '2024-02-08 05:55:04' WHERE id= '515';
[02/08/2024 05:55:13], [file name :-/home/otrams/public_html/beta/hotel_search.php],UPDATE user_sessions_ip SET update_date = '2024-02-08 05:55:13' WHERE id= '514';
