[02/09/2024 07:00:18], [file name :-/home/otrams/public_html/beta/booking_list.php],UPDATE user_sessions_ip SET update_date = '2024-02-09 07:00:18' WHERE id= '525';
[02/09/2024 07:00:19], [file name :-/home/otrams/public_html/beta/booking_list.php],update messages set mssg_status='R' where booking_id=?;
[02/09/2024 07:00:26], [file name :-/home/otrams/public_html/beta/my_accounts.php],UPDATE user_sessions_ip SET update_date = '2024-02-09 07:00:26' WHERE id= '525';
[02/09/2024 07:00:41], [file name :-/home/otrams/public_html/beta/manage_sub_user.php],UPDATE user_sessions_ip SET update_date = '2024-02-09 07:00:41' WHERE id= '525';
[02/09/2024 07:00:46], [file name :-/home/otrams/public_html/beta/manage_sub_user.php],UPDATE user_sessions_ip SET update_date = '2024-02-09 07:00:46' WHERE id= '525';
[02/09/2024 07:01:03], [file name :-/home/otrams/public_html/beta/agent_login.php],update agents set last_login_date = '2024-02-09 07:01:03',login_attempt=0 where id = '7866';
[02/09/2024 07:01:03], [file name :-/home/otrams/public_html/beta/agent_login.php],INSERT INTO psa_login_log  SET username = 'deepak_qtech', user_type = 'A', branch_id = '31', login_datetime = '2024-02-09 07:01:03', ip = '43.239.53.130', action = 'Login' ;
[02/09/2024 07:01:04], [file name :-/home/otrams/public_html/beta/hotel_search.php],UPDATE user_sessions_ip SET update_date = '2024-02-09 07:01:04' WHERE id= '524';
[02/09/2024 07:01:25], [file name :-/home/otrams/public_html/beta/my_accounts.php],UPDATE user_sessions_ip SET update_date = '2024-02-09 07:01:25' WHERE id= '524';
[02/09/2024 07:01:42], [file name :-/home/otrams/public_html/beta/user_sight_details.php],UPDATE user_sessions_ip SET update_date = '2024-02-09 07:01:42' WHERE id= '520';
[02/09/2024 07:01:43], [file name :-/home/otrams/public_html/beta/user_sight_details.php],INSERT INTO xmllogs(reservation_id, type, request_path, response_path, header_path, source_type, create_date, header, session_id, agent_logs_id)
                VALUE ('', 'check_availability', 'v1/09_02_2024/request_check_availability_shiv_qtech_07_01_42_1707462102.json', 'v1/09_02_2024/response_check_availability_shiv_qtech_07_01_42_1707462102.json', 'v1/09_02_2024/response_header_check_availability_shiv_qtech_07_01_42_1707462102.json', 'viator', '2024-02-09 07:01:43', '', '', '1374');
[02/09/2024 07:02:14], [file name :-/home/otrams/public_html/beta/user_sight_details.php],UPDATE user_sessions_ip SET update_date = '2024-02-09 07:02:14' WHERE id= '520';
[02/09/2024 07:02:15], [file name :-/home/otrams/public_html/beta/user_sight_details.php],INSERT INTO xmllogs(reservation_id, type, request_path, response_path, header_path, source_type, create_date, header, session_id, agent_logs_id)
                VALUE ('', 'check_availability', 'v1/09_02_2024/request_check_availability_shiv_qtech_07_02_14_1707462134.json', 'v1/09_02_2024/response_check_availability_shiv_qtech_07_02_14_1707462134.json', 'v1/09_02_2024/response_header_check_availability_shiv_qtech_07_02_14_1707462134.json', 'viator', '2024-02-09 07:02:15', '', '', '1374');
[02/09/2024 07:02:36], [file name :-/home/otrams/public_html/beta/my_accounts.php],UPDATE user_sessions_ip SET update_date = '2024-02-09 07:02:36' WHERE id= '526';
[02/09/2024 07:02:48], [file name :-/home/otrams/public_html/beta/edit_profile.php],UPDATE user_sessions_ip SET update_date = '2024-02-09 07:02:48' WHERE id= '526';
[02/09/2024 07:03:08], [file name :-/home/otrams/public_html/beta/logout.php],UPDATE user_sessions_ip SET update_date = '2024-02-09 07:03:08' WHERE id= '526';
[02/09/2024 07:05:06], [file name :-/home/otrams/public_html/beta/user_sight_details.php],UPDATE user_sessions_ip SET update_date = '2024-02-09 07:05:06' WHERE id= '520';
[02/09/2024 07:05:07], [file name :-/home/otrams/public_html/beta/user_sight_details.php],INSERT INTO xmllogs(reservation_id, type, request_path, response_path, header_path, source_type, create_date, header, session_id, agent_logs_id)
                VALUE ('', 'sight_details', 'v1/09_02_2024/request_sight_details_shiv_qtech_07_05_06_1707462306.json', 'v1/09_02_2024/response_sight_details_shiv_qtech_07_05_06_1707462306.json', 'v1/09_02_2024/response_header_sight_details_shiv_qtech_07_05_06_1707462306.json', 'viator', '2024-02-09 07:05:07', '', '', '1374');
[02/09/2024 07:05:07], [file name :-/home/otrams/public_html/beta/user_sight_details.php],INSERT INTO xmllogs(reservation_id, type, request_path, response_path, header_path, source_type, create_date, header, session_id, agent_logs_id)
                VALUE ('', 'sight_details', 'v1/09_02_2024/request_sight_details_shiv_qtech_07_05_07_1707462307.json', 'v1/09_02_2024/response_sight_details_shiv_qtech_07_05_07_1707462307.json', 'v1/09_02_2024/response_header_sight_details_shiv_qtech_07_05_07_1707462307.json', 'viator', '2024-02-09 07:05:07', '', '', '1374');
[02/09/2024 07:05:11], [file name :-/home/otrams/public_html/beta/user_sight_details.php],UPDATE user_sessions_ip SET update_date = '2024-02-09 07:05:11' WHERE id= '520';
[02/09/2024 07:05:11], [file name :-/home/otrams/public_html/beta/user_sight_details.php],INSERT INTO xmllogs(reservation_id, type, request_path, response_path, header_path, source_type, create_date, header, session_id, agent_logs_id)
                VALUE ('', 'check_availability', 'v1/09_02_2024/request_check_availability_shiv_qtech_07_05_11_1707462311.json', 'v1/09_02_2024/response_check_availability_shiv_qtech_07_05_11_1707462311.json', 'v1/09_02_2024/response_header_check_availability_shiv_qtech_07_05_11_1707462311.json', 'viator', '2024-02-09 07:05:11', '', '', '1374');
[02/09/2024 07:07:43], [file name :-/home/otrams/public_html/beta/logout.php],UPDATE user_sessions_ip SET update_date = '2024-02-09 07:07:43' WHERE id= '525';
[02/09/2024 07:08:10], [file name :-/home/otrams/public_html/beta/sight_search_list.php],UPDATE user_sessions_ip SET update_date = '2024-02-09 07:08:10' WHERE id= '520';
[02/09/2024 07:08:10], [file name :-/home/otrams/public_html/beta/sight_search_list.php],INSERT INTO agent_logs SET  agent_id = '7849' , sub_agent_id = '' , sub_user_id = '0' , branch_id = '24' , ip = '43.239.53.130' , city = 'dubai' , arrival_date='2024/03/22',  departure_date='2024/03/22',  nights='1',  create_date='2024-02-09 :07:08:10',  nationality='',  additional_markup='',  selected_currency='INR',  service_type='sightseeing',  total_adult='',  total_children='',  site_id = '' ;
[02/09/2024 07:08:18], [file name :-/home/otrams/public_html/beta/index.php],UPDATE user_sessions_ip SET update_date = '2024-02-09 07:08:18' WHERE id= '519';
[02/09/2024 07:08:19], [file name :-/home/otrams/public_html/beta/hotel_search.php],UPDATE user_sessions_ip SET update_date = '2024-02-09 07:08:19' WHERE id= '519';
[02/09/2024 07:08:22], [file name :-/home/otrams/public_html/beta/logout.php],UPDATE user_sessions_ip SET update_date = '2024-02-09 07:08:22' WHERE id= '519';
[02/09/2024 07:08:28], [file name :-/home/otrams/public_html/beta/sight_search_list.php],INSERT INTO xmllogs(reservation_id, type, request_path, response_path, header_path, source_type, create_date, header, session_id, agent_logs_id)
                VALUE ('', 'availability', 'v1/09_02_2024/request_availability_shiv_qtech_07_08_10_1707462490.json', 'v1/09_02_2024/response_availability_shiv_qtech_07_08_10_1707462490.json', 'v1/09_02_2024/response_header_availability_shiv_qtech_07_08_10_1707462490.json', 'viator', '2024-02-09 07:08:28', '', '', '1375');
[02/09/2024 07:08:31], [file name :-/home/otrams/public_html/beta/sight_search_list.php],UPDATE user_sessions_ip SET update_date = '2024-02-09 07:08:31' WHERE id= '520';
[02/09/2024 07:08:31], [file name :-/home/otrams/public_html/beta/ajax/ajax_categories.php],UPDATE user_sessions_ip SET update_date = '2024-02-09 07:08:31' WHERE id= '520';
[02/09/2024 07:08:34], [file name :-/home/otrams/public_html/beta/user_sight_details.php],UPDATE user_sessions_ip SET update_date = '2024-02-09 07:08:34' WHERE id= '520';
[02/09/2024 07:08:40], [file name :-/home/otrams/public_html/beta/user_sight_details.php],INSERT INTO xmllogs(reservation_id, type, request_path, response_path, header_path, source_type, create_date, header, session_id, agent_logs_id)
                VALUE ('', 'sight_details', 'v1/09_02_2024/request_sight_details_shiv_qtech_07_08_34_1707462514.json', 'v1/09_02_2024/response_sight_details_shiv_qtech_07_08_34_1707462514.json', 'v1/09_02_2024/response_header_sight_details_shiv_qtech_07_08_34_1707462514.json', 'viator', '2024-02-09 07:08:40', '', '', '1375');
[02/09/2024 07:08:40], [file name :-/home/otrams/public_html/beta/user_sight_details.php],INSERT INTO xmllogs(reservation_id, type, request_path, response_path, header_path, source_type, create_date, header, session_id, agent_logs_id)
                VALUE ('', 'sight_details', 'v1/09_02_2024/request_sight_details_shiv_qtech_07_08_40_1707462520.json', 'v1/09_02_2024/response_sight_details_shiv_qtech_07_08_40_1707462520.json', 'v1/09_02_2024/response_header_sight_details_shiv_qtech_07_08_40_1707462520.json', 'viator', '2024-02-09 07:08:40', '', '', '1375');
[02/09/2024 07:08:44], [file name :-/home/otrams/public_html/beta/user_sight_details.php],UPDATE user_sessions_ip SET update_date = '2024-02-09 07:08:44' WHERE id= '520';
[02/09/2024 07:08:47], [file name :-/home/otrams/public_html/beta/user_sight_details.php],INSERT INTO xmllogs(reservation_id, type, request_path, response_path, header_path, source_type, create_date, header, session_id, agent_logs_id)
                VALUE ('', 'sight_details', 'v1/09_02_2024/request_sight_details_shiv_qtech_07_08_44_1707462524.json', 'v1/09_02_2024/response_sight_details_shiv_qtech_07_08_44_1707462524.json', 'v1/09_02_2024/response_header_sight_details_shiv_qtech_07_08_44_1707462524.json', 'viator', '2024-02-09 07:08:47', '', '', '1375');
[02/09/2024 07:08:47], [file name :-/home/otrams/public_html/beta/user_sight_details.php],INSERT INTO xmllogs(reservation_id, type, request_path, response_path, header_path, source_type, create_date, header, session_id, agent_logs_id)
                VALUE ('', 'sight_details', 'v1/09_02_2024/request_sight_details_shiv_qtech_07_08_47_1707462527.json', 'v1/09_02_2024/response_sight_details_shiv_qtech_07_08_47_1707462527.json', 'v1/09_02_2024/response_header_sight_details_shiv_qtech_07_08_47_1707462527.json', 'viator', '2024-02-09 07:08:47', '', '', '1375');
[02/09/2024 07:08:50], [file name :-/home/otrams/public_html/beta/user_sight_details.php],UPDATE user_sessions_ip SET update_date = '2024-02-09 07:08:50' WHERE id= '520';
[02/09/2024 07:08:53], [file name :-/home/otrams/public_html/beta/user_sight_details.php],INSERT INTO xmllogs(reservation_id, type, request_path, response_path, header_path, source_type, create_date, header, session_id, agent_logs_id)
                VALUE ('', 'check_availability', 'v1/09_02_2024/request_check_availability_shiv_qtech_07_08_50_1707462530.json', 'v1/09_02_2024/response_check_availability_shiv_qtech_07_08_50_1707462530.json', 'v1/09_02_2024/response_header_check_availability_shiv_qtech_07_08_50_1707462530.json', 'viator', '2024-02-09 07:08:53', '', '', '1375');
[02/09/2024 07:09:18], [file name :-/home/otrams/public_html/beta/agent_login.php],update agents set last_login_date = '2024-02-09 07:09:18',login_attempt=0 where id = '7870';
[02/09/2024 07:09:18], [file name :-/home/otrams/public_html/beta/agent_login.php],INSERT INTO psa_login_log  SET username = 'hotelyards-agent', user_type = 'A', branch_id = '32', login_datetime = '2024-02-09 07:09:18', ip = '43.239.53.130', action = 'Login' ;
[02/09/2024 07:09:18], [file name :-/home/otrams/public_html/beta/hotel_search.php],insert into user_sessions_ip SET ip_addr='43.239.53.130', agent_id='7867', session_id='6ca069b6d19b22b53a4592f8b1efb39afb1e1b5fb7ac78cac9bf8c6bc1f04b39',create_date='2024-02-09 07:09:18', update_date='2024-02-09 07:09:18',domain='hotelyards.astrabookings.com',sub_agent_id='',sub_user_id='';
[02/09/2024 07:09:24], [file name :-/home/otrams/public_html/beta/get_city_list.php],UPDATE user_sessions_ip SET update_date = '2024-02-09 07:09:24' WHERE id= '528';
[02/09/2024 07:09:28], [file name :-/home/otrams/public_html/beta/hotel_search_list.php],UPDATE user_sessions_ip SET update_date = '2024-02-09 07:09:28' WHERE id= '528';
[02/09/2024 07:09:28], [file name :-/home/otrams/public_html/beta/hotel_search_list.php],INSERT INTO agent_logs SET  agent_id = '7870' , sub_agent_id = '' , sub_user_id = '0' , branch_id = '32' , ip = '43.239.53.130' , city = 'dubai' , service_name = '' , country_of_residence = '95' , service_type = 'hotel' , arrival_date = '2024/02/29' , departure_date = '2024/03/01' , nights = '1' , nationality = '95' , room_types = '2' , room_type='[{"numberOfAdults":2}]' , available='0' , create_date = '2024-02-09 07:09:28' , site_id = '21' , country_code = '138' , city_code = '71649' , ratings = '3.0,4.0,5.0,SC' , selected_currency = 'USD' , currency_code = 'USD' , web_service = '' ;
[02/09/2024 07:09:29], [file name :-/home/otrams/public_html/beta/xml_all.php],UPDATE user_sessions_ip SET update_date = '2024-02-09 07:09:29' WHERE id= '528';
[02/09/2024 07:09:29], [file name :-/home/otrams/public_html/beta/call.php],INSERT INTO xmllogs SET
                type = 'ERROR'
                , http_hit_time = '2024-02-09 07:09:29.131'
                , total_duration = '0.011'
                , hotel_count = 0
                , source_type = 'hotelbeds'
                , create_date = '2024-02-09 07:09:29'
                , session_id = '6ca069b6d19b22b53a4592f8b1efb39afb1e1b5fb7ac78cac9bf8c6bc1f04b39'
                , agent_logs_id = '0'
                , error_description = ''
                , memory_used = '1696264';
[02/09/2024 07:09:29], [file name :-/home/otrams/public_html/beta/call.php],INSERT INTO xmllogs SET
                type = 'ERROR'
                , http_hit_time = '2024-02-09 07:09:29.130'
                , total_duration = '0.011'
                , hotel_count = 0
                , source_type = 'hotelbeds'
                , create_date = '2024-02-09 07:09:29'
                , session_id = '6ca069b6d19b22b53a4592f8b1efb39afb1e1b5fb7ac78cac9bf8c6bc1f04b39'
                , agent_logs_id = '0'
                , error_description = ''
                , memory_used = '1696264';
[02/09/2024 07:09:29], [file name :-/home/otrams/public_html/beta/call.php],INSERT INTO xmllogs SET
                type = 'ERROR'
                , http_hit_time = '2024-02-09 07:09:29.130'
                , total_duration = '0.014'
                , hotel_count = 0
                , source_type = 'hotelbeds'
                , create_date = '2024-02-09 07:09:29'
                , session_id = '6ca069b6d19b22b53a4592f8b1efb39afb1e1b5fb7ac78cac9bf8c6bc1f04b39'
                , agent_logs_id = '0'
                , error_description = ''
                , memory_used = '1696296';
[02/09/2024 07:09:29], [file name :-/home/otrams/public_html/beta/call.php],INSERT INTO xmllogs SET
                type = 'ERROR'
                , http_hit_time = '2024-02-09 07:09:29.130'
                , total_duration = '0.014'
                , hotel_count = 0
                , source_type = 'hotelbeds'
                , create_date = '2024-02-09 07:09:29'
                , session_id = '6ca069b6d19b22b53a4592f8b1efb39afb1e1b5fb7ac78cac9bf8c6bc1f04b39'
                , agent_logs_id = '0'
                , error_description = ''
                , memory_used = '1696296';
[02/09/2024 07:09:29], [file name :-/home/otrams/public_html/beta/call.php],INSERT INTO xmllogs SET
                type = 'ERROR'
                , http_hit_time = '2024-02-09 07:09:29.130'
                , total_duration = '0.014'
                , hotel_count = 0
                , source_type = 'hotelbeds'
                , create_date = '2024-02-09 07:09:29'
                , session_id = '6ca069b6d19b22b53a4592f8b1efb39afb1e1b5fb7ac78cac9bf8c6bc1f04b39'
                , agent_logs_id = '0'
                , error_description = ''
                , memory_used = '1696296';
[02/09/2024 07:09:29], [file name :-/home/otrams/public_html/beta/call.php],INSERT INTO xmllogs SET
                type = 'ERROR'
                , http_hit_time = '2024-02-09 07:09:29.130'
                , total_duration = '0.014'
                , hotel_count = 0
                , source_type = 'hotelbeds'
                , create_date = '2024-02-09 07:09:29'
                , session_id = '6ca069b6d19b22b53a4592f8b1efb39afb1e1b5fb7ac78cac9bf8c6bc1f04b39'
                , agent_logs_id = '0'
                , error_description = ''
                , memory_used = '1696296';
[02/09/2024 07:09:29], [file name :-/home/otrams/public_html/beta/call.php],INSERT INTO xmllogs(reservation_id, type, request_path, response_path, header_path, source_type, create_date, header, session_id, agent_logs_id)
                VALUE ('', 'availability', 'e1/09_02_2024/request_availability_hotel_yards_07_09_29_1707462569_21.json', 'e1/09_02_2024/response_availability_hotel_yards_07_09_29_1707462569_21.json', 'e1/09_02_2024/response_header_availability_hotel_yards_07_09_29_1707462569_21.json', 'expedia', '2024-02-09 07:09:29', '', '6ca069b6d19b22b53a4592f8b1efb39afb1e1b5fb7ac78cac9bf8c6bc1f04b39', '0');
[02/09/2024 07:09:29], [file name :-/home/otrams/public_html/beta/call.php],UPDATE xmllogs SET
            hotel_count = ''
            , request_url = '/call.php?s=expedia&sessionid=6ca069b6d19b22b53a4592f8b1efb39afb1e1b5fb7ac78cac9bf8c6bc1f04b39&xml_user_id=7867&db_caching=1&erequest=2&total_request=3&web_service=no&ip=43.239.53.130&browser=GoogleChrome%2F121.0.0.0%28windows%29&hotels_ids=&expediaRapidApi=&agent_country=95'
            , http_hit_time = '2024-02-09 07:09:29.131'
            , request_start_time = '0.000'
            , parsing_start_time = '0.000'
            , mapping_complete_time = '0.000'
            , mongo_start_time = '0.000'
            , search_end_time = '0.000'
            , total_duration = '0.294'
            , error_description = ''
            , memory_used = '1425184'
            WHERE id = '32215';
[02/09/2024 07:09:30], [file name :-/home/otrams/public_html/beta/call.php],INSERT INTO xmllogs(reservation_id, type, request_path, response_path, header_path, source_type, create_date, header, session_id, agent_logs_id)
                VALUE ('', 'availability', 'e1/09_02_2024/request_availability_hotel_yards_07_09_29_1707462569_46.json', 'e1/09_02_2024/response_availability_hotel_yards_07_09_29_1707462569_46.json', 'e1/09_02_2024/response_header_availability_hotel_yards_07_09_29_1707462569_46.json', 'expedia', '2024-02-09 07:09:30', '', '6ca069b6d19b22b53a4592f8b1efb39afb1e1b5fb7ac78cac9bf8c6bc1f04b39', '0');
[02/09/2024 07:09:32], [file name :-/home/otrams/public_html/beta/call.php],INSERT INTO xmllogs(reservation_id, type, request_path, response_path, header_path, source_type, create_date, header, session_id, agent_logs_id)
                VALUE ('', 'availability', 'e1/09_02_2024/request_availability_hotel_yards_07_09_29_1707462569_93.json', 'e1/09_02_2024/response_availability_hotel_yards_07_09_29_1707462569_93.json', 'e1/09_02_2024/response_header_availability_hotel_yards_07_09_29_1707462569_93.json', 'expedia', '2024-02-09 07:09:32', '', '6ca069b6d19b22b53a4592f8b1efb39afb1e1b5fb7ac78cac9bf8c6bc1f04b39', '0');
[02/09/2024 07:09:32], [file name :-/home/otrams/public_html/beta/call.php],UPDATE xmllogs SET
            hotel_count = ''
            , request_url = '/call.php?s=expedia&sessionid=6ca069b6d19b22b53a4592f8b1efb39afb1e1b5fb7ac78cac9bf8c6bc1f04b39&xml_user_id=7867&db_caching=1&erequest=1&total_request=3&web_service=no&ip=43.239.53.130&browser=GoogleChrome%2F121.0.0.0%28windows%29&hotels_ids=&expediaRapidApi=&agent_country=95'
            , http_hit_time = '2024-02-09 07:09:29.131'
            , request_start_time = '0.000'
            , parsing_start_time = '0.000'
            , mapping_complete_time = '0.000'
            , mongo_start_time = '0.000'
            , search_end_time = '0.000'
            , total_duration = '3.024'
            , error_description = ''
            , memory_used = '154622992'
            WHERE id = '32216';
[02/09/2024 07:09:33], [file name :-/home/otrams/public_html/beta/call.php],UPDATE xmllogs SET
            hotel_count = ''
            , request_url = '/call.php?s=expedia&sessionid=6ca069b6d19b22b53a4592f8b1efb39afb1e1b5fb7ac78cac9bf8c6bc1f04b39&xml_user_id=7867&db_caching=1&erequest=0&total_request=3&web_service=no&ip=43.239.53.130&browser=GoogleChrome%2F121.0.0.0%28windows%29&hotels_ids=&expediaRapidApi=&agent_country=95'
            , http_hit_time = '2024-02-09 07:09:29.131'
            , request_start_time = '0.000'
            , parsing_start_time = '0.000'
            , mapping_complete_time = '0.000'
            , mongo_start_time = '0.000'
            , search_end_time = '0.000'
            , total_duration = '4.340'
            , error_description = ''
            , memory_used = '177352944'
            WHERE id = '32217';
[02/09/2024 07:09:33], [file name :-/home/otrams/public_html/beta/m1_hotel_search_listing.php],UPDATE user_sessions_ip SET update_date = '2024-02-09 07:09:33' WHERE id= '528';
[02/09/2024 07:09:34], [file name :-/home/otrams/public_html/beta/book_sightseeing.php],UPDATE user_sessions_ip SET update_date = '2024-02-09 07:09:34' WHERE id= '520';
[02/09/2024 07:09:34], [file name :-/home/otrams/public_html/beta/book_sightseeing.php],INSERT INTO autogenerator_reservation (reservation_id, remote_id) VALUES ('1707462574','43.239.53.130');
[02/09/2024 07:09:34], [file name :-/home/otrams/public_html/beta/ajax/manualKeepAlive.php],UPDATE user_sessions_ip SET update_date = '2024-02-09 07:09:34' WHERE id= '528';
[02/09/2024 07:09:38], [file name :-/home/otrams/public_html/beta/m1_hotel_search_listing.php],UPDATE user_sessions_ip SET update_date = '2024-02-09 07:09:38' WHERE id= '528';
[02/09/2024 07:10:40], [file name :-/home/otrams/public_html/beta/agent_registration.php],UPDATE user_sessions_ip SET update_date = '2024-02-09 07:10:40' WHERE id= '528';
[02/09/2024 07:10:57], [file name :-/home/otrams/public_html/beta/about_us.php],UPDATE user_sessions_ip SET update_date = '2024-02-09 07:10:57' WHERE id= '528';
[02/09/2024 07:10:58], [file name :-/home/otrams/public_html/beta/privacy_policy.php],UPDATE user_sessions_ip SET update_date = '2024-02-09 07:10:58' WHERE id= '528';
[02/09/2024 07:11:15], [file name :-/home/otrams/public_html/beta/book_sightseeing.php],UPDATE user_sessions_ip SET update_date = '2024-02-09 07:11:15' WHERE id= '520';
[02/09/2024 07:11:15], [file name :-/home/otrams/public_html/beta/book_sightseeing.php],INSERT INTO autogenerator_reservation (reservation_id, remote_id) VALUES ('1707462675','43.239.53.130');
[02/09/2024 07:12:23], [file name :-/home/otrams/public_html/beta/book_sightseeing.php],UPDATE user_sessions_ip SET update_date = '2024-02-09 07:12:23' WHERE id= '520';
[02/09/2024 07:12:23], [file name :-/home/otrams/public_html/beta/book_sightseeing.php],INSERT INTO autogenerator_reservation (reservation_id, remote_id) VALUES ('1707462743','43.239.53.130');
[02/09/2024 07:12:41], [file name :-/home/otrams/public_html/beta/agent_registration.php],UPDATE user_sessions_ip SET update_date = '2024-02-09 07:12:41' WHERE id= '528';
[02/09/2024 07:13:03], [file name :-/home/otrams/public_html/beta/m1_hotel_search_listing.php],UPDATE user_sessions_ip SET update_date = '2024-02-09 07:13:03' WHERE id= '528';
[02/09/2024 07:13:06], [file name :-/home/otrams/public_html/beta/hotel_search.php],UPDATE user_sessions_ip SET update_date = '2024-02-09 07:13:06' WHERE id= '528';
[02/09/2024 07:13:18], [file name :-/home/otrams/public_html/beta/m1_write_cache.php],UPDATE user_sessions_ip SET update_date = '2024-02-09 07:13:18' WHERE id= '528';
[02/09/2024 07:13:18], [file name :-/home/otrams/public_html/beta/book_now.php],UPDATE user_sessions_ip SET update_date = '2024-02-09 07:13:18' WHERE id= '528';
[02/09/2024 07:13:18], [file name :-/home/otrams/public_html/beta/book_now.php],INSERT INTO autogenerator_reservation (reservation_id, remote_id) VALUES ('1707462798','43.239.53.130');
[02/09/2024 07:13:19], [file name :-/home/otrams/public_html/beta/book_now.php],INSERT INTO xmllogs(reservation_id, type, request_path, response_path, header_path, source_type, create_date, header, session_id, agent_logs_id)
                VALUE ('', 'valuation', 'e1/09_02_2024/request_valuation_hotel_yards_07_13_18_1707462798_36.json', 'e1/09_02_2024/response_valuation_hotel_yards_07_13_18_1707462798_36.json', 'e1/09_02_2024/response_header_valuation_hotel_yards_07_13_18_1707462798_36.json', 'expedia', '2024-02-09 07:13:19', '', '6ca069b6d19b22b53a4592f8b1efb39afb1e1b5fb7ac78cac9bf8c6bc1f04b39', '0');
[02/09/2024 07:13:36], [file name :-/home/otrams/public_html/beta/agent_login.php],UPDATE user_sessions_ip SET update_date = '2024-02-09 07:13:36' WHERE id= '528';
[02/09/2024 07:13:36], [file name :-/home/otrams/public_html/beta/agent_login.php],update agents set last_login_date = '2024-02-09 07:13:36',login_attempt=0 where id = '7870';
[02/09/2024 07:13:36], [file name :-/home/otrams/public_html/beta/agent_login.php],INSERT INTO psa_login_log  SET username = 'hotelyards-agent', user_type = 'A', branch_id = '32', login_datetime = '2024-02-09 07:13:36', ip = '43.239.53.130', action = 'Login' ;
[02/09/2024 07:13:36], [file name :-/home/otrams/public_html/beta/hotel_search.php],UPDATE user_sessions_ip SET update_date = '2024-02-09 07:13:36' WHERE id= '528';
[02/09/2024 07:13:42], [file name :-/home/otrams/public_html/beta/agent_login.php],update agents set last_login_date = '2024-02-09 07:13:42',login_attempt=0 where id = '7870';
[02/09/2024 07:13:42], [file name :-/home/otrams/public_html/beta/agent_login.php],INSERT INTO psa_login_log  SET username = 'hotelyards-agent', user_type = 'A', branch_id = '32', login_datetime = '2024-02-09 07:13:42', ip = '43.239.53.130', action = 'Login' ;
[02/09/2024 07:13:42], [file name :-/home/otrams/public_html/beta/hotel_search.php],insert into user_sessions_ip SET ip_addr='43.239.53.130', agent_id='7867', session_id='28f51ac8a82c94a5f5fb6c1cd979cd635bc3b797033407ff5470749786073b44',create_date='2024-02-09 07:13:42', update_date='2024-02-09 07:13:42',domain='hotelyards.astrabookings.com',sub_agent_id='',sub_user_id='';
[02/09/2024 07:13:48], [file name :-/home/otrams/public_html/beta/booking_list.php],UPDATE user_sessions_ip SET update_date = '2024-02-09 07:13:48' WHERE id= '529';
[02/09/2024 07:13:51], [file name :-/home/otrams/public_html/beta/book_sightseeing.php],UPDATE user_sessions_ip SET update_date = '2024-02-09 07:13:51' WHERE id= '520';
[02/09/2024 07:13:51], [file name :-/home/otrams/public_html/beta/book_sightseeing.php],INSERT INTO autogenerator_reservation (reservation_id, remote_id) VALUES ('1707462831','43.239.53.130');
[02/09/2024 07:13:51], [file name :-/home/otrams/public_html/beta/booking_list.php],UPDATE user_sessions_ip SET update_date = '2024-02-09 07:13:51' WHERE id= '529';
[02/09/2024 07:13:58], [file name :-/home/otrams/public_html/beta/booking_list.php],UPDATE user_sessions_ip SET update_date = '2024-02-09 07:13:58' WHERE id= '529';
[02/09/2024 07:13:58], [file name :-/home/otrams/public_html/beta/booking_list.php],update messages set mssg_status='R' where booking_id=?;
[02/09/2024 07:14:03], [file name :-/home/otrams/public_html/beta/get_vouchered_cancellation_request.php],UPDATE user_sessions_ip SET update_date = '2024-02-09 07:14:03' WHERE id= '529';
[02/09/2024 07:14:06], [file name :-/home/otrams/public_html/beta/get_vouchered_cancellation_request.php],UPDATE user_sessions_ip SET update_date = '2024-02-09 07:14:06' WHERE id= '529';
[02/09/2024 07:14:07], [file name :-/home/otrams/public_html/beta/get_vouchered_cancellation_request.php],update bookings set pending_cancellation = 'yes' where id='384' and reservation_id='2553';
[02/09/2024 07:14:07], [file name :-/home/otrams/public_html/beta/get_vouchered_cancellation_request.php],INSERT INTO `booking_status` (`id`, `booking_id`, `reservation_id`, `visa_id`, `visa_status`, `status`, `create_date`, `memo`, `agent_id`, `ip_address`, `admin`, `modify_by`, `ip`, `crons`) 
VALUES(NULL,'384','2553','','','Pending Cancel Request','2024-02-09 07:14:06','Request To Cancel Send by Rajendra chaursiya','0','43.239.53.130','hotel_yards','',NULL,'');
[02/09/2024 07:14:07], [file name :-/home/otrams/public_html/beta/booking_list.php],UPDATE user_sessions_ip SET update_date = '2024-02-09 07:14:07' WHERE id= '529';
[02/09/2024 07:14:07], [file name :-/home/otrams/public_html/beta/booking_list.php],update messages set mssg_status='R' where booking_id=?;
[02/09/2024 07:14:36], [file name :-/home/otrams/public_html/beta/tms/edit_booking.php],update bookings set pending_cancellation='no' where id='384';
[02/09/2024 07:14:36], [file name :-/home/otrams/public_html/beta/tms/edit_booking.php],INSERT INTO booking_status (reservation_id,booking_id,status,create_date,memo,ip_address,admin,modify_by) VALUES ('2553','384','vouchered','2024-02-09 07:14:36','Remove Pending Cancellation: ok','43.239.53.130','','hotelyards');
[02/09/2024 07:14:36], [file name :-/home/otrams/public_html/beta/tms/edit_booking.php],insert into `user_logs` set `username`= 'hotelyards',`create_date`= '2024-02-09 07:14:36',`log_type`= ' Remove Pending Cancellation',`sql_query`= 'INSERT INTO booking_status (reservation_id,booking_id,status,create_date,memo,ip_address,admin,modify_by) VALUES (\&#039;2553\&#039;,\&#039;384\&#039;,\&#039;vouchered\&#039;,\&#039;2024-02-09 07:14:36\&#039;,\&#039;Remove Pending Cancellation: ok\&#039;,\&#039;43.239.53.130\&#039;,\&#039;\&#039;,\&#039;hotelyards\&#039;)',`log_description`= ' Booking Id \&#039;384\&#039; Modified by User \&#039;hotelyards\&#039;',`ip`= '43.239.53.130';
[02/09/2024 07:14:37], [file name :-/home/otrams/public_html/beta/hotel_search.php],UPDATE user_sessions_ip SET update_date = '2024-02-09 07:14:37' WHERE id= '528';
[02/09/2024 07:14:47], [file name :-/home/otrams/public_html/beta/tms/edit_booking.php],update bookings set pending_ammendment='0' where id='384';
[02/09/2024 07:14:47], [file name :-/home/otrams/public_html/beta/tms/edit_booking.php],INSERT INTO booking_status (reservation_id,booking_id,status,create_date,memo,ip_address,admin,modify_by) VALUES ('2553','384','vouchered','2024-02-09 07:14:47','Remove Pending Ammendment: ok','43.239.53.130','','hotelyards');
[02/09/2024 07:14:47], [file name :-/home/otrams/public_html/beta/tms/edit_booking.php],insert into `user_logs` set `username`= 'hotelyards',`create_date`= '2024-02-09 07:14:47',`log_type`= ' Remove Pending Ammendment',`sql_query`= 'INSERT INTO booking_status (reservation_id,booking_id,status,create_date,memo,ip_address,admin,modify_by) VALUES (\&#039;2553\&#039;,\&#039;384\&#039;,\&#039;vouchered\&#039;,\&#039;2024-02-09 07:14:47\&#039;,\&#039;Remove Pending Ammendment: ok\&#039;,\&#039;43.239.53.130\&#039;,\&#039;\&#039;,\&#039;hotelyards\&#039;)',`log_description`= ' Booking Id \&#039;384\&#039; Modified by User \&#039;hotelyards\&#039;',`ip`= '43.239.53.130';
[02/09/2024 07:16:19], [file name :-/home/otrams/public_html/beta/hotel_search.php],UPDATE user_sessions_ip SET update_date = '2024-02-09 07:16:19' WHERE id= '528';
[02/09/2024 07:17:50], [file name :-/home/otrams/public_html/beta/hotel_search.php],UPDATE user_sessions_ip SET update_date = '2024-02-09 07:17:50' WHERE id= '528';
[02/09/2024 07:17:58], [file name :-/home/otrams/public_html/beta/hotel_search.php],UPDATE user_sessions_ip SET update_date = '2024-02-09 07:17:58' WHERE id= '528';
[02/09/2024 07:18:04], [file name :-/home/otrams/public_html/beta/booking_list.php],UPDATE user_sessions_ip SET update_date = '2024-02-09 07:18:04' WHERE id= '528';
[02/09/2024 07:18:09], [file name :-/home/otrams/public_html/beta/my_accounts.php],UPDATE user_sessions_ip SET update_date = '2024-02-09 07:18:09' WHERE id= '528';
[02/09/2024 07:18:18], [file name :-/home/otrams/public_html/beta/contact_us.php],UPDATE user_sessions_ip SET update_date = '2024-02-09 07:18:18' WHERE id= '528';
[02/09/2024 07:18:36], [file name :-/home/otrams/public_html/beta/about_us.php],UPDATE user_sessions_ip SET update_date = '2024-02-09 07:18:36' WHERE id= '528';
[02/09/2024 07:19:17], [file name :-/home/otrams/public_html/beta/contact_us.php],UPDATE user_sessions_ip SET update_date = '2024-02-09 07:19:17' WHERE id= '528';
[02/09/2024 07:19:19], [file name :-/home/otrams/public_html/beta/about_us.php],UPDATE user_sessions_ip SET update_date = '2024-02-09 07:19:19' WHERE id= '528';
[02/09/2024 07:19:28], [file name :-/home/otrams/public_html/beta/terms.php],UPDATE user_sessions_ip SET update_date = '2024-02-09 07:19:28' WHERE id= '528';
[02/09/2024 07:19:28], [file name :-/home/otrams/public_html/beta/privacy_policy.php],UPDATE user_sessions_ip SET update_date = '2024-02-09 07:19:28' WHERE id= '528';
[02/09/2024 07:19:43], [file name :-/home/otrams/public_html/beta/booking_list.php],UPDATE user_sessions_ip SET update_date = '2024-02-09 07:19:43' WHERE id= '528';
[02/09/2024 07:19:43], [file name :-/home/otrams/public_html/beta/my_accounts.php],UPDATE user_sessions_ip SET update_date = '2024-02-09 07:19:43' WHERE id= '528';
[02/09/2024 07:19:48], [file name :-/home/otrams/public_html/beta/change_password.php],UPDATE user_sessions_ip SET update_date = '2024-02-09 07:19:48' WHERE id= '528';
[02/09/2024 07:19:49], [file name :-/home/otrams/public_html/beta/manage_sub_user.php],UPDATE user_sessions_ip SET update_date = '2024-02-09 07:19:49' WHERE id= '528';
[02/09/2024 07:19:51], [file name :-/home/otrams/public_html/beta/edit_profile.php],UPDATE user_sessions_ip SET update_date = '2024-02-09 07:19:51' WHERE id= '528';
[02/09/2024 07:19:57], [file name :-/home/otrams/public_html/beta/manage_sub_user.php],UPDATE user_sessions_ip SET update_date = '2024-02-09 07:19:57' WHERE id= '528';
[02/09/2024 07:20:08], [file name :-/home/otrams/public_html/beta/edit_profile.php],UPDATE user_sessions_ip SET update_date = '2024-02-09 07:20:08' WHERE id= '528';
[02/09/2024 07:20:12], [file name :-/home/otrams/public_html/beta/agent_registration.php],UPDATE user_sessions_ip SET update_date = '2024-02-09 07:20:12' WHERE id= '528';
[02/09/2024 07:21:15], [file name :-/home/otrams/public_html/beta/agent_registration.php],UPDATE user_sessions_ip SET update_date = '2024-02-09 07:21:15' WHERE id= '528';
[02/09/2024 07:23:25], [file name :-/home/otrams/public_html/beta/agent_registration.php],UPDATE user_sessions_ip SET update_date = '2024-02-09 07:23:25' WHERE id= '528';
[02/09/2024 07:23:32], [file name :-/home/otrams/public_html/beta/agent_registration.php],UPDATE user_sessions_ip SET update_date = '2024-02-09 07:23:32' WHERE id= '528';
[02/09/2024 07:23:34], [file name :-/home/otrams/public_html/beta/edit_profile.php],UPDATE user_sessions_ip SET update_date = '2024-02-09 07:23:34' WHERE id= '528';
[02/09/2024 07:23:46], [file name :-/home/otrams/public_html/beta/crop_upload.php],UPDATE user_sessions_ip SET update_date = '2024-02-09 07:23:46' WHERE id= '528';
[02/09/2024 07:23:47], [file name :-/home/otrams/public_html/beta/upload.php],UPDATE user_sessions_ip SET update_date = '2024-02-09 07:23:47' WHERE id= '528';
[02/09/2024 07:23:59], [file name :-/home/otrams/public_html/beta/edit_profile.php],UPDATE user_sessions_ip SET update_date = '2024-02-09 07:23:59' WHERE id= '528';
[02/09/2024 07:24:05], [file name :-/home/otrams/public_html/beta/get_vouchered_cancellation_request.php],UPDATE user_sessions_ip SET update_date = '2024-02-09 07:24:05' WHERE id= '529';
[02/09/2024 07:24:11], [file name :-/home/otrams/public_html/beta/get_vouchered_cancellation_request.php],UPDATE user_sessions_ip SET update_date = '2024-02-09 07:24:11' WHERE id= '529';
[02/09/2024 07:24:12], [file name :-/home/otrams/public_html/beta/get_vouchered_cancellation_request.php],update bookings set pending_cancellation = 'yes' where id='384' and reservation_id='2553';
[02/09/2024 07:24:12], [file name :-/home/otrams/public_html/beta/get_vouchered_cancellation_request.php],INSERT INTO `booking_status` (`id`, `booking_id`, `reservation_id`, `visa_id`, `visa_status`, `status`, `create_date`, `memo`, `agent_id`, `ip_address`, `admin`, `modify_by`, `ip`, `crons`) 
VALUES(NULL,'384','2553','','','Pending Cancel Request','2024-02-09 07:24:11','Request To Cancel Send by Rajendra chaursiya','0','43.239.53.130','hotel_yards','',NULL,'');
[02/09/2024 07:24:12], [file name :-/home/otrams/public_html/beta/booking_list.php],UPDATE user_sessions_ip SET update_date = '2024-02-09 07:24:12' WHERE id= '529';
[02/09/2024 07:24:12], [file name :-/home/otrams/public_html/beta/booking_list.php],update messages set mssg_status='R' where booking_id=?;
[02/09/2024 07:26:39], [file name :-/home/otrams/public_html/beta/sight_search_list.php],UPDATE user_sessions_ip SET update_date = '2024-02-09 07:26:39' WHERE id= '520';
[02/09/2024 07:26:40], [file name :-/home/otrams/public_html/beta/sight_search_list.php],UPDATE user_sessions_ip SET update_date = '2024-02-09 07:26:40' WHERE id= '520';
[02/09/2024 07:26:41], [file name :-/home/otrams/public_html/beta/ajax/ajax_categories.php],UPDATE user_sessions_ip SET update_date = '2024-02-09 07:26:41' WHERE id= '520';
[02/09/2024 07:26:42], [file name :-/home/otrams/public_html/beta/user_sight_details.php],UPDATE user_sessions_ip SET update_date = '2024-02-09 07:26:42' WHERE id= '520';
[02/09/2024 07:26:43], [file name :-/home/otrams/public_html/beta/user_sight_details.php],INSERT INTO xmllogs(reservation_id, type, request_path, response_path, header_path, source_type, create_date, header, session_id, agent_logs_id)
                VALUE ('', 'sight_details', 'v1/09_02_2024/request_sight_details_shiv_qtech_07_26_42_1707463602.json', 'v1/09_02_2024/response_sight_details_shiv_qtech_07_26_42_1707463602.json', 'v1/09_02_2024/response_header_sight_details_shiv_qtech_07_26_42_1707463602.json', 'viator', '2024-02-09 07:26:43', '', '', '1375');
[02/09/2024 07:26:44], [file name :-/home/otrams/public_html/beta/user_sight_details.php],INSERT INTO xmllogs(reservation_id, type, request_path, response_path, header_path, source_type, create_date, header, session_id, agent_logs_id)
                VALUE ('', 'sight_details', 'v1/09_02_2024/request_sight_details_shiv_qtech_07_26_43_1707463603.json', 'v1/09_02_2024/response_sight_details_shiv_qtech_07_26_43_1707463603.json', 'v1/09_02_2024/response_header_sight_details_shiv_qtech_07_26_43_1707463603.json', 'viator', '2024-02-09 07:26:44', '', '', '1375');
[02/09/2024 07:26:44], [file name :-/home/otrams/public_html/beta/user_sight_details.php],UPDATE user_sessions_ip SET update_date = '2024-02-09 07:26:44' WHERE id= '520';
[02/09/2024 07:26:44], [file name :-/home/otrams/public_html/beta/user_sight_details.php],INSERT INTO xmllogs(reservation_id, type, request_path, response_path, header_path, source_type, create_date, header, session_id, agent_logs_id)
                VALUE ('', 'sight_details', 'v1/09_02_2024/request_sight_details_shiv_qtech_07_26_44_1707463604.json', 'v1/09_02_2024/response_sight_details_shiv_qtech_07_26_44_1707463604.json', 'v1/09_02_2024/response_header_sight_details_shiv_qtech_07_26_44_1707463604.json', 'viator', '2024-02-09 07:26:44', '', '', '1375');
[02/09/2024 07:26:45], [file name :-/home/otrams/public_html/beta/user_sight_details.php],INSERT INTO xmllogs(reservation_id, type, request_path, response_path, header_path, source_type, create_date, header, session_id, agent_logs_id)
                VALUE ('', 'sight_details', 'v1/09_02_2024/request_sight_details_shiv_qtech_07_26_44_1707463604.json', 'v1/09_02_2024/response_sight_details_shiv_qtech_07_26_44_1707463604.json', 'v1/09_02_2024/response_header_sight_details_shiv_qtech_07_26_44_1707463604.json', 'viator', '2024-02-09 07:26:45', '', '', '1375');
[02/09/2024 07:26:48], [file name :-/home/otrams/public_html/beta/manage_sub_user.php],UPDATE user_sessions_ip SET update_date = '2024-02-09 07:26:48' WHERE id= '528';
[02/09/2024 07:26:49], [file name :-/home/otrams/public_html/beta/user_sight_details.php],UPDATE user_sessions_ip SET update_date = '2024-02-09 07:26:49' WHERE id= '520';
[02/09/2024 07:27:19], [file name :-/home/otrams/public_html/beta/user_sight_details.php],INSERT INTO xmllogs(reservation_id, type, request_path, response_path, header_path, source_type, create_date, header, session_id, agent_logs_id)
                VALUE ('', 'check_availability', 'v1/09_02_2024/request_check_availability_shiv_qtech_07_26_49_1707463609.json', 'v1/09_02_2024/response_check_availability_shiv_qtech_07_26_49_1707463609.json', 'v1/09_02_2024/response_header_check_availability_shiv_qtech_07_26_49_1707463609.json', 'viator', '2024-02-09 07:27:19', '', '', '1375');
[02/09/2024 07:39:43], [file name :-/home/otrams/public_html/beta/user_sight_details.php],UPDATE user_sessions_ip SET update_date = '2024-02-09 07:39:43' WHERE id= '520';
[02/09/2024 07:39:44], [file name :-/home/otrams/public_html/beta/user_sight_details.php],INSERT INTO xmllogs(reservation_id, type, request_path, response_path, header_path, source_type, create_date, header, session_id, agent_logs_id)
                VALUE ('', 'check_availability', 'v1/09_02_2024/request_check_availability_shiv_qtech_07_39_43_1707464383.json', 'v1/09_02_2024/response_check_availability_shiv_qtech_07_39_43_1707464383.json', 'v1/09_02_2024/response_header_check_availability_shiv_qtech_07_39_43_1707464383.json', 'viator', '2024-02-09 07:39:44', '', '', '1375');
[02/09/2024 07:40:02], [file name :-/home/otrams/public_html/beta/user_sight_details.php],UPDATE user_sessions_ip SET update_date = '2024-02-09 07:40:02' WHERE id= '520';
[02/09/2024 07:40:02], [file name :-/home/otrams/public_html/beta/user_sight_details.php],INSERT INTO xmllogs(reservation_id, type, request_path, response_path, header_path, source_type, create_date, header, session_id, agent_logs_id)
                VALUE ('', 'check_availability', 'v1/09_02_2024/request_check_availability_shiv_qtech_07_40_02_1707464402.json', 'v1/09_02_2024/response_check_availability_shiv_qtech_07_40_02_1707464402.json', 'v1/09_02_2024/response_header_check_availability_shiv_qtech_07_40_02_1707464402.json', 'viator', '2024-02-09 07:40:02', '', '', '1375');
[02/09/2024 07:42:04], [file name :-/home/otrams/public_html/beta/user_sight_details.php],UPDATE user_sessions_ip SET update_date = '2024-02-09 07:42:04' WHERE id= '520';
[02/09/2024 07:42:25], [file name :-/home/otrams/public_html/beta/user_sight_details.php],INSERT INTO xmllogs(reservation_id, type, request_path, response_path, header_path, source_type, create_date, header, session_id, agent_logs_id)
                VALUE ('', 'check_availability', 'v1/09_02_2024/request_check_availability_shiv_qtech_07_42_04_1707464524.json', 'v1/09_02_2024/response_check_availability_shiv_qtech_07_42_04_1707464524.json', 'v1/09_02_2024/response_header_check_availability_shiv_qtech_07_42_04_1707464524.json', 'viator', '2024-02-09 07:42:25', '', '', '1375');
[02/09/2024 07:42:25], [file name :-/home/otrams/public_html/beta/user_sight_details.php],UPDATE user_sessions_ip SET update_date = '2024-02-09 07:42:25' WHERE id= '520';
[02/09/2024 07:42:28], [file name :-/home/otrams/public_html/beta/user_sight_details.php],INSERT INTO xmllogs(reservation_id, type, request_path, response_path, header_path, source_type, create_date, header, session_id, agent_logs_id)
                VALUE ('', 'check_availability', 'v1/09_02_2024/request_check_availability_shiv_qtech_07_42_25_1707464545.json', 'v1/09_02_2024/response_check_availability_shiv_qtech_07_42_25_1707464545.json', 'v1/09_02_2024/response_header_check_availability_shiv_qtech_07_42_25_1707464545.json', 'viator', '2024-02-09 07:42:28', '', '', '1375');
[02/09/2024 07:49:29], [file name :-/home/otrams/public_html/beta/user_sight_details.php],UPDATE user_sessions_ip SET update_date = '2024-02-09 07:49:29' WHERE id= '520';
[02/09/2024 07:49:31], [file name :-/home/otrams/public_html/beta/user_sight_details.php],INSERT INTO xmllogs(reservation_id, type, request_path, response_path, header_path, source_type, create_date, header, session_id, agent_logs_id)
                VALUE ('', 'check_availability', 'v1/09_02_2024/request_check_availability_shiv_qtech_07_49_29_1707464969.json', 'v1/09_02_2024/response_check_availability_shiv_qtech_07_49_29_1707464969.json', 'v1/09_02_2024/response_header_check_availability_shiv_qtech_07_49_29_1707464969.json', 'viator', '2024-02-09 07:49:31', '', '', '1375');
[02/09/2024 07:50:42], [file name :-/home/otrams/public_html/beta/user_sight_details.php],UPDATE user_sessions_ip SET update_date = '2024-02-09 07:50:42' WHERE id= '520';
[02/09/2024 07:50:42], [file name :-/home/otrams/public_html/beta/user_sight_details.php],INSERT INTO xmllogs(reservation_id, type, request_path, response_path, header_path, source_type, create_date, header, session_id, agent_logs_id)
                VALUE ('', 'check_availability', 'v1/09_02_2024/request_check_availability_shiv_qtech_07_50_42_1707465042.json', 'v1/09_02_2024/response_check_availability_shiv_qtech_07_50_42_1707465042.json', 'v1/09_02_2024/response_header_check_availability_shiv_qtech_07_50_42_1707465042.json', 'viator', '2024-02-09 07:50:42', '', '', '1375');
[02/09/2024 07:54:52], [file name :-/home/otrams/public_html/beta/hotel_search.php],UPDATE user_sessions_ip SET update_date = '2024-02-09 07:54:52' WHERE id= '529';
[02/09/2024 07:54:56], [file name :-/home/otrams/public_html/beta/get_city_list.php],UPDATE user_sessions_ip SET update_date = '2024-02-09 07:54:56' WHERE id= '529';
[02/09/2024 07:55:18], [file name :-/home/otrams/public_html/beta/hotel_search_list.php],UPDATE user_sessions_ip SET update_date = '2024-02-09 07:55:18' WHERE id= '529';
[02/09/2024 07:55:18], [file name :-/home/otrams/public_html/beta/hotel_search_list.php],INSERT INTO agent_logs SET  agent_id = '7870' , sub_agent_id = '' , sub_user_id = '0' , branch_id = '32' , ip = '43.239.53.130' , city = 'bali' , service_name = '' , country_of_residence = '95' , service_type = 'hotel' , arrival_date = '2024/06/12' , departure_date = '2024/06/13' , nights = '1' , nationality = '95' , room_types = '1' , room_type='[{"numberOfAdults":1}]' , available='0' , create_date = '2024-02-09 07:55:18' , site_id = '21' , country_code = '107' , city_code = '107_17239-DPS_1523' , ratings = '1.0,2.0,3.0,4.0,5.0,SC' , selected_currency = 'USD' , currency_code = 'USD' , web_service = '' ;
[02/09/2024 07:55:19], [file name :-/home/otrams/public_html/beta/xml_all.php],UPDATE user_sessions_ip SET update_date = '2024-02-09 07:55:19' WHERE id= '529';
[02/09/2024 07:55:19], [file name :-/home/otrams/public_html/beta/call.php],INSERT INTO xmllogs SET
                type = 'ERROR'
                , http_hit_time = '2024-02-09 07:55:19.797'
                , total_duration = '0.016'
                , hotel_count = 0
                , source_type = 'hotelbeds'
                , create_date = '2024-02-09 07:55:19'
                , session_id = '28f51ac8a82c94a5f5fb6c1cd979cd635bc3b797033407ff5470749786073b44'
                , agent_logs_id = '0'
                , error_description = ''
                , memory_used = '1696504';
[02/09/2024 07:55:19], [file name :-/home/otrams/public_html/beta/call.php],INSERT INTO xmllogs SET
                type = 'ERROR'
                , http_hit_time = '2024-02-09 07:55:19.797'
                , total_duration = '0.016'
                , hotel_count = 0
                , source_type = 'hotelbeds'
                , create_date = '2024-02-09 07:55:19'
                , session_id = '28f51ac8a82c94a5f5fb6c1cd979cd635bc3b797033407ff5470749786073b44'
                , agent_logs_id = '0'
                , error_description = ''
                , memory_used = '1696608';
[02/09/2024 07:55:19], [file name :-/home/otrams/public_html/beta/call.php],INSERT INTO xmllogs SET
                type = 'ERROR'
                , http_hit_time = '2024-02-09 07:55:19.797'
                , total_duration = '0.017'
                , hotel_count = 0
                , source_type = 'hotelbeds'
                , create_date = '2024-02-09 07:55:19'
                , session_id = '28f51ac8a82c94a5f5fb6c1cd979cd635bc3b797033407ff5470749786073b44'
                , agent_logs_id = '0'
                , error_description = ''
                , memory_used = '1696608';
[02/09/2024 07:55:19], [file name :-/home/otrams/public_html/beta/call.php],INSERT INTO xmllogs SET
                type = 'ERROR'
                , http_hit_time = '2024-02-09 07:55:19.798'
                , total_duration = '0.017'
                , hotel_count = 0
                , source_type = 'hotelbeds'
                , create_date = '2024-02-09 07:55:19'
                , session_id = '28f51ac8a82c94a5f5fb6c1cd979cd635bc3b797033407ff5470749786073b44'
                , agent_logs_id = '0'
                , error_description = ''
                , memory_used = '1696456';
[02/09/2024 07:55:19], [file name :-/home/otrams/public_html/beta/call.php],INSERT INTO xmllogs SET
                type = 'ERROR'
                , http_hit_time = '2024-02-09 07:55:19.797'
                , total_duration = '0.018'
                , hotel_count = 0
                , source_type = 'hotelbeds'
                , create_date = '2024-02-09 07:55:19'
                , session_id = '28f51ac8a82c94a5f5fb6c1cd979cd635bc3b797033407ff5470749786073b44'
                , agent_logs_id = '0'
                , error_description = ''
                , memory_used = '1696608';
[02/09/2024 07:55:19], [file name :-/home/otrams/public_html/beta/call.php],INSERT INTO xmllogs SET
                type = 'ERROR'
                , http_hit_time = '2024-02-09 07:55:19.798'
                , total_duration = '0.018'
                , hotel_count = 0
                , source_type = 'hotelbeds'
                , create_date = '2024-02-09 07:55:19'
                , session_id = '28f51ac8a82c94a5f5fb6c1cd979cd635bc3b797033407ff5470749786073b44'
                , agent_logs_id = '0'
                , error_description = ''
                , memory_used = '1696456';
[02/09/2024 07:55:19], [file name :-/home/otrams/public_html/beta/call.php],INSERT INTO xmllogs SET
                type = 'ERROR'
                , http_hit_time = '2024-02-09 07:55:19.797'
                , total_duration = '0.019'
                , hotel_count = 0
                , source_type = 'hotelbeds'
                , create_date = '2024-02-09 07:55:19'
                , session_id = '28f51ac8a82c94a5f5fb6c1cd979cd635bc3b797033407ff5470749786073b44'
                , agent_logs_id = '0'
                , error_description = ''
                , memory_used = '1696608';
[02/09/2024 07:55:19], [file name :-/home/otrams/public_html/beta/call.php],INSERT INTO xmllogs SET
                type = 'ERROR'
                , http_hit_time = '2024-02-09 07:55:19.797'
                , total_duration = '0.021'
                , hotel_count = 0
                , source_type = 'hotelbeds'
                , create_date = '2024-02-09 07:55:19'
                , session_id = '28f51ac8a82c94a5f5fb6c1cd979cd635bc3b797033407ff5470749786073b44'
                , agent_logs_id = '0'
                , error_description = ''
                , memory_used = '1696656';
[02/09/2024 07:55:19], [file name :-/home/otrams/public_html/beta/call.php],INSERT INTO xmllogs SET
                type = 'ERROR'
                , http_hit_time = '2024-02-09 07:55:19.797'
                , total_duration = '0.021'
                , hotel_count = 0
                , source_type = 'hotelbeds'
                , create_date = '2024-02-09 07:55:19'
                , session_id = '28f51ac8a82c94a5f5fb6c1cd979cd635bc3b797033407ff5470749786073b44'
                , agent_logs_id = '0'
                , error_description = ''
                , memory_used = '1696456';
[02/09/2024 07:55:19], [file name :-/home/otrams/public_html/beta/call.php],INSERT INTO xmllogs SET
                type = 'ERROR'
                , http_hit_time = '2024-02-09 07:55:19.797'
                , total_duration = '0.021'
                , hotel_count = 0
                , source_type = 'hotelbeds'
                , create_date = '2024-02-09 07:55:19'
                , session_id = '28f51ac8a82c94a5f5fb6c1cd979cd635bc3b797033407ff5470749786073b44'
                , agent_logs_id = '0'
                , error_description = ''
                , memory_used = '1696608';
[02/09/2024 07:55:19], [file name :-/home/otrams/public_html/beta/call.php],INSERT INTO xmllogs SET
                type = 'ERROR'
                , http_hit_time = '2024-02-09 07:55:19.797'
                , total_duration = '0.022'
                , hotel_count = 0
                , source_type = 'hotelbeds'
                , create_date = '2024-02-09 07:55:19'
                , session_id = '28f51ac8a82c94a5f5fb6c1cd979cd635bc3b797033407ff5470749786073b44'
                , agent_logs_id = '0'
                , error_description = ''
                , memory_used = '1696656';
[02/09/2024 07:55:19], [file name :-/home/otrams/public_html/beta/call.php],INSERT INTO xmllogs SET
                type = 'ERROR'
                , http_hit_time = '2024-02-09 07:55:19.797'
                , total_duration = '0.023'
                , hotel_count = 0
                , source_type = 'hotelbeds'
                , create_date = '2024-02-09 07:55:19'
                , session_id = '28f51ac8a82c94a5f5fb6c1cd979cd635bc3b797033407ff5470749786073b44'
                , agent_logs_id = '0'
                , error_description = ''
                , memory_used = '1696704';
[02/09/2024 07:55:19], [file name :-/home/otrams/public_html/beta/call.php],INSERT INTO xmllogs SET
                type = 'ERROR'
                , http_hit_time = '2024-02-09 07:55:19.798'
                , total_duration = '0.023'
                , hotel_count = 0
                , source_type = 'hotelbeds'
                , create_date = '2024-02-09 07:55:19'
                , session_id = '28f51ac8a82c94a5f5fb6c1cd979cd635bc3b797033407ff5470749786073b44'
                , agent_logs_id = '0'
                , error_description = ''
                , memory_used = '1696456';
[02/09/2024 07:55:19], [file name :-/home/otrams/public_html/beta/call.php],INSERT INTO xmllogs SET
                type = 'ERROR'
                , http_hit_time = '2024-02-09 07:55:19.798'
                , total_duration = '0.023'
                , hotel_count = 0
                , source_type = 'hotelbeds'
                , create_date = '2024-02-09 07:55:19'
                , session_id = '28f51ac8a82c94a5f5fb6c1cd979cd635bc3b797033407ff5470749786073b44'
                , agent_logs_id = '0'
                , error_description = ''
                , memory_used = '1696456';
[02/09/2024 07:55:19], [file name :-/home/otrams/public_html/beta/call.php],INSERT INTO xmllogs SET
                type = 'ERROR'
                , http_hit_time = '2024-02-09 07:55:19.798'
                , total_duration = '0.023'
                , hotel_count = 0
                , source_type = 'hotelbeds'
                , create_date = '2024-02-09 07:55:19'
                , session_id = '28f51ac8a82c94a5f5fb6c1cd979cd635bc3b797033407ff5470749786073b44'
                , agent_logs_id = '0'
                , error_description = ''
                , memory_used = '1696456';
[02/09/2024 07:55:19], [file name :-/home/otrams/public_html/beta/call.php],INSERT INTO xmllogs SET
                type = 'ERROR'
                , http_hit_time = '2024-02-09 07:55:19.798'
                , total_duration = '0.024'
                , hotel_count = 0
                , source_type = 'hotelbeds'
                , create_date = '2024-02-09 07:55:19'
                , session_id = '28f51ac8a82c94a5f5fb6c1cd979cd635bc3b797033407ff5470749786073b44'
                , agent_logs_id = '0'
                , error_description = ''
                , memory_used = '1696456';
[02/09/2024 07:55:19], [file name :-/home/otrams/public_html/beta/call.php],INSERT INTO xmllogs SET
                type = 'ERROR'
                , http_hit_time = '2024-02-09 07:55:19.799'
                , total_duration = '0.024'
                , hotel_count = 0
                , source_type = 'hotelbeds'
                , create_date = '2024-02-09 07:55:19'
                , session_id = '28f51ac8a82c94a5f5fb6c1cd979cd635bc3b797033407ff5470749786073b44'
                , agent_logs_id = '0'
                , error_description = ''
                , memory_used = '1696440';
[02/09/2024 07:55:19], [file name :-/home/otrams/public_html/beta/call.php],INSERT INTO xmllogs SET
                type = 'ERROR'
                , http_hit_time = '2024-02-09 07:55:19.797'
                , total_duration = '0.030'
                , hotel_count = 0
                , source_type = 'hotelbeds'
                , create_date = '2024-02-09 07:55:19'
                , session_id = '28f51ac8a82c94a5f5fb6c1cd979cd635bc3b797033407ff5470749786073b44'
                , agent_logs_id = '0'
                , error_description = ''
                , memory_used = '1696456';
[02/09/2024 07:55:20], [file name :-/home/otrams/public_html/beta/call.php],INSERT INTO xmllogs(reservation_id, type, request_path, response_path, header_path, source_type, create_date, header, session_id, agent_logs_id)
                VALUE ('', 'availability', 'e1/09_02_2024/request_availability_hotel_yards_07_55_19_1707465319_36.json', 'e1/09_02_2024/response_availability_hotel_yards_07_55_19_1707465319_36.json', 'e1/09_02_2024/response_header_availability_hotel_yards_07_55_19_1707465319_36.json', 'expedia', '2024-02-09 07:55:20', '', '28f51ac8a82c94a5f5fb6c1cd979cd635bc3b797033407ff5470749786073b44', '0');
[02/09/2024 07:55:20], [file name :-/home/otrams/public_html/beta/call.php],UPDATE xmllogs SET
            hotel_count = ''
            , request_url = '/call.php?s=expedia&sessionid=28f51ac8a82c94a5f5fb6c1cd979cd635bc3b797033407ff5470749786073b44&xml_user_id=7867&db_caching=1&erequest=12&total_request=13&web_service=no&ip=43.239.53.130&browser=GoogleChrome%2F114.0.0.0%28linux%29&hotels_ids=&expediaRapidApi=&agent_country=95'
            , http_hit_time = '2024-02-09 07:55:19.798'
            , request_start_time = '0.000'
            , parsing_start_time = '0.000'
            , mapping_complete_time = '0.000'
            , mongo_start_time = '0.000'
            , search_end_time = '0.000'
            , total_duration = '0.356'
            , error_description = ''
            , memory_used = '1433536'
            WHERE id = '32248';
[02/09/2024 07:55:20], [file name :-/home/otrams/public_html/beta/call.php],INSERT INTO xmllogs(reservation_id, type, request_path, response_path, header_path, source_type, create_date, header, session_id, agent_logs_id)
                VALUE ('', 'availability', 'e1/09_02_2024/request_availability_hotel_yards_07_55_19_1707465319_22.json', 'e1/09_02_2024/response_availability_hotel_yards_07_55_19_1707465319_22.json', 'e1/09_02_2024/response_header_availability_hotel_yards_07_55_19_1707465319_22.json', 'expedia', '2024-02-09 07:55:20', '', '28f51ac8a82c94a5f5fb6c1cd979cd635bc3b797033407ff5470749786073b44', '0');
[02/09/2024 07:55:20], [file name :-/home/otrams/public_html/beta/call.php],UPDATE xmllogs SET
            hotel_count = ''
            , request_url = '/call.php?s=expedia&sessionid=28f51ac8a82c94a5f5fb6c1cd979cd635bc3b797033407ff5470749786073b44&xml_user_id=7867&db_caching=1&erequest=11&total_request=13&web_service=no&ip=43.239.53.130&browser=GoogleChrome%2F114.0.0.0%28linux%29&hotels_ids=&expediaRapidApi=&agent_country=95'
            , http_hit_time = '2024-02-09 07:55:19.798'
            , request_start_time = '0.000'
            , parsing_start_time = '0.000'
            , mapping_complete_time = '0.000'
            , mongo_start_time = '0.000'
            , search_end_time = '0.000'
            , total_duration = '0.367'
            , error_description = ''
            , memory_used = '1433568'
            WHERE id = '32249';
[02/09/2024 07:55:20], [file name :-/home/otrams/public_html/beta/call.php],INSERT INTO xmllogs(reservation_id, type, request_path, response_path, header_path, source_type, create_date, header, session_id, agent_logs_id)
                VALUE ('', 'availability', 'e1/09_02_2024/request_availability_hotel_yards_07_55_19_1707465319_73.json', 'e1/09_02_2024/response_availability_hotel_yards_07_55_19_1707465319_73.json', 'e1/09_02_2024/response_header_availability_hotel_yards_07_55_19_1707465319_73.json', 'expedia', '2024-02-09 07:55:20', '', '28f51ac8a82c94a5f5fb6c1cd979cd635bc3b797033407ff5470749786073b44', '0');
[02/09/2024 07:55:20], [file name :-/home/otrams/public_html/beta/call.php],UPDATE xmllogs SET
            hotel_count = ''
            , request_url = '/call.php?s=expedia&sessionid=28f51ac8a82c94a5f5fb6c1cd979cd635bc3b797033407ff5470749786073b44&xml_user_id=7867&db_caching=1&erequest=10&total_request=13&web_service=no&ip=43.239.53.130&browser=GoogleChrome%2F114.0.0.0%28linux%29&hotels_ids=&expediaRapidApi=&agent_country=95'
            , http_hit_time = '2024-02-09 07:55:19.798'
            , request_start_time = '0.000'
            , parsing_start_time = '0.000'
            , mapping_complete_time = '0.000'
            , mongo_start_time = '0.000'
            , search_end_time = '0.000'
            , total_duration = '0.474'
            , error_description = ''
            , memory_used = '1916248'
            WHERE id = '32250';
[02/09/2024 07:55:20], [file name :-/home/otrams/public_html/beta/call.php],INSERT INTO xmllogs(reservation_id, type, request_path, response_path, header_path, source_type, create_date, header, session_id, agent_logs_id)
                VALUE ('', 'availability', 'e1/09_02_2024/request_availability_hotel_yards_07_55_19_1707465319_6.json', 'e1/09_02_2024/response_availability_hotel_yards_07_55_19_1707465319_6.json', 'e1/09_02_2024/response_header_availability_hotel_yards_07_55_19_1707465319_6.json', 'expedia', '2024-02-09 07:55:20', '', '28f51ac8a82c94a5f5fb6c1cd979cd635bc3b797033407ff5470749786073b44', '0');
[02/09/2024 07:55:20], [file name :-/home/otrams/public_html/beta/call.php],INSERT INTO xmllogs(reservation_id, type, request_path, response_path, header_path, source_type, create_date, header, session_id, agent_logs_id)
                VALUE ('', 'availability', 'e1/09_02_2024/request_availability_hotel_yards_07_55_19_1707465319_44.json', 'e1/09_02_2024/response_availability_hotel_yards_07_55_19_1707465319_44.json', 'e1/09_02_2024/response_header_availability_hotel_yards_07_55_19_1707465319_44.json', 'expedia', '2024-02-09 07:55:20', '', '28f51ac8a82c94a5f5fb6c1cd979cd635bc3b797033407ff5470749786073b44', '0');
[02/09/2024 07:55:20], [file name :-/home/otrams/public_html/beta/call.php],INSERT INTO xmllogs(reservation_id, type, request_path, response_path, header_path, source_type, create_date, header, session_id, agent_logs_id)
                VALUE ('', 'availability', 'e1/09_02_2024/request_availability_hotel_yards_07_55_19_1707465319_34.json', 'e1/09_02_2024/response_availability_hotel_yards_07_55_19_1707465319_34.json', 'e1/09_02_2024/response_header_availability_hotel_yards_07_55_19_1707465319_34.json', 'expedia', '2024-02-09 07:55:20', '', '28f51ac8a82c94a5f5fb6c1cd979cd635bc3b797033407ff5470749786073b44', '0');
[02/09/2024 07:55:20], [file name :-/home/otrams/public_html/beta/call.php],INSERT INTO xmllogs(reservation_id, type, request_path, response_path, header_path, source_type, create_date, header, session_id, agent_logs_id)
                VALUE ('', 'availability', 'e1/09_02_2024/request_availability_hotel_yards_07_55_19_1707465319_27.json', 'e1/09_02_2024/response_availability_hotel_yards_07_55_19_1707465319_27.json', 'e1/09_02_2024/response_header_availability_hotel_yards_07_55_19_1707465319_27.json', 'expedia', '2024-02-09 07:55:20', '', '28f51ac8a82c94a5f5fb6c1cd979cd635bc3b797033407ff5470749786073b44', '0');
[02/09/2024 07:55:20], [file name :-/home/otrams/public_html/beta/call.php],INSERT INTO xmllogs(reservation_id, type, request_path, response_path, header_path, source_type, create_date, header, session_id, agent_logs_id)
                VALUE ('', 'availability', 'e1/09_02_2024/request_availability_hotel_yards_07_55_19_1707465319_55.json', 'e1/09_02_2024/response_availability_hotel_yards_07_55_19_1707465319_55.json', 'e1/09_02_2024/response_header_availability_hotel_yards_07_55_19_1707465319_55.json', 'expedia', '2024-02-09 07:55:20', '', '28f51ac8a82c94a5f5fb6c1cd979cd635bc3b797033407ff5470749786073b44', '0');
[02/09/2024 07:55:20], [file name :-/home/otrams/public_html/beta/call.php],INSERT INTO xmllogs(reservation_id, type, request_path, response_path, header_path, source_type, create_date, header, session_id, agent_logs_id)
                VALUE ('', 'availability', 'e1/09_02_2024/request_availability_hotel_yards_07_55_19_1707465319_97.json', 'e1/09_02_2024/response_availability_hotel_yards_07_55_19_1707465319_97.json', 'e1/09_02_2024/response_header_availability_hotel_yards_07_55_19_1707465319_97.json', 'expedia', '2024-02-09 07:55:20', '', '28f51ac8a82c94a5f5fb6c1cd979cd635bc3b797033407ff5470749786073b44', '0');
[02/09/2024 07:55:20], [file name :-/home/otrams/public_html/beta/call.php],INSERT INTO xmllogs(reservation_id, type, request_path, response_path, header_path, source_type, create_date, header, session_id, agent_logs_id)
                VALUE ('', 'availability', 'e1/09_02_2024/request_availability_hotel_yards_07_55_19_1707465319_8.json', 'e1/09_02_2024/response_availability_hotel_yards_07_55_19_1707465319_8.json', 'e1/09_02_2024/response_header_availability_hotel_yards_07_55_19_1707465319_8.json', 'expedia', '2024-02-09 07:55:20', '', '28f51ac8a82c94a5f5fb6c1cd979cd635bc3b797033407ff5470749786073b44', '0');
[02/09/2024 07:55:20], [file name :-/home/otrams/public_html/beta/call.php],INSERT INTO xmllogs(reservation_id, type, request_path, response_path, header_path, source_type, create_date, header, session_id, agent_logs_id)
                VALUE ('', 'availability', 'e1/09_02_2024/request_availability_hotel_yards_07_55_19_1707465319_35.json', 'e1/09_02_2024/response_availability_hotel_yards_07_55_19_1707465319_35.json', 'e1/09_02_2024/response_header_availability_hotel_yards_07_55_19_1707465319_35.json', 'expedia', '2024-02-09 07:55:20', '', '28f51ac8a82c94a5f5fb6c1cd979cd635bc3b797033407ff5470749786073b44', '0');
[02/09/2024 07:55:20], [file name :-/home/otrams/public_html/beta/call.php],INSERT INTO xmllogs(reservation_id, type, request_path, response_path, header_path, source_type, create_date, header, session_id, agent_logs_id)
                VALUE ('', 'availability', 'e1/09_02_2024/request_availability_hotel_yards_07_55_19_1707465319_77.json', 'e1/09_02_2024/response_availability_hotel_yards_07_55_19_1707465319_77.json', 'e1/09_02_2024/response_header_availability_hotel_yards_07_55_19_1707465319_77.json', 'expedia', '2024-02-09 07:55:20', '', '28f51ac8a82c94a5f5fb6c1cd979cd635bc3b797033407ff5470749786073b44', '0');
[02/09/2024 07:55:20], [file name :-/home/otrams/public_html/beta/call.php],INSERT INTO xmllogs(reservation_id, type, request_path, response_path, header_path, source_type, create_date, header, session_id, agent_logs_id)
                VALUE ('', 'availability', 'e1/09_02_2024/request_availability_hotel_yards_07_55_19_1707465319_50.json', 'e1/09_02_2024/response_availability_hotel_yards_07_55_19_1707465319_50.json', 'e1/09_02_2024/response_header_availability_hotel_yards_07_55_19_1707465319_50.json', 'expedia', '2024-02-09 07:55:20', '', '28f51ac8a82c94a5f5fb6c1cd979cd635bc3b797033407ff5470749786073b44', '0');
[02/09/2024 07:55:20], [file name :-/home/otrams/public_html/beta/call.php],UPDATE xmllogs SET
            hotel_count = ''
            , request_url = '/call.php?s=expedia&sessionid=28f51ac8a82c94a5f5fb6c1cd979cd635bc3b797033407ff5470749786073b44&xml_user_id=7867&db_caching=1&erequest=3&total_request=13&web_service=no&ip=43.239.53.130&browser=GoogleChrome%2F114.0.0.0%28linux%29&hotels_ids=&expediaRapidApi=&agent_country=95'
            , http_hit_time = '2024-02-09 07:55:19.797'
            , request_start_time = '0.000'
            , parsing_start_time = '0.000'
            , mapping_complete_time = '0.000'
            , mongo_start_time = '0.000'
            , search_end_time = '0.000'
            , total_duration = '1.154'
            , error_description = ''
            , memory_used = '31110896'
            WHERE id = '32252';
[02/09/2024 07:55:21], [file name :-/home/otrams/public_html/beta/call.php],UPDATE xmllogs SET
            hotel_count = ''
            , request_url = '/call.php?s=expedia&sessionid=28f51ac8a82c94a5f5fb6c1cd979cd635bc3b797033407ff5470749786073b44&xml_user_id=7867&db_caching=1&erequest=2&total_request=13&web_service=no&ip=43.239.53.130&browser=GoogleChrome%2F114.0.0.0%28linux%29&hotels_ids=&expediaRapidApi=&agent_country=95'
            , http_hit_time = '2024-02-09 07:55:19.797'
            , request_start_time = '0.000'
            , parsing_start_time = '0.000'
            , mapping_complete_time = '0.000'
            , mongo_start_time = '0.000'
            , search_end_time = '0.000'
            , total_duration = '1.257'
            , error_description = ''
            , memory_used = '37057704'
            WHERE id = '32253';
[02/09/2024 07:55:21], [file name :-/home/otrams/public_html/beta/call.php],UPDATE xmllogs SET
            hotel_count = ''
            , request_url = '/call.php?s=expedia&sessionid=28f51ac8a82c94a5f5fb6c1cd979cd635bc3b797033407ff5470749786073b44&xml_user_id=7867&db_caching=1&erequest=9&total_request=13&web_service=no&ip=43.239.53.130&browser=GoogleChrome%2F114.0.0.0%28linux%29&hotels_ids=&expediaRapidApi=&agent_country=95'
            , http_hit_time = '2024-02-09 07:55:19.798'
            , request_start_time = '0.000'
            , parsing_start_time = '0.000'
            , mapping_complete_time = '0.000'
            , mongo_start_time = '0.000'
            , search_end_time = '0.000'
            , total_duration = '1.266'
            , error_description = ''
            , memory_used = '29157720'
            WHERE id = '32255';
[02/09/2024 07:55:21], [file name :-/home/otrams/public_html/beta/call.php],UPDATE xmllogs SET
            hotel_count = ''
            , request_url = '/call.php?s=expedia&sessionid=28f51ac8a82c94a5f5fb6c1cd979cd635bc3b797033407ff5470749786073b44&xml_user_id=7867&db_caching=1&erequest=4&total_request=13&web_service=no&ip=43.239.53.130&browser=GoogleChrome%2F114.0.0.0%28linux%29&hotels_ids=&expediaRapidApi=&agent_country=95'
            , http_hit_time = '2024-02-09 07:55:19.797'
            , request_start_time = '0.000'
            , parsing_start_time = '0.000'
            , mapping_complete_time = '0.000'
            , mongo_start_time = '0.000'
            , search_end_time = '0.000'
            , total_duration = '1.306'
            , error_description = ''
            , memory_used = '42784576'
            WHERE id = '32251';
[02/09/2024 07:55:21], [file name :-/home/otrams/public_html/beta/call.php],UPDATE xmllogs SET
            hotel_count = ''
            , request_url = '/call.php?s=expedia&sessionid=28f51ac8a82c94a5f5fb6c1cd979cd635bc3b797033407ff5470749786073b44&xml_user_id=7867&db_caching=1&erequest=1&total_request=13&web_service=no&ip=43.239.53.130&browser=GoogleChrome%2F114.0.0.0%28linux%29&hotels_ids=&expediaRapidApi=&agent_country=95'
            , http_hit_time = '2024-02-09 07:55:19.797'
            , request_start_time = '0.000'
            , parsing_start_time = '0.000'
            , mapping_complete_time = '0.000'
            , mongo_start_time = '0.000'
            , search_end_time = '0.000'
            , total_duration = '1.384'
            , error_description = ''
            , memory_used = '33081648'
            WHERE id = '32260';
[02/09/2024 07:55:21], [file name :-/home/otrams/public_html/beta/call.php],UPDATE xmllogs SET
            hotel_count = ''
            , request_url = '/call.php?s=expedia&sessionid=28f51ac8a82c94a5f5fb6c1cd979cd635bc3b797033407ff5470749786073b44&xml_user_id=7867&db_caching=1&erequest=5&total_request=13&web_service=no&ip=43.239.53.130&browser=GoogleChrome%2F114.0.0.0%28linux%29&hotels_ids=&expediaRapidApi=&agent_country=95'
            , http_hit_time = '2024-02-09 07:55:19.797'
            , request_start_time = '0.000'
            , parsing_start_time = '0.000'
            , mapping_complete_time = '0.000'
            , mongo_start_time = '0.000'
            , search_end_time = '0.000'
            , total_duration = '1.405'
            , error_description = ''
            , memory_used = '48511664'
            WHERE id = '32254';
[02/09/2024 07:55:21], [file name :-/home/otrams/public_html/beta/call.php],UPDATE xmllogs SET
            hotel_count = ''
            , request_url = '/call.php?s=expedia&sessionid=28f51ac8a82c94a5f5fb6c1cd979cd635bc3b797033407ff5470749786073b44&xml_user_id=7867&db_caching=1&erequest=0&total_request=13&web_service=no&ip=43.239.53.130&browser=GoogleChrome%2F114.0.0.0%28linux%29&hotels_ids=&expediaRapidApi=&agent_country=95'
            , http_hit_time = '2024-02-09 07:55:19.797'
            , request_start_time = '0.000'
            , parsing_start_time = '0.000'
            , mapping_complete_time = '0.000'
            , mongo_start_time = '0.000'
            , search_end_time = '0.000'
            , total_duration = '1.451'
            , error_description = ''
            , memory_used = '34882728'
            WHERE id = '32259';
[02/09/2024 07:55:21], [file name :-/home/otrams/public_html/beta/call.php],UPDATE xmllogs SET
            hotel_count = ''
            , request_url = '/call.php?s=expedia&sessionid=28f51ac8a82c94a5f5fb6c1cd979cd635bc3b797033407ff5470749786073b44&xml_user_id=7867&db_caching=1&erequest=8&total_request=13&web_service=no&ip=43.239.53.130&browser=GoogleChrome%2F114.0.0.0%28linux%29&hotels_ids=&expediaRapidApi=&agent_country=95'
            , http_hit_time = '2024-02-09 07:55:19.798'
            , request_start_time = '0.000'
            , parsing_start_time = '0.000'
            , mapping_complete_time = '0.000'
            , mongo_start_time = '0.000'
            , search_end_time = '0.000'
            , total_duration = '1.468'
            , error_description = ''
            , memory_used = '44886520'
            WHERE id = '32257';
[02/09/2024 07:55:21], [file name :-/home/otrams/public_html/beta/call.php],UPDATE xmllogs SET
            hotel_count = ''
            , request_url = '/call.php?s=expedia&sessionid=28f51ac8a82c94a5f5fb6c1cd979cd635bc3b797033407ff5470749786073b44&xml_user_id=7867&db_caching=1&erequest=7&total_request=13&web_service=no&ip=43.239.53.130&browser=GoogleChrome%2F114.0.0.0%28linux%29&hotels_ids=&expediaRapidApi=&agent_country=95'
            , http_hit_time = '2024-02-09 07:55:19.798'
            , request_start_time = '0.000'
            , parsing_start_time = '0.000'
            , mapping_complete_time = '0.000'
            , mongo_start_time = '0.000'
            , search_end_time = '0.000'
            , total_duration = '1.492'
            , error_description = ''
            , memory_used = '43270072'
            WHERE id = '32256';
[02/09/2024 07:55:21], [file name :-/home/otrams/public_html/beta/call.php],UPDATE xmllogs SET
            hotel_count = ''
            , request_url = '/call.php?s=expedia&sessionid=28f51ac8a82c94a5f5fb6c1cd979cd635bc3b797033407ff5470749786073b44&xml_user_id=7867&db_caching=1&erequest=6&total_request=13&web_service=no&ip=43.239.53.130&browser=GoogleChrome%2F114.0.0.0%28linux%29&hotels_ids=&expediaRapidApi=&agent_country=95'
            , http_hit_time = '2024-02-09 07:55:19.797'
            , request_start_time = '0.000'
            , parsing_start_time = '0.000'
            , mapping_complete_time = '0.000'
            , mongo_start_time = '0.000'
            , search_end_time = '0.000'
            , total_duration = '1.560'
            , error_description = ''
            , memory_used = '49746632'
            WHERE id = '32258';
[02/09/2024 07:55:21], [file name :-/home/otrams/public_html/beta/agent_login.php],UPDATE user_sessions_ip SET update_date = '2024-02-09 07:55:21' WHERE id= '524';
[02/09/2024 07:55:21], [file name :-/home/otrams/public_html/beta/agent_login.php],update agents set last_login_date = '2024-02-09 07:55:21',login_attempt=0 where id = '7866';
[02/09/2024 07:55:21], [file name :-/home/otrams/public_html/beta/agent_login.php],INSERT INTO psa_login_log  SET username = 'deepak_qtech', user_type = 'A', branch_id = '31', login_datetime = '2024-02-09 07:55:21', ip = '43.239.53.130', action = 'Login' ;
[02/09/2024 07:55:21], [file name :-/home/otrams/public_html/beta/m1_hotel_search_listing.php],UPDATE user_sessions_ip SET update_date = '2024-02-09 07:55:21' WHERE id= '529';
[02/09/2024 07:55:22], [file name :-/home/otrams/public_html/beta/hotel_search.php],UPDATE user_sessions_ip SET update_date = '2024-02-09 07:55:22' WHERE id= '524';
[02/09/2024 07:55:27], [file name :-/home/otrams/public_html/beta/get_city_list.php],UPDATE user_sessions_ip SET update_date = '2024-02-09 07:55:27' WHERE id= '524';
[02/09/2024 07:55:40], [file name :-/home/otrams/public_html/beta/hotel_search_list.php],UPDATE user_sessions_ip SET update_date = '2024-02-09 07:55:40' WHERE id= '524';
[02/09/2024 07:55:40], [file name :-/home/otrams/public_html/beta/hotel_search_list.php],INSERT INTO agent_logs SET  agent_id = '7866' , sub_agent_id = '' , sub_user_id = '0' , branch_id = '31' , ip = '43.239.53.130' , city = 'bali' , service_name = '' , country_of_residence = '138' , service_type = 'hotel' , arrival_date = '2024/06/19' , departure_date = '2024/06/20' , nights = '1' , nationality = '138' , room_types = '2' , room_type='[{"numberOfAdults":2}]' , available='0' , create_date = '2024-02-09 07:55:40' , site_id = '20' , country_code = '107' , city_code = '107_17239-DPS_1523' , ratings = '1.0,2.0,3.0,4.0,5.0,SC' , selected_currency = 'USD' , currency_code = 'USD' , web_service = '' ;
[02/09/2024 07:55:41], [file name :-/home/otrams/public_html/beta/xml_all.php],UPDATE user_sessions_ip SET update_date = '2024-02-09 07:55:41' WHERE id= '524';
[02/09/2024 07:55:42], [file name :-/home/otrams/public_html/beta/call.php],INSERT INTO xmllogs(reservation_id, type, request_path, response_path, header_path, source_type, create_date, header, session_id, agent_logs_id)
                VALUE ('', 'availability', 'e1/09_02_2024/request_availability_Baysan_Tourism_wh_07_55_41_1707465341_93.json', 'e1/09_02_2024/response_availability_Baysan_Tourism_wh_07_55_41_1707465341_93.json', 'e1/09_02_2024/response_header_availability_Baysan_Tourism_wh_07_55_41_1707465341_93.json', 'expedia', '2024-02-09 07:55:42', '', 'b35b8c7fd16cfee7edabcd932b9ba20addb09f22541499bdb9ab352a9cd8cf04', '0');
[02/09/2024 07:55:42], [file name :-/home/otrams/public_html/beta/call.php],UPDATE xmllogs SET
            hotel_count = ''
            , request_url = '/call.php?s=expedia&sessionid=b35b8c7fd16cfee7edabcd932b9ba20addb09f22541499bdb9ab352a9cd8cf04&xml_user_id=7863&db_caching=1&erequest=11&total_request=13&web_service=no&ip=43.239.53.130&browser=GoogleChrome%2F114.0.0.0%28linux%29&hotels_ids=&expediaRapidApi=&agent_country=138'
            , http_hit_time = '2024-02-09 07:55:41.645'
            , request_start_time = '0.000'
            , parsing_start_time = '0.000'
            , mapping_complete_time = '0.000'
            , mongo_start_time = '0.000'
            , search_end_time = '0.000'
            , total_duration = '0.398'
            , error_description = ''
            , memory_used = '1444552'
            WHERE id = '32261';
[02/09/2024 07:55:42], [file name :-/home/otrams/public_html/beta/call.php],INSERT INTO xmllogs(reservation_id, type, request_path, response_path, header_path, source_type, create_date, header, session_id, agent_logs_id)
                VALUE ('', 'availability', 'e1p/09_02_2024/request_availability_Baysan_Tourism_wh_07_55_41_1707465341_77.json', 'e1p/09_02_2024/response_availability_Baysan_Tourism_wh_07_55_41_1707465341_77.json', 'e1p/09_02_2024/response_header_availability_Baysan_Tourism_wh_07_55_41_1707465341_77.json', 'expediapackage', '2024-02-09 07:55:42', '', 'b35b8c7fd16cfee7edabcd932b9ba20addb09f22541499bdb9ab352a9cd8cf04', '0');
[02/09/2024 07:55:42], [file name :-/home/otrams/public_html/beta/call.php],UPDATE xmllogs SET
            hotel_count = ''
            , request_url = '/call.php?s=expediapackage&sessionid=b35b8c7fd16cfee7edabcd932b9ba20addb09f22541499bdb9ab352a9cd8cf04&xml_user_id=7863&db_caching=1&erequest=11&total_request=13&web_service=no&ip=43.239.53.130&browser=GoogleChrome%2F114.0.0.0%28linux%29&hotels_ids=&expediaRapidApi=&agent_country=138'
            , http_hit_time = '2024-02-09 07:55:41.645'
            , request_start_time = '0.000'
            , parsing_start_time = '0.000'
            , mapping_complete_time = '0.000'
            , mongo_start_time = '0.000'
            , search_end_time = '0.000'
            , total_duration = '0.450'
            , error_description = ''
            , memory_used = '1444944'
            WHERE id = '32262';
[02/09/2024 07:55:42], [file name :-/home/otrams/public_html/beta/call.php],INSERT INTO xmllogs(reservation_id, type, request_path, response_path, header_path, source_type, create_date, header, session_id, agent_logs_id)
                VALUE ('', 'availability', 'e1p/09_02_2024/request_availability_Baysan_Tourism_wh_07_55_41_1707465341_57.json', 'e1p/09_02_2024/response_availability_Baysan_Tourism_wh_07_55_41_1707465341_57.json', 'e1p/09_02_2024/response_header_availability_Baysan_Tourism_wh_07_55_41_1707465341_57.json', 'expediapackage', '2024-02-09 07:55:42', '', 'b35b8c7fd16cfee7edabcd932b9ba20addb09f22541499bdb9ab352a9cd8cf04', '0');
[02/09/2024 07:55:42], [file name :-/home/otrams/public_html/beta/call.php],UPDATE xmllogs SET
            hotel_count = ''
            , request_url = '/call.php?s=expediapackage&sessionid=b35b8c7fd16cfee7edabcd932b9ba20addb09f22541499bdb9ab352a9cd8cf04&xml_user_id=7863&db_caching=1&erequest=12&total_request=13&web_service=no&ip=43.239.53.130&browser=GoogleChrome%2F114.0.0.0%28linux%29&hotels_ids=&expediaRapidApi=&agent_country=138'
            , http_hit_time = '2024-02-09 07:55:41.645'
            , request_start_time = '0.000'
            , parsing_start_time = '0.000'
            , mapping_complete_time = '0.000'
            , mongo_start_time = '0.000'
            , search_end_time = '0.000'
            , total_duration = '0.464'
            , error_description = ''
            , memory_used = '1444944'
            WHERE id = '32263';
[02/09/2024 07:55:42], [file name :-/home/otrams/public_html/beta/call.php],INSERT INTO xmllogs(reservation_id, type, request_path, response_path, header_path, source_type, create_date, header, session_id, agent_logs_id)
                VALUE ('', 'availability', 'e1/09_02_2024/request_availability_Baysan_Tourism_wh_07_55_41_1707465341_11.json', 'e1/09_02_2024/response_availability_Baysan_Tourism_wh_07_55_41_1707465341_11.json', 'e1/09_02_2024/response_header_availability_Baysan_Tourism_wh_07_55_41_1707465341_11.json', 'expedia', '2024-02-09 07:55:42', '', 'b35b8c7fd16cfee7edabcd932b9ba20addb09f22541499bdb9ab352a9cd8cf04', '0');
[02/09/2024 07:55:42], [file name :-/home/otrams/public_html/beta/call.php],UPDATE xmllogs SET
            hotel_count = ''
            , request_url = '/call.php?s=expedia&sessionid=b35b8c7fd16cfee7edabcd932b9ba20addb09f22541499bdb9ab352a9cd8cf04&xml_user_id=7863&db_caching=1&erequest=12&total_request=13&web_service=no&ip=43.239.53.130&browser=GoogleChrome%2F114.0.0.0%28linux%29&hotels_ids=&expediaRapidApi=&agent_country=138'
            , http_hit_time = '2024-02-09 07:55:41.645'
            , request_start_time = '0.000'
            , parsing_start_time = '0.000'
            , mapping_complete_time = '0.000'
            , mongo_start_time = '0.000'
            , search_end_time = '0.000'
            , total_duration = '0.477'
            , error_description = ''
            , memory_used = '1444552'
            WHERE id = '32264';
[02/09/2024 07:55:42], [file name :-/home/otrams/public_html/beta/call.php],INSERT INTO xmllogs(reservation_id, type, request_path, response_path, header_path, source_type, create_date, header, session_id, agent_logs_id)
                VALUE ('', 'availability', 'e1/09_02_2024/request_availability_Baysan_Tourism_wh_07_55_41_1707465341_45.json', 'e1/09_02_2024/response_availability_Baysan_Tourism_wh_07_55_41_1707465341_45.json', 'e1/09_02_2024/response_header_availability_Baysan_Tourism_wh_07_55_41_1707465341_45.json', 'expedia', '2024-02-09 07:55:42', '', 'b35b8c7fd16cfee7edabcd932b9ba20addb09f22541499bdb9ab352a9cd8cf04', '0');
[02/09/2024 07:55:42], [file name :-/home/otrams/public_html/beta/call.php],UPDATE xmllogs SET
            hotel_count = ''
            , request_url = '/call.php?s=expedia&sessionid=b35b8c7fd16cfee7edabcd932b9ba20addb09f22541499bdb9ab352a9cd8cf04&xml_user_id=7863&db_caching=1&erequest=10&total_request=13&web_service=no&ip=43.239.53.130&browser=GoogleChrome%2F114.0.0.0%28linux%29&hotels_ids=&expediaRapidApi=&agent_country=138'
            , http_hit_time = '2024-02-09 07:55:41.645'
            , request_start_time = '0.000'
            , parsing_start_time = '0.000'
            , mapping_complete_time = '0.000'
            , mongo_start_time = '0.000'
            , search_end_time = '0.000'
            , total_duration = '0.601'
            , error_description = ''
            , memory_used = '1869856'
            WHERE id = '32265';
[02/09/2024 07:55:42], [file name :-/home/otrams/public_html/beta/call.php],INSERT INTO xmllogs(reservation_id, type, request_path, response_path, header_path, source_type, create_date, header, session_id, agent_logs_id)
                VALUE ('', 'availability', 'e1p/09_02_2024/request_availability_Baysan_Tourism_wh_07_55_41_1707465341_8.json', 'e1p/09_02_2024/response_availability_Baysan_Tourism_wh_07_55_41_1707465341_8.json', 'e1p/09_02_2024/response_header_availability_Baysan_Tourism_wh_07_55_41_1707465341_8.json', 'expediapackage', '2024-02-09 07:55:42', '', 'b35b8c7fd16cfee7edabcd932b9ba20addb09f22541499bdb9ab352a9cd8cf04', '0');
[02/09/2024 07:55:42], [file name :-/home/otrams/public_html/beta/call.php],INSERT INTO xmllogs(reservation_id, type, request_path, response_path, header_path, source_type, create_date, header, session_id, agent_logs_id)
                VALUE ('', 'availability', 'e1/09_02_2024/request_availability_Baysan_Tourism_wh_07_55_41_1707465341_92.json', 'e1/09_02_2024/response_availability_Baysan_Tourism_wh_07_55_41_1707465341_92.json', 'e1/09_02_2024/response_header_availability_Baysan_Tourism_wh_07_55_41_1707465341_92.json', 'expedia', '2024-02-09 07:55:42', '', 'b35b8c7fd16cfee7edabcd932b9ba20addb09f22541499bdb9ab352a9cd8cf04', '0');
[02/09/2024 07:55:42], [file name :-/home/otrams/public_html/beta/call.php],UPDATE xmllogs SET
            hotel_count = ''
            , request_url = '/call.php?s=expediapackage&sessionid=b35b8c7fd16cfee7edabcd932b9ba20addb09f22541499bdb9ab352a9cd8cf04&xml_user_id=7863&db_caching=1&erequest=10&total_request=13&web_service=no&ip=43.239.53.130&browser=GoogleChrome%2F114.0.0.0%28linux%29&hotels_ids=&expediaRapidApi=&agent_country=138'
            , http_hit_time = '2024-02-09 07:55:41.645'
            , request_start_time = '0.000'
            , parsing_start_time = '0.000'
            , mapping_complete_time = '0.000'
            , mongo_start_time = '0.000'
            , search_end_time = '0.000'
            , total_duration = '0.897'
            , error_description = ''
            , memory_used = '2042792'
            WHERE id = '32266';
[02/09/2024 07:55:42], [file name :-/home/otrams/public_html/beta/call.php],INSERT INTO xmllogs(reservation_id, type, request_path, response_path, header_path, source_type, create_date, header, session_id, agent_logs_id)
                VALUE ('', 'availability', 'e1/09_02_2024/request_availability_Baysan_Tourism_wh_07_55_41_1707465341_95.json', 'e1/09_02_2024/response_availability_Baysan_Tourism_wh_07_55_41_1707465341_95.json', 'e1/09_02_2024/response_header_availability_Baysan_Tourism_wh_07_55_41_1707465341_95.json', 'expedia', '2024-02-09 07:55:42', '', 'b35b8c7fd16cfee7edabcd932b9ba20addb09f22541499bdb9ab352a9cd8cf04', '0');
[02/09/2024 07:55:42], [file name :-/home/otrams/public_html/beta/call.php],INSERT INTO xmllogs(reservation_id, type, request_path, response_path, header_path, source_type, create_date, header, session_id, agent_logs_id)
                VALUE ('', 'availability', 'e1/09_02_2024/request_availability_Baysan_Tourism_wh_07_55_41_1707465341_35.json', 'e1/09_02_2024/response_availability_Baysan_Tourism_wh_07_55_41_1707465341_35.json', 'e1/09_02_2024/response_header_availability_Baysan_Tourism_wh_07_55_41_1707465341_35.json', 'expedia', '2024-02-09 07:55:42', '', 'b35b8c7fd16cfee7edabcd932b9ba20addb09f22541499bdb9ab352a9cd8cf04', '0');
[02/09/2024 07:55:42], [file name :-/home/otrams/public_html/beta/call.php],INSERT INTO xmllogs(reservation_id, type, request_path, response_path, header_path, source_type, create_date, header, session_id, agent_logs_id)
                VALUE ('', 'availability', 'e1/09_02_2024/request_availability_Baysan_Tourism_wh_07_55_41_1707465341_98.json', 'e1/09_02_2024/response_availability_Baysan_Tourism_wh_07_55_41_1707465341_98.json', 'e1/09_02_2024/response_header_availability_Baysan_Tourism_wh_07_55_41_1707465341_98.json', 'expedia', '2024-02-09 07:55:42', '', 'b35b8c7fd16cfee7edabcd932b9ba20addb09f22541499bdb9ab352a9cd8cf04', '0');
[02/09/2024 07:55:42], [file name :-/home/otrams/public_html/beta/call.php],INSERT INTO xmllogs(reservation_id, type, request_path, response_path, header_path, source_type, create_date, header, session_id, agent_logs_id)
                VALUE ('', 'availability', 'e1/09_02_2024/request_availability_Baysan_Tourism_wh_07_55_41_1707465341_22.json', 'e1/09_02_2024/response_availability_Baysan_Tourism_wh_07_55_41_1707465341_22.json', 'e1/09_02_2024/response_header_availability_Baysan_Tourism_wh_07_55_41_1707465341_22.json', 'expedia', '2024-02-09 07:55:42', '', 'b35b8c7fd16cfee7edabcd932b9ba20addb09f22541499bdb9ab352a9cd8cf04', '0');
[02/09/2024 07:55:42], [file name :-/home/otrams/public_html/beta/call.php],INSERT INTO xmllogs(reservation_id, type, request_path, response_path, header_path, source_type, create_date, header, session_id, agent_logs_id)
                VALUE ('', 'availability', 'e1/09_02_2024/request_availability_Baysan_Tourism_wh_07_55_41_1707465341_18.json', 'e1/09_02_2024/response_availability_Baysan_Tourism_wh_07_55_41_1707465341_18.json', 'e1/09_02_2024/response_header_availability_Baysan_Tourism_wh_07_55_41_1707465341_18.json', 'expedia', '2024-02-09 07:55:42', '', 'b35b8c7fd16cfee7edabcd932b9ba20addb09f22541499bdb9ab352a9cd8cf04', '0');
[02/09/2024 07:55:42], [file name :-/home/otrams/public_html/beta/call.php],INSERT INTO xmllogs(reservation_id, type, request_path, response_path, header_path, source_type, create_date, header, session_id, agent_logs_id)
                VALUE ('', 'availability', 'e1/09_02_2024/request_availability_Baysan_Tourism_wh_07_55_41_1707465341_2.json', 'e1/09_02_2024/response_availability_Baysan_Tourism_wh_07_55_41_1707465341_2.json', 'e1/09_02_2024/response_header_availability_Baysan_Tourism_wh_07_55_41_1707465341_2.json', 'expedia', '2024-02-09 07:55:42', '', 'b35b8c7fd16cfee7edabcd932b9ba20addb09f22541499bdb9ab352a9cd8cf04', '0');
[02/09/2024 07:55:42], [file name :-/home/otrams/public_html/beta/call.php],INSERT INTO xmllogs(reservation_id, type, request_path, response_path, header_path, source_type, create_date, header, session_id, agent_logs_id)
                VALUE ('', 'availability', 'e1/09_02_2024/request_availability_Baysan_Tourism_wh_07_55_41_1707465341_51.json', 'e1/09_02_2024/response_availability_Baysan_Tourism_wh_07_55_41_1707465341_51.json', 'e1/09_02_2024/response_header_availability_Baysan_Tourism_wh_07_55_41_1707465341_51.json', 'expedia', '2024-02-09 07:55:42', '', 'b35b8c7fd16cfee7edabcd932b9ba20addb09f22541499bdb9ab352a9cd8cf04', '0');
[02/09/2024 07:55:42], [file name :-/home/otrams/public_html/beta/call.php],INSERT INTO xmllogs(reservation_id, type, request_path, response_path, header_path, source_type, create_date, header, session_id, agent_logs_id)
                VALUE ('', 'availability', 'e1/09_02_2024/request_availability_Baysan_Tourism_wh_07_55_41_1707465341_60.json', 'e1/09_02_2024/response_availability_Baysan_Tourism_wh_07_55_41_1707465341_60.json', 'e1/09_02_2024/response_header_availability_Baysan_Tourism_wh_07_55_41_1707465341_60.json', 'expedia', '2024-02-09 07:55:42', '', 'b35b8c7fd16cfee7edabcd932b9ba20addb09f22541499bdb9ab352a9cd8cf04', '0');
[02/09/2024 07:55:42], [file name :-/home/otrams/public_html/beta/call.php],UPDATE xmllogs SET
            hotel_count = ''
            , request_url = '/call.php?s=expedia&sessionid=b35b8c7fd16cfee7edabcd932b9ba20addb09f22541499bdb9ab352a9cd8cf04&xml_user_id=7863&db_caching=1&erequest=2&total_request=13&web_service=no&ip=43.239.53.130&browser=GoogleChrome%2F114.0.0.0%28linux%29&hotels_ids=&expediaRapidApi=&agent_country=138'
            , http_hit_time = '2024-02-09 07:55:41.645'
            , request_start_time = '0.000'
            , parsing_start_time = '0.000'
            , mapping_complete_time = '0.000'
            , mongo_start_time = '0.000'
            , search_end_time = '0.000'
            , total_duration = '1.260'
            , error_description = ''
            , memory_used = '35365024'
            WHERE id = '32267';
[02/09/2024 07:55:42], [file name :-/home/otrams/public_html/beta/call.php],UPDATE xmllogs SET
            hotel_count = ''
            , request_url = '/call.php?s=expedia&sessionid=b35b8c7fd16cfee7edabcd932b9ba20addb09f22541499bdb9ab352a9cd8cf04&xml_user_id=7863&db_caching=1&erequest=0&total_request=13&web_service=no&ip=43.239.53.130&browser=GoogleChrome%2F114.0.0.0%28linux%29&hotels_ids=&expediaRapidApi=&agent_country=138'
            , http_hit_time = '2024-02-09 07:55:41.645'
            , request_start_time = '0.000'
            , parsing_start_time = '0.000'
            , mapping_complete_time = '0.000'
            , mongo_start_time = '0.000'
            , search_end_time = '0.000'
            , total_duration = '1.281'
            , error_description = ''
            , memory_used = '34408976'
            WHERE id = '32268';
[02/09/2024 07:55:42], [file name :-/home/otrams/public_html/beta/call.php],UPDATE xmllogs SET
            hotel_count = ''
            , request_url = '/call.php?s=expedia&sessionid=b35b8c7fd16cfee7edabcd932b9ba20addb09f22541499bdb9ab352a9cd8cf04&xml_user_id=7863&db_caching=1&erequest=1&total_request=13&web_service=no&ip=43.239.53.130&browser=GoogleChrome%2F114.0.0.0%28linux%29&hotels_ids=&expediaRapidApi=&agent_country=138'
            , http_hit_time = '2024-02-09 07:55:41.645'
            , request_start_time = '0.000'
            , parsing_start_time = '0.000'
            , mapping_complete_time = '0.000'
            , mongo_start_time = '0.000'
            , search_end_time = '0.000'
            , total_duration = '1.352'
            , error_description = ''
            , memory_used = '32359048'
            WHERE id = '32269';
[02/09/2024 07:55:43], [file name :-/home/otrams/public_html/beta/call.php],UPDATE xmllogs SET
            hotel_count = ''
            , request_url = '/call.php?s=expedia&sessionid=b35b8c7fd16cfee7edabcd932b9ba20addb09f22541499bdb9ab352a9cd8cf04&xml_user_id=7863&db_caching=1&erequest=9&total_request=13&web_service=no&ip=43.239.53.130&browser=GoogleChrome%2F114.0.0.0%28linux%29&hotels_ids=&expediaRapidApi=&agent_country=138'
            , http_hit_time = '2024-02-09 07:55:41.645'
            , request_start_time = '0.000'
            , parsing_start_time = '0.000'
            , mapping_complete_time = '0.000'
            , mongo_start_time = '0.000'
            , search_end_time = '0.000'
            , total_duration = '1.388'
            , error_description = ''
            , memory_used = '28305632'
            WHERE id = '32273';
[02/09/2024 07:55:43], [file name :-/home/otrams/public_html/beta/call.php],INSERT INTO xmllogs(reservation_id, type, request_path, response_path, header_path, source_type, create_date, header, session_id, agent_logs_id)
                VALUE ('', 'availability', 'e1p/09_02_2024/request_availability_Baysan_Tourism_wh_07_55_41_1707465341_97.json', 'e1p/09_02_2024/response_availability_Baysan_Tourism_wh_07_55_41_1707465341_97.json', 'e1p/09_02_2024/response_header_availability_Baysan_Tourism_wh_07_55_41_1707465341_97.json', 'expediapackage', '2024-02-09 07:55:43', '', 'b35b8c7fd16cfee7edabcd932b9ba20addb09f22541499bdb9ab352a9cd8cf04', '0');
[02/09/2024 07:55:43], [file name :-/home/otrams/public_html/beta/call.php],INSERT INTO xmllogs(reservation_id, type, request_path, response_path, header_path, source_type, create_date, header, session_id, agent_logs_id)
                VALUE ('', 'availability', 'e1p/09_02_2024/request_availability_Baysan_Tourism_wh_07_55_41_1707465341_71.json', 'e1p/09_02_2024/response_availability_Baysan_Tourism_wh_07_55_41_1707465341_71.json', 'e1p/09_02_2024/response_header_availability_Baysan_Tourism_wh_07_55_41_1707465341_71.json', 'expediapackage', '2024-02-09 07:55:43', '', 'b35b8c7fd16cfee7edabcd932b9ba20addb09f22541499bdb9ab352a9cd8cf04', '0');
[02/09/2024 07:55:43], [file name :-/home/otrams/public_html/beta/call.php],INSERT INTO xmllogs(reservation_id, type, request_path, response_path, header_path, source_type, create_date, header, session_id, agent_logs_id)
                VALUE ('', 'availability', 'e1/09_02_2024/request_availability_Baysan_Tourism_wh_07_55_41_1707465341_38.json', 'e1/09_02_2024/response_availability_Baysan_Tourism_wh_07_55_41_1707465341_38.json', 'e1/09_02_2024/response_header_availability_Baysan_Tourism_wh_07_55_41_1707465341_38.json', 'expedia', '2024-02-09 07:55:43', '', 'b35b8c7fd16cfee7edabcd932b9ba20addb09f22541499bdb9ab352a9cd8cf04', '0');
[02/09/2024 07:55:43], [file name :-/home/otrams/public_html/beta/call.php],INSERT INTO xmllogs(reservation_id, type, request_path, response_path, header_path, source_type, create_date, header, session_id, agent_logs_id)
                VALUE ('', 'availability', 'e1p/09_02_2024/request_availability_Baysan_Tourism_wh_07_55_41_1707465341_10.json', 'e1p/09_02_2024/response_availability_Baysan_Tourism_wh_07_55_41_1707465341_10.json', 'e1p/09_02_2024/response_header_availability_Baysan_Tourism_wh_07_55_41_1707465341_10.json', 'expediapackage', '2024-02-09 07:55:43', '', 'b35b8c7fd16cfee7edabcd932b9ba20addb09f22541499bdb9ab352a9cd8cf04', '0');
[02/09/2024 07:55:43], [file name :-/home/otrams/public_html/beta/call.php],UPDATE xmllogs SET
            hotel_count = ''
            , request_url = '/call.php?s=expedia&sessionid=b35b8c7fd16cfee7edabcd932b9ba20addb09f22541499bdb9ab352a9cd8cf04&xml_user_id=7863&db_caching=1&erequest=3&total_request=13&web_service=no&ip=43.239.53.130&browser=GoogleChrome%2F114.0.0.0%28linux%29&hotels_ids=&expediaRapidApi=&agent_country=138'
            , http_hit_time = '2024-02-09 07:55:41.645'
            , request_start_time = '0.000'
            , parsing_start_time = '0.000'
            , mapping_complete_time = '0.000'
            , mongo_start_time = '0.000'
            , search_end_time = '0.000'
            , total_duration = '1.440'
            , error_description = ''
            , memory_used = '30960384'
            WHERE id = '32271';
[02/09/2024 07:55:43], [file name :-/home/otrams/public_html/beta/call.php],INSERT INTO xmllogs(reservation_id, type, request_path, response_path, header_path, source_type, create_date, header, session_id, agent_logs_id)
                VALUE ('', 'availability', 'e1p/09_02_2024/request_availability_Baysan_Tourism_wh_07_55_41_1707465341_71.json', 'e1p/09_02_2024/response_availability_Baysan_Tourism_wh_07_55_41_1707465341_71.json', 'e1p/09_02_2024/response_header_availability_Baysan_Tourism_wh_07_55_41_1707465341_71.json', 'expediapackage', '2024-02-09 07:55:43', '', 'b35b8c7fd16cfee7edabcd932b9ba20addb09f22541499bdb9ab352a9cd8cf04', '0');
[02/09/2024 07:55:43], [file name :-/home/otrams/public_html/beta/call.php],UPDATE xmllogs SET
            hotel_count = ''
            , request_url = '/call.php?s=expedia&sessionid=b35b8c7fd16cfee7edabcd932b9ba20addb09f22541499bdb9ab352a9cd8cf04&xml_user_id=7863&db_caching=1&erequest=4&total_request=13&web_service=no&ip=43.239.53.130&browser=GoogleChrome%2F114.0.0.0%28linux%29&hotels_ids=&expediaRapidApi=&agent_country=138'
            , http_hit_time = '2024-02-09 07:55:41.645'
            , request_start_time = '0.000'
            , parsing_start_time = '0.000'
            , mapping_complete_time = '0.000'
            , mongo_start_time = '0.000'
            , search_end_time = '0.000'
            , total_duration = '1.515'
            , error_description = ''
            , memory_used = '44584376'
            WHERE id = '32272';
[02/09/2024 07:55:43], [file name :-/home/otrams/public_html/beta/call.php],UPDATE xmllogs SET
            hotel_count = ''
            , request_url = '/call.php?s=expedia&sessionid=b35b8c7fd16cfee7edabcd932b9ba20addb09f22541499bdb9ab352a9cd8cf04&xml_user_id=7863&db_caching=1&erequest=8&total_request=13&web_service=no&ip=43.239.53.130&browser=GoogleChrome%2F114.0.0.0%28linux%29&hotels_ids=&expediaRapidApi=&agent_country=138'
            , http_hit_time = '2024-02-09 07:55:41.644'
            , request_start_time = '0.000'
            , parsing_start_time = '0.000'
            , mapping_complete_time = '0.000'
            , mongo_start_time = '0.000'
            , search_end_time = '0.000'
            , total_duration = '1.530'
            , error_description = ''
            , memory_used = '43372896'
            WHERE id = '32270';
[02/09/2024 07:55:43], [file name :-/home/otrams/public_html/beta/call.php],INSERT INTO xmllogs(reservation_id, type, request_path, response_path, header_path, source_type, create_date, header, session_id, agent_logs_id)
                VALUE ('', 'availability', 'e1p/09_02_2024/request_availability_Baysan_Tourism_wh_07_55_41_1707465341_68.json', 'e1p/09_02_2024/response_availability_Baysan_Tourism_wh_07_55_41_1707465341_68.json', 'e1p/09_02_2024/response_header_availability_Baysan_Tourism_wh_07_55_41_1707465341_68.json', 'expediapackage', '2024-02-09 07:55:43', '', 'b35b8c7fd16cfee7edabcd932b9ba20addb09f22541499bdb9ab352a9cd8cf04', '0');
[02/09/2024 07:55:43], [file name :-/home/otrams/public_html/beta/call.php],INSERT INTO xmllogs(reservation_id, type, request_path, response_path, header_path, source_type, create_date, header, session_id, agent_logs_id)
                VALUE ('', 'availability', 'e1p/09_02_2024/request_availability_Baysan_Tourism_wh_07_55_41_1707465341_66.json', 'e1p/09_02_2024/response_availability_Baysan_Tourism_wh_07_55_41_1707465341_66.json', 'e1p/09_02_2024/response_header_availability_Baysan_Tourism_wh_07_55_41_1707465341_66.json', 'expediapackage', '2024-02-09 07:55:43', '', 'b35b8c7fd16cfee7edabcd932b9ba20addb09f22541499bdb9ab352a9cd8cf04', '0');
[02/09/2024 07:55:43], [file name :-/home/otrams/public_html/beta/call.php],UPDATE xmllogs SET
            hotel_count = ''
            , request_url = '/call.php?s=expedia&sessionid=b35b8c7fd16cfee7edabcd932b9ba20addb09f22541499bdb9ab352a9cd8cf04&xml_user_id=7863&db_caching=1&erequest=5&total_request=13&web_service=no&ip=43.239.53.130&browser=GoogleChrome%2F114.0.0.0%28linux%29&hotels_ids=&expediaRapidApi=&agent_country=138'
            , http_hit_time = '2024-02-09 07:55:41.644'
            , request_start_time = '0.000'
            , parsing_start_time = '0.000'
            , mapping_complete_time = '0.000'
            , mongo_start_time = '0.000'
            , search_end_time = '0.000'
            , total_duration = '1.603'
            , error_description = ''
            , memory_used = '46293024'
            WHERE id = '32274';
[02/09/2024 07:55:43], [file name :-/home/otrams/public_html/beta/call.php],INSERT INTO xmllogs(reservation_id, type, request_path, response_path, header_path, source_type, create_date, header, session_id, agent_logs_id)
                VALUE ('', 'availability', 'e1p/09_02_2024/request_availability_Baysan_Tourism_wh_07_55_41_1707465341_51.json', 'e1p/09_02_2024/response_availability_Baysan_Tourism_wh_07_55_41_1707465341_51.json', 'e1p/09_02_2024/response_header_availability_Baysan_Tourism_wh_07_55_41_1707465341_51.json', 'expediapackage', '2024-02-09 07:55:43', '', 'b35b8c7fd16cfee7edabcd932b9ba20addb09f22541499bdb9ab352a9cd8cf04', '0');
[02/09/2024 07:55:43], [file name :-/home/otrams/public_html/beta/call.php],INSERT INTO xmllogs(reservation_id, type, request_path, response_path, header_path, source_type, create_date, header, session_id, agent_logs_id)
                VALUE ('', 'availability', 'e1p/09_02_2024/request_availability_Baysan_Tourism_wh_07_55_41_1707465341_39.json', 'e1p/09_02_2024/response_availability_Baysan_Tourism_wh_07_55_41_1707465341_39.json', 'e1p/09_02_2024/response_header_availability_Baysan_Tourism_wh_07_55_41_1707465341_39.json', 'expediapackage', '2024-02-09 07:55:43', '', 'b35b8c7fd16cfee7edabcd932b9ba20addb09f22541499bdb9ab352a9cd8cf04', '0');
[02/09/2024 07:55:43], [file name :-/home/otrams/public_html/beta/call.php],UPDATE xmllogs SET
            hotel_count = ''
            , request_url = '/call.php?s=expedia&sessionid=b35b8c7fd16cfee7edabcd932b9ba20addb09f22541499bdb9ab352a9cd8cf04&xml_user_id=7863&db_caching=1&erequest=7&total_request=13&web_service=no&ip=43.239.53.130&browser=GoogleChrome%2F114.0.0.0%28linux%29&hotels_ids=&expediaRapidApi=&agent_country=138'
            , http_hit_time = '2024-02-09 07:55:41.644'
            , request_start_time = '0.000'
            , parsing_start_time = '0.000'
            , mapping_complete_time = '0.000'
            , mongo_start_time = '0.000'
            , search_end_time = '0.000'
            , total_duration = '1.629'
            , error_description = ''
            , memory_used = '42155240'
            WHERE id = '32275';
[02/09/2024 07:55:43], [file name :-/home/otrams/public_html/beta/call.php],INSERT INTO xmllogs(reservation_id, type, request_path, response_path, header_path, source_type, create_date, header, session_id, agent_logs_id)
                VALUE ('', 'availability', 'e1p/09_02_2024/request_availability_Baysan_Tourism_wh_07_55_41_1707465341_66.json', 'e1p/09_02_2024/response_availability_Baysan_Tourism_wh_07_55_41_1707465341_66.json', 'e1p/09_02_2024/response_header_availability_Baysan_Tourism_wh_07_55_41_1707465341_66.json', 'expediapackage', '2024-02-09 07:55:43', '', 'b35b8c7fd16cfee7edabcd932b9ba20addb09f22541499bdb9ab352a9cd8cf04', '0');
[02/09/2024 07:55:43], [file name :-/home/otrams/public_html/beta/call.php],UPDATE xmllogs SET
            hotel_count = ''
            , request_url = '/call.php?s=expediapackage&sessionid=b35b8c7fd16cfee7edabcd932b9ba20addb09f22541499bdb9ab352a9cd8cf04&xml_user_id=7863&db_caching=1&erequest=3&total_request=13&web_service=no&ip=43.239.53.130&browser=GoogleChrome%2F114.0.0.0%28linux%29&hotels_ids=&expediaRapidApi=&agent_country=138'
            , http_hit_time = '2024-02-09 07:55:41.646'
            , request_start_time = '0.000'
            , parsing_start_time = '0.000'
            , mapping_complete_time = '0.000'
            , mongo_start_time = '0.000'
            , search_end_time = '0.000'
            , total_duration = '1.746'
            , error_description = ''
            , memory_used = '31228816'
            WHERE id = '32276';
[02/09/2024 07:55:43], [file name :-/home/otrams/public_html/beta/call.php],UPDATE xmllogs SET
            hotel_count = ''
            , request_url = '/call.php?s=expediapackage&sessionid=b35b8c7fd16cfee7edabcd932b9ba20addb09f22541499bdb9ab352a9cd8cf04&xml_user_id=7863&db_caching=1&erequest=9&total_request=13&web_service=no&ip=43.239.53.130&browser=GoogleChrome%2F114.0.0.0%28linux%29&hotels_ids=&expediaRapidApi=&agent_country=138'
            , http_hit_time = '2024-02-09 07:55:41.645'
            , request_start_time = '0.000'
            , parsing_start_time = '0.000'
            , mapping_complete_time = '0.000'
            , mongo_start_time = '0.000'
            , search_end_time = '0.000'
            , total_duration = '1.779'
            , error_description = ''
            , memory_used = '29160264'
            WHERE id = '32280';
[02/09/2024 07:55:43], [file name :-/home/otrams/public_html/beta/call.php],UPDATE xmllogs SET
            hotel_count = ''
            , request_url = '/call.php?s=expediapackage&sessionid=b35b8c7fd16cfee7edabcd932b9ba20addb09f22541499bdb9ab352a9cd8cf04&xml_user_id=7863&db_caching=1&erequest=0&total_request=13&web_service=no&ip=43.239.53.130&browser=GoogleChrome%2F114.0.0.0%28linux%29&hotels_ids=&expediaRapidApi=&agent_country=138'
            , http_hit_time = '2024-02-09 07:55:41.645'
            , request_start_time = '0.000'
            , parsing_start_time = '0.000'
            , mapping_complete_time = '0.000'
            , mongo_start_time = '0.000'
            , search_end_time = '0.000'
            , total_duration = '1.819'
            , error_description = ''
            , memory_used = '37401480'
            WHERE id = '32277';
[02/09/2024 07:55:43], [file name :-/home/otrams/public_html/beta/call.php],UPDATE xmllogs SET
            hotel_count = ''
            , request_url = '/call.php?s=expediapackage&sessionid=b35b8c7fd16cfee7edabcd932b9ba20addb09f22541499bdb9ab352a9cd8cf04&xml_user_id=7863&db_caching=1&erequest=2&total_request=13&web_service=no&ip=43.239.53.130&browser=GoogleChrome%2F114.0.0.0%28linux%29&hotels_ids=&expediaRapidApi=&agent_country=138'
            , http_hit_time = '2024-02-09 07:55:41.645'
            , request_start_time = '0.000'
            , parsing_start_time = '0.000'
            , mapping_complete_time = '0.000'
            , mongo_start_time = '0.000'
            , search_end_time = '0.000'
            , total_duration = '1.866'
            , error_description = ''
            , memory_used = '37392568'
            WHERE id = '32279';
[02/09/2024 07:55:43], [file name :-/home/otrams/public_html/beta/call.php],UPDATE xmllogs SET
            hotel_count = ''
            , request_url = '/call.php?s=expediapackage&sessionid=b35b8c7fd16cfee7edabcd932b9ba20addb09f22541499bdb9ab352a9cd8cf04&xml_user_id=7863&db_caching=1&erequest=1&total_request=13&web_service=no&ip=43.239.53.130&browser=GoogleChrome%2F114.0.0.0%28linux%29&hotels_ids=&expediaRapidApi=&agent_country=138'
            , http_hit_time = '2024-02-09 07:55:41.645'
            , request_start_time = '0.000'
            , parsing_start_time = '0.000'
            , mapping_complete_time = '0.000'
            , mongo_start_time = '0.000'
            , search_end_time = '0.000'
            , total_duration = '1.955'
            , error_description = ''
            , memory_used = '34680536'
            WHERE id = '32282';
[02/09/2024 07:55:43], [file name :-/home/otrams/public_html/beta/call.php],UPDATE xmllogs SET
            hotel_count = ''
            , request_url = '/call.php?s=expedia&sessionid=b35b8c7fd16cfee7edabcd932b9ba20addb09f22541499bdb9ab352a9cd8cf04&xml_user_id=7863&db_caching=1&erequest=6&total_request=13&web_service=no&ip=43.239.53.130&browser=GoogleChrome%2F114.0.0.0%28linux%29&hotels_ids=&expediaRapidApi=&agent_country=138'
            , http_hit_time = '2024-02-09 07:55:41.644'
            , request_start_time = '0.000'
            , parsing_start_time = '0.000'
            , mapping_complete_time = '0.000'
            , mongo_start_time = '0.000'
            , search_end_time = '0.000'
            , total_duration = '2.010'
            , error_description = ''
            , memory_used = '49607048'
            WHERE id = '32278';
[02/09/2024 07:55:43], [file name :-/home/otrams/public_html/beta/call.php],UPDATE xmllogs SET
            hotel_count = ''
            , request_url = '/call.php?s=expediapackage&sessionid=b35b8c7fd16cfee7edabcd932b9ba20addb09f22541499bdb9ab352a9cd8cf04&xml_user_id=7863&db_caching=1&erequest=7&total_request=13&web_service=no&ip=43.239.53.130&browser=GoogleChrome%2F114.0.0.0%28linux%29&hotels_ids=&expediaRapidApi=&agent_country=138'
            , http_hit_time = '2024-02-09 07:55:41.644'
            , request_start_time = '0.000'
            , parsing_start_time = '0.000'
            , mapping_complete_time = '0.000'
            , mongo_start_time = '0.000'
            , search_end_time = '0.000'
            , total_duration = '2.033'
            , error_description = ''
            , memory_used = '45267224'
            WHERE id = '32281';
[02/09/2024 07:55:43], [file name :-/home/otrams/public_html/beta/call.php],UPDATE xmllogs SET
            hotel_count = ''
            , request_url = '/call.php?s=expediapackage&sessionid=b35b8c7fd16cfee7edabcd932b9ba20addb09f22541499bdb9ab352a9cd8cf04&xml_user_id=7863&db_caching=1&erequest=8&total_request=13&web_service=no&ip=43.239.53.130&browser=GoogleChrome%2F114.0.0.0%28linux%29&hotels_ids=&expediaRapidApi=&agent_country=138'
            , http_hit_time = '2024-02-09 07:55:41.644'
            , request_start_time = '0.000'
            , parsing_start_time = '0.000'
            , mapping_complete_time = '0.000'
            , mongo_start_time = '0.000'
            , search_end_time = '0.000'
            , total_duration = '2.097'
            , error_description = ''
            , memory_used = '46240472'
            WHERE id = '32285';
[02/09/2024 07:55:43], [file name :-/home/otrams/public_html/beta/call.php],UPDATE xmllogs SET
            hotel_count = ''
            , request_url = '/call.php?s=expediapackage&sessionid=b35b8c7fd16cfee7edabcd932b9ba20addb09f22541499bdb9ab352a9cd8cf04&xml_user_id=7863&db_caching=1&erequest=4&total_request=13&web_service=no&ip=43.239.53.130&browser=GoogleChrome%2F114.0.0.0%28linux%29&hotels_ids=&expediaRapidApi=&agent_country=138'
            , http_hit_time = '2024-02-09 07:55:41.644'
            , request_start_time = '0.000'
            , parsing_start_time = '0.000'
            , mapping_complete_time = '0.000'
            , mongo_start_time = '0.000'
            , search_end_time = '0.000'
            , total_duration = '2.112'
            , error_description = ''
            , memory_used = '47640568'
            WHERE id = '32284';
[02/09/2024 07:55:43], [file name :-/home/otrams/public_html/beta/call.php],UPDATE xmllogs SET
            hotel_count = ''
            , request_url = '/call.php?s=expediapackage&sessionid=b35b8c7fd16cfee7edabcd932b9ba20addb09f22541499bdb9ab352a9cd8cf04&xml_user_id=7863&db_caching=1&erequest=6&total_request=13&web_service=no&ip=43.239.53.130&browser=GoogleChrome%2F114.0.0.0%28linux%29&hotels_ids=&expediaRapidApi=&agent_country=138'
            , http_hit_time = '2024-02-09 07:55:41.644'
            , request_start_time = '0.000'
            , parsing_start_time = '0.000'
            , mapping_complete_time = '0.000'
            , mongo_start_time = '0.000'
            , search_end_time = '0.000'
            , total_duration = '2.191'
            , error_description = ''
            , memory_used = '51066776'
            WHERE id = '32283';
[02/09/2024 07:55:43], [file name :-/home/otrams/public_html/beta/call.php],INSERT INTO xmllogs(reservation_id, type, request_path, response_path, header_path, source_type, create_date, header, session_id, agent_logs_id)
                VALUE ('', 'availability', 'e1p/09_02_2024/request_availability_Baysan_Tourism_wh_07_55_41_1707465341_59.json', 'e1p/09_02_2024/response_availability_Baysan_Tourism_wh_07_55_41_1707465341_59.json', 'e1p/09_02_2024/response_header_availability_Baysan_Tourism_wh_07_55_41_1707465341_59.json', 'expediapackage', '2024-02-09 07:55:43', '', 'b35b8c7fd16cfee7edabcd932b9ba20addb09f22541499bdb9ab352a9cd8cf04', '0');
[02/09/2024 07:55:44], [file name :-/home/otrams/public_html/beta/call.php],UPDATE xmllogs SET
            hotel_count = ''
            , request_url = '/call.php?s=expediapackage&sessionid=b35b8c7fd16cfee7edabcd932b9ba20addb09f22541499bdb9ab352a9cd8cf04&xml_user_id=7863&db_caching=1&erequest=5&total_request=13&web_service=no&ip=43.239.53.130&browser=GoogleChrome%2F114.0.0.0%28linux%29&hotels_ids=&expediaRapidApi=&agent_country=138'
            , http_hit_time = '2024-02-09 07:55:41.644'
            , request_start_time = '0.000'
            , parsing_start_time = '0.000'
            , mapping_complete_time = '0.000'
            , mongo_start_time = '0.000'
            , search_end_time = '0.000'
            , total_duration = '2.720'
            , error_description = ''
            , memory_used = '50066208'
            WHERE id = '32286';
[02/09/2024 07:55:45], [file name :-/home/otrams/public_html/beta/m1_hotel_search_listing.php],UPDATE user_sessions_ip SET update_date = '2024-02-09 07:55:45' WHERE id= '524';
[02/09/2024 07:55:46], [file name :-/home/otrams/public_html/beta/ajax/manualKeepAlive.php],UPDATE user_sessions_ip SET update_date = '2024-02-09 07:55:46' WHERE id= '524';
[02/09/2024 07:56:11], [file name :-/home/otrams/public_html/beta/user_sight_details.php],UPDATE user_sessions_ip SET update_date = '2024-02-09 07:56:11' WHERE id= '520';
[02/09/2024 07:56:12], [file name :-/home/otrams/public_html/beta/user_sight_details.php],INSERT INTO xmllogs(reservation_id, type, request_path, response_path, header_path, source_type, create_date, header, session_id, agent_logs_id)
                VALUE ('', 'check_availability', 'v1/09_02_2024/request_check_availability_shiv_qtech_07_56_11_1707465371.json', 'v1/09_02_2024/response_check_availability_shiv_qtech_07_56_11_1707465371.json', 'v1/09_02_2024/response_header_check_availability_shiv_qtech_07_56_11_1707465371.json', 'viator', '2024-02-09 07:56:12', '', '', '1375');
[02/09/2024 07:56:20], [file name :-/home/otrams/public_html/beta/m1_write_cache.php],UPDATE user_sessions_ip SET update_date = '2024-02-09 07:56:20' WHERE id= '529';
[02/09/2024 07:56:21], [file name :-/home/otrams/public_html/beta/book_now.php],UPDATE user_sessions_ip SET update_date = '2024-02-09 07:56:21' WHERE id= '529';
[02/09/2024 07:56:21], [file name :-/home/otrams/public_html/beta/book_now.php],INSERT INTO autogenerator_reservation (reservation_id, remote_id) VALUES ('1707465381','43.239.53.130');
[02/09/2024 07:56:21], [file name :-/home/otrams/public_html/beta/book_now.php],INSERT INTO xmllogs(reservation_id, type, request_path, response_path, header_path, source_type, create_date, header, session_id, agent_logs_id)
                VALUE ('', 'valuation', 'e1/09_02_2024/request_valuation_hotel_yards_07_56_21_1707465381_51.json', 'e1/09_02_2024/response_valuation_hotel_yards_07_56_21_1707465381_51.json', 'e1/09_02_2024/response_header_valuation_hotel_yards_07_56_21_1707465381_51.json', 'expedia', '2024-02-09 07:56:21', '', '28f51ac8a82c94a5f5fb6c1cd979cd635bc3b797033407ff5470749786073b44', '0');
[02/09/2024 07:56:28], [file name :-/home/otrams/public_html/beta/m1_write_cache.php],UPDATE user_sessions_ip SET update_date = '2024-02-09 07:56:28' WHERE id= '529';
[02/09/2024 07:56:28], [file name :-/home/otrams/public_html/beta/book_now.php],UPDATE user_sessions_ip SET update_date = '2024-02-09 07:56:28' WHERE id= '529';
[02/09/2024 07:56:28], [file name :-/home/otrams/public_html/beta/book_now.php],INSERT INTO autogenerator_reservation (reservation_id, remote_id) VALUES ('1707465388','43.239.53.130');
[02/09/2024 07:56:28], [file name :-/home/otrams/public_html/beta/book_now.php],INSERT INTO xmllogs(reservation_id, type, request_path, response_path, header_path, source_type, create_date, header, session_id, agent_logs_id)
                VALUE ('', 'valuation', 'e1/09_02_2024/request_valuation_hotel_yards_07_56_28_1707465388_48.json', 'e1/09_02_2024/response_valuation_hotel_yards_07_56_28_1707465388_48.json', 'e1/09_02_2024/response_header_valuation_hotel_yards_07_56_28_1707465388_48.json', 'expedia', '2024-02-09 07:56:28', '', '28f51ac8a82c94a5f5fb6c1cd979cd635bc3b797033407ff5470749786073b44', '0');
[02/09/2024 07:56:32], [file name :-/home/otrams/public_html/beta/m1_write_cache.php],UPDATE user_sessions_ip SET update_date = '2024-02-09 07:56:32' WHERE id= '529';
[02/09/2024 07:56:32], [file name :-/home/otrams/public_html/beta/book_now.php],UPDATE user_sessions_ip SET update_date = '2024-02-09 07:56:32' WHERE id= '529';
[02/09/2024 07:56:32], [file name :-/home/otrams/public_html/beta/book_now.php],INSERT INTO autogenerator_reservation (reservation_id, remote_id) VALUES ('1707465392','43.239.53.130');
[02/09/2024 07:56:33], [file name :-/home/otrams/public_html/beta/book_now.php],INSERT INTO xmllogs(reservation_id, type, request_path, response_path, header_path, source_type, create_date, header, session_id, agent_logs_id)
                VALUE ('', 'valuation', 'e1/09_02_2024/request_valuation_hotel_yards_07_56_32_1707465392_88.json', 'e1/09_02_2024/response_valuation_hotel_yards_07_56_32_1707465392_88.json', 'e1/09_02_2024/response_header_valuation_hotel_yards_07_56_32_1707465392_88.json', 'expedia', '2024-02-09 07:56:33', '', '28f51ac8a82c94a5f5fb6c1cd979cd635bc3b797033407ff5470749786073b44', '0');
[02/09/2024 07:56:44], [file name :-/home/otrams/public_html/beta/frontendfunc.php],UPDATE user_sessions_ip SET update_date = '2024-02-09 07:56:44' WHERE id= '529';
[02/09/2024 07:56:53], [file name :-/home/otrams/public_html/beta/frontendfunc.php],UPDATE user_sessions_ip SET update_date = '2024-02-09 07:56:53' WHERE id= '529';
[02/09/2024 07:57:03], [file name :-/home/otrams/public_html/beta/book_now.php],UPDATE user_sessions_ip SET update_date = '2024-02-09 07:57:03' WHERE id= '529';
[02/09/2024 07:57:03], [file name :-/home/otrams/public_html/beta/book_now.php],INSERT INTO autogenerator_reservation (reservation_id, remote_id) VALUES ('1707465423','43.239.53.130');
[02/09/2024 07:57:03], [file name :-/home/otrams/public_html/beta/confirm_booking.php],UPDATE user_sessions_ip SET update_date = '2024-02-09 07:57:03' WHERE id= '529';
[02/09/2024 07:57:04], [file name :-/home/otrams/public_html/beta/confirm_booking.php], insert into bookings set  source_type = 'expedia', reservation_id = '2592', create_date = '2024-02-09 07:57:04', agent_id = '7867', parent_agent_id = '7867', agent_ref_no = '', nationality = 'British', city_id = 'bali', country_id = '107', current_status = 'inprocess-booking', is_xml = '0', display_room_rate = '8.89', display_currency_code = 'USD', native_room_rate = '8.08', native_currency_code = 'USD', supplier_profile_id = '42', service_type = 'hotel', service_date = '2024/06/12', check_out_date = '2024/06/13', sub_user_id = '', booking_status = '1', leader_title = 'Mr', leader_first_name = 'Deepak', leader_last_name = 'trivedi', status_date = '2024-02-09 07:57:04';
[02/09/2024 07:57:04], [file name :-/home/otrams/public_html/beta/confirm_booking.php],INSERT INTO external_mapping_data_tracking (booking_id,search_hotel_name,booked_hotel_name_supplier,hotel_id,master_id,city_id,supplier,date)
            VALUES ('385','DOWNTOWN MONKEY FOREST HOSTEL','Downtown Monkey Forest - Hostel','31723416','OT000975457','bali','expedia',NOW());
[02/09/2024 07:57:04], [file name :-/home/otrams/public_html/beta/confirm_booking.php],UPDATE
		bookings
		SET
		booking_branch_id= '32'
		WHERE
		id='385'
		;
[02/09/2024 07:57:04], [file name :-/home/otrams/public_html/beta/confirm_booking.php],insert into bookings_details(booking_id,reservation_id,supplier_id,total_rooms,total_adults,total_children,total_infants,rate_description ,rate_code,
				hotel_id,hotel_name,hotel_address1,hotel_phone,hotel_rating,total_nights,arrival_date,departure_date,room_rate_code,hotel_img)values('385','2592','','1','1','0','-','','','31723416','Downtown Monkey Forest - Hostel','Jalan Monkey Forest','62-361-973417','1.0','1','2024/06/12','2024/06/13','','https://hotelyards.astrabookings.com//cpf/images/?image=aHR0cHM6Ly9pLnRyYXZlbGFwaS5jb20vaG90ZWxzLzMyMDAwMDAwLzMxNzMwMDAwLzMxNzIzNTAwLzMxNzIzNDE2L2FmZTQ3OWU5X2IuanBn');
[02/09/2024 07:57:04], [file name :-/home/otrams/public_html/beta/confirm_booking.php], insert into booking_room_detail set  booking_id = '385', booking_detail_id = '1', room_type_code = '', room_name = 'single', room_type_description = 'TwinBed Shared Dormitory, Women only(Room Only)<b><font color=\'#265db7\'>(Save:46%)</font></b><br>(1 Twin Bed)', display_nightly_rates = 'a:1:{i:0;a:3:{s:18:"displayNightlyRate";d:8.8900000000000006;s:25:"displayNightlyRateDisplay";N;s:13:"whNightlyRate";d:8.9299999999999997;}}', native_nightly_rates = 'a:1:{i:0;a:1:{s:17:"nativeNightlyRate";d:8.0800000000000001;}}', native_room_rate_total = '8.08', wh_room_rate_total = '8.93', display_room_rate_total = '8.89', number_of_rooms = '1';
[02/09/2024 07:57:04], [file name :-/home/otrams/public_html/beta/confirm_booking.php], insert into passangers set  booking_id = '385', booking_detail_id = '1', rid = '189', room = '0', salutations = 'Mr', first_name = 'Deepak', last_name = 'trivedi', passenger_type = 'adult', age = '';
[02/09/2024 07:57:05], [file name :-/home/otrams/public_html/beta/confirm_booking.php],INSERT INTO xmllogs(reservation_id, type, request_path, response_path, header_path, source_type, create_date, header, session_id, agent_logs_id)
                VALUE ('', 'reservation', 'e1/09_02_2024/request_reservation_hotel_yards_07_57_04_1707465424_30.json', 'e1/09_02_2024/response_reservation_hotel_yards_07_57_04_1707465424_30.json', 'e1/09_02_2024/response_header_reservation_hotel_yards_07_57_04_1707465424_30.json', 'expedia', '2024-02-09 07:57:05', '', '28f51ac8a82c94a5f5fb6c1cd979cd635bc3b797033407ff5470749786073b44', '0');
[02/09/2024 07:57:05], [file name :-/home/otrams/public_html/beta/confirm_booking.php],update bookings set  special_remark = '', itenirary_id = '7123014409684', confirmation_number = '7123014409684', display_discount = '0', cancellation_policy = 'Free cancellation up to  05:59:59 on  2024-06-08<br>If you cancel between 2024-06-08 06:00:00 and 2024-06-12 00:00:00 , you will be charged 8.93 USD<br>No show is subject to a 100 % cancellation charge<br><br/><b>Amendment Policy</b><br/>
		Please note that most hotels treat changes in pax details, room category and dates as a cancellation of the booking, and charges will apply according to the cancellation policy.
		Late amendment charges may apply if requested after 06:00 on 8th of June 2024.
		Confirmation of amendments is subject to availability and rates at the time of making the amendment.', supplier_cancellation_policy = '', current_status = 'confirmed', expiration_date = '2024-06-08 06:00:00', comment_contract = ' Bed Type Selection is not guaranteed.<br/><span style=\'color: red;\'><strong>Note</strong>: Nightly rates might be calculated based on the average of Total Rate</span><br><br><b>Amenities:</b>Free self parking, Free WiFi<br><br><b>Deal:</b> Save:46%,<br><br/><b style=\'color:#2748a3;\'>Booking price includes Taxes and fees 1.41 USD</b><br/><br/><br/><b>Checkin Start Time :</b> , <br/><b>Checkin End Time :</b> , <br/><b>Min Checkin Age :</b> , <br/><b>Checkout Time :</b> ,<br/><b>Instructions :</b> ,<br/><b>Special Instructions :</b> ,<br/><b>Taxes and Fees:</b><br/>This charge includes estimated amounts the travel service provider (i.e. hotel, car rental company) pays for their taxes, and/or taxes that we pay, to taxing authorities on your booking (including but not limited to sales, occupancy, and value added tax). This amount may also include any amounts charged to us for resort fees, cleaning fees, and other fees and/or a fee we, the hotel supplier and/or the website you booked on, retain as part of the compensation for our and/or their services, which varies based on factors such as location, the amount, and how you booked. For more details, please see the Terms and Conditions.', consultant_id = 'hotelyards', sales_manager_id = '0', admin_booked = '0', email_id = '', leader_phone = '', agent_currency_multiplier = '1.00000', ip_addr = '43.239.53.130', comment_contract = ' Bed Type Selection is not guaranteed.<br/><span style=\'color: red;\'><strong>Note</strong>: Nightly rates might be calculated based on the average of Total Rate</span><br><br><b>Amenities:</b>Free self parking, Free WiFi<br><br><b>Deal:</b> Save:46%,<br><br/><b style=\'color:#2748a3;\'>Booking price includes Taxes and fees 1.41 USD</b><br/><br/><br/><b>Checkin Start Time :</b> , <br/><b>Checkin End Time :</b> , <br/><b>Min Checkin Age :</b> , <br/><b>Checkout Time :</b> ,<br/><b>Instructions :</b> ,<br/><b>Special Instructions :</b> ,<br/><b>Taxes and Fees:</b><br/>This charge includes estimated amounts the travel service provider (i.e. hotel, car rental company) pays for their taxes, and/or taxes that we pay, to taxing authorities on your booking (including but not limited to sales, occupancy, and value added tax). This amount may also include any amounts charged to us for resort fees, cleaning fees, and other fees and/or a fee we, the hotel supplier and/or the website you booked on, retain as part of the compensation for our and/or their services, which varies based on factors such as location, the amount, and how you booked. For more details, please see the Terms and Conditions.', backoffice_user = 'hotelyards', customer_id = '', applied_multiplier='1.00000',  wh_applied_markup='0.5',  wh_agent_currency_multiplier='1.00000',  wh_agent_markup='0.5',  wh_agent_rate='8.93',  wh_sub_agent_rate='0',  wh_parent_agent_id='7870',  wh_agent_id='7870',  wh_basecurrency_multiplier_native='1.00000',  wh_basecurrency_multiplier='1.00000',  site_id='21',  applied_markup='10.02',  agent_markup='10.02',  basecurrency_multiplier='1.00000',  basecurrency_multiplier_native='1.00000',  parent_agent_id='7867',  sub_agent_rate='0',  agent_rate='8.89',  applicable_service_tax='0',  supplier_rate='8.08',  uid='4014502eca91cd2d55a506c92a12a489'  where id='385';
[02/09/2024 07:57:05], [file name :-/home/otrams/public_html/beta/confirm_booking.php],update bookings_details set touricoRoomResId ='', gta_item_confirm_ref='' , special_request='' where booking_id ='385';
[02/09/2024 07:57:05], [file name :-/home/otrams/public_html/beta/confirm_booking.php],insert into booking_lat_long(booking_id,latitude,longitude) values ('385','-8.51242334','115.26098143');
[02/09/2024 07:57:05], [file name :-/home/otrams/public_html/beta/confirm_booking.php],insert into `user_logs` set `username`= 'hotel_yards',`create_date`= '2024-02-09 07:57:05',`log_type`= 'Loyalty Tier Accumulated Points',`sql_query`= 'select id,current_status,display_currency_code,agent_rate,sub_agent_rate,display_room_rate,wh_agent_rate,wh_sub_agent_rate  from bookings where id=\&#039;385\&#039;',`log_description`= 'Loyalty Accumulated Points :0 Added For Booking ID -385 And Booking Status - confirmed',`ip`= '43.239.53.130';
[02/09/2024 07:57:05], [file name :-/home/otrams/public_html/beta/confirm_booking.php],insert into user_log_link Set `user_logs_id`='724', `entity`='BookingId', `value`='385' ;
[02/09/2024 07:57:05], [file name :-/home/otrams/public_html/beta/confirm_booking.php],INSERT INTO booking_status (reservation_id,booking_id,status,create_date,memo,agent_id,ip_address,admin,modify_by) VALUES ('2592','385','confirmed','2024-02-09 07:57:05','Booking confirmed. Booked by Back Office hotelyards on behalf of Agent - Rajendra  chaursiya(CD7867)','7867','43.239.53.130','0','7867');
[02/09/2024 07:57:05], [file name :-/home/otrams/public_html/beta/confirm_booking.php],INSERT INTO booking_cancellation_policy(booking_id,from_date,supplier_from_date,to_date,supplier_to_date,supplier_charge,agent_charge,lead_time,create_date,applied_agent_charges)  VALUES('385','2024-06-08 06:00:00','2024-06-08 06:00:00','2024-06-12 00:00:00','2024-06-12 00:00:00','8.08','8.93','0','2024-02-09 07:57:05','8.93');
[02/09/2024 07:57:05], [file name :-/home/otrams/public_html/beta/confirm_booking.php],update posted_bookings set booking_id='385',status='1' where reservation_id='2592' and booking_id ='0';
[02/09/2024 07:57:05], [file name :-/home/otrams/public_html/beta/confirm_booking.php],update xmllogs set reservation_id='385' where agent_logs_id='0' and source_type='expedia';
[02/09/2024 07:57:05], [file name :-/home/otrams/public_html/beta/confirm_booking.php],INSERT INTO booking_commission set agent_commission='',  supplier_commission='0.57',  commission_tax='',  booking_id ='385',  supplier_tax='1.41',  supplier_base_fare='6.67',  supplier_commissionable_fare='0.57'able_fare,  retension='100',  commission_percent='0',  create_date ='2024-02-09 07:57:05';
[02/09/2024 07:57:06], [file name :-/home/otrams/public_html/beta/confirm_booking.php],insert into temp(booking_id,mail_send_to)values('385','gajendra.rajpurohit@qtechsoftware.com');
[02/09/2024 07:57:06], [file name :-/home/otrams/public_html/beta/confirm_booking.php],insert into temp(booking_id,mail_send_to)values('385','gajendra.rajpurohit@qtechsoftware.com');
[02/09/2024 07:57:07], [file name :-/home/otrams/public_html/beta/confirm_booking.php],insert into temp(booking_id,mail_send_to)values('385','astra@qtechsoftware.com');
[02/09/2024 07:57:07], [file name :-/home/otrams/public_html/beta/confirm_booking.php],insert into temp(booking_id,mail_send_to)values('385','gajendra.rajpurohit@qtechsoftware.com');
[02/09/2024 07:57:07], [file name :-/home/otrams/public_html/beta/confirm_booking.php],insert into temp(booking_id,mail_send_to)values('385','jaison.james@qtechsoftware.com');
[02/09/2024 07:57:07], [file name :-/home/otrams/public_html/beta/confirm_booking.php],insert into temp(booking_id,mail_send_to)values('385','jaison.james@qtechsoftware.com');
[02/09/2024 07:57:08], [file name :-/home/otrams/public_html/beta/confirm_booking.php],insert into temp(booking_id,mail_send_to)values('385','gajendra.rajpurohit@qtechsoftware.com');
[02/09/2024 07:57:16], [file name :-/home/otrams/public_html/beta/m1_write_cache.php],UPDATE user_sessions_ip SET update_date = '2024-02-09 07:57:16' WHERE id= '524';
[02/09/2024 07:57:17], [file name :-/home/otrams/public_html/beta/book_now.php],UPDATE user_sessions_ip SET update_date = '2024-02-09 07:57:17' WHERE id= '524';
[02/09/2024 07:57:17], [file name :-/home/otrams/public_html/beta/book_now.php],INSERT INTO autogenerator_reservation (reservation_id, remote_id) VALUES ('1707465437','43.239.53.130');
[02/09/2024 07:57:17], [file name :-/home/otrams/public_html/beta/book_now.php],INSERT INTO xmllogs(reservation_id, type, request_path, response_path, header_path, source_type, create_date, header, session_id, agent_logs_id)
                VALUE ('', 'valuation', 'e1p/09_02_2024/request_valuation_Baysan_Tourism_wh_07_57_17_1707465437_54.json', 'e1p/09_02_2024/response_valuation_Baysan_Tourism_wh_07_57_17_1707465437_54.json', 'e1p/09_02_2024/response_header_valuation_Baysan_Tourism_wh_07_57_17_1707465437_54.json', 'expediapackage', '2024-02-09 07:57:17', '', 'b35b8c7fd16cfee7edabcd932b9ba20addb09f22541499bdb9ab352a9cd8cf04', '0');
[02/09/2024 07:57:19], [file name :-/home/otrams/public_html/beta/m1_write_cache.php],UPDATE user_sessions_ip SET update_date = '2024-02-09 07:57:19' WHERE id= '524';
[02/09/2024 07:57:19], [file name :-/home/otrams/public_html/beta/book_now.php],UPDATE user_sessions_ip SET update_date = '2024-02-09 07:57:19' WHERE id= '524';
[02/09/2024 07:57:19], [file name :-/home/otrams/public_html/beta/book_now.php],INSERT INTO autogenerator_reservation (reservation_id, remote_id) VALUES ('1707465439','43.239.53.130');
[02/09/2024 07:57:20], [file name :-/home/otrams/public_html/beta/book_now.php],INSERT INTO xmllogs(reservation_id, type, request_path, response_path, header_path, source_type, create_date, header, session_id, agent_logs_id)
                VALUE ('', 'valuation', 'e1p/09_02_2024/request_valuation_Baysan_Tourism_wh_07_57_19_1707465439_56.json', 'e1p/09_02_2024/response_valuation_Baysan_Tourism_wh_07_57_19_1707465439_56.json', 'e1p/09_02_2024/response_header_valuation_Baysan_Tourism_wh_07_57_19_1707465439_56.json', 'expediapackage', '2024-02-09 07:57:20', '', 'b35b8c7fd16cfee7edabcd932b9ba20addb09f22541499bdb9ab352a9cd8cf04', '0');
[02/09/2024 07:57:31], [file name :-/home/otrams/public_html/beta/frontendfunc.php],UPDATE user_sessions_ip SET update_date = '2024-02-09 07:57:31' WHERE id= '524';
[02/09/2024 07:57:34], [file name :-/home/otrams/public_html/beta/book_now.php],UPDATE user_sessions_ip SET update_date = '2024-02-09 07:57:34' WHERE id= '524';
[02/09/2024 07:57:34], [file name :-/home/otrams/public_html/beta/book_now.php],INSERT INTO autogenerator_reservation (reservation_id, remote_id) VALUES ('1707465454','43.239.53.130');
[02/09/2024 07:57:35], [file name :-/home/otrams/public_html/beta/confirm_booking.php],UPDATE user_sessions_ip SET update_date = '2024-02-09 07:57:35' WHERE id= '524';
[02/09/2024 07:57:36], [file name :-/home/otrams/public_html/beta/confirm_booking.php], insert into bookings set  source_type = 'expediapackage', reservation_id = '2595', create_date = '2024-02-09 07:57:36', agent_id = '7863', parent_agent_id = '7863', agent_ref_no = '', nationality = 'Emirati', city_id = 'bali', country_id = '107', current_status = 'inprocess-booking', is_xml = '0', display_room_rate = '8.27', display_currency_code = 'USD', native_room_rate = '8.27', native_currency_code = 'USD', supplier_profile_id = '43', service_type = 'hotel', service_date = '2024/06/19', check_out_date = '2024/06/20', sub_user_id = '', booking_status = '1', leader_title = 'Mr', leader_first_name = 'Sujay', leader_last_name = 'Raut', status_date = '2024-02-09 07:57:36';
[02/09/2024 07:57:36], [file name :-/home/otrams/public_html/beta/confirm_booking.php],INSERT INTO external_mapping_data_tracking (booking_id,search_hotel_name,booked_hotel_name_supplier,hotel_id,master_id,city_id,supplier,date)
            VALUES ('386','TEBA HOUSE','Teba House - CHSE Certified','8313143','OT000441355','bali','expediapackage',NOW());
[02/09/2024 07:57:36], [file name :-/home/otrams/public_html/beta/confirm_booking.php],UPDATE
		bookings
		SET
		booking_branch_id= '31'
		WHERE
		id='386'
		;
[02/09/2024 07:57:36], [file name :-/home/otrams/public_html/beta/confirm_booking.php],insert into bookings_details(booking_id,reservation_id,supplier_id,total_rooms,total_adults,total_children,total_infants,rate_description ,rate_code,
				hotel_id,hotel_name,hotel_address1,hotel_phone,hotel_rating,total_nights,arrival_date,departure_date,room_rate_code,hotel_img)values('386','2595','','1','2','0','-','','','8313143','Teba House - CHSE Certified','Jalan Sugriwa No.59 Br. Padangtegal Klod','62-361-971179','2.0','1','2024/06/19','2024/06/20','','https://baysantravel.astrabookings.com//cpf/images/?image=aHR0cHM6Ly9pLnRyYXZlbGFwaS5jb20vaG90ZWxzLzkwMDAwMDAvODMyMDAwMC84MzEzMjAwLzgzMTMxNDMvZDU2NGU4OGNfYi5qcGc=');
[02/09/2024 07:57:36], [file name :-/home/otrams/public_html/beta/confirm_booking.php], insert into booking_room_detail set  booking_id = '386', booking_detail_id = '1', room_type_code = '', room_name = 'double', room_type_description = 'FullBed Standard Room(Room Only)- <font color=\'red\'>Package Deal</font> <b><font color=\'#265db7\'>(Members exclusive price)</font></b><br>(1 Double Bed)', display_nightly_rates = 'a:1:{i:0;a:3:{s:18:"displayNightlyRate";d:8.2699999999999996;s:25:"displayNightlyRateDisplay";s:195:"Rate - 8.27, Currency Multiplier (USD-USD) - 1.00000, Markup in % - 0.00%, Markup Amount - 0, Markup Amount in SAR- 0.00, Supplier Commission - 0.62 USD, Marketing Fee - 0.62  USD #expediapackage";s:13:"whNightlyRate";d:10.34;}}', native_nightly_rates = 'a:1:{i:0;a:1:{s:17:"nativeNightlyRate";d:8.2699999999999996;}}', native_room_rate_total = '8.27', wh_room_rate_total = '10.34', display_room_rate_total = '8.27', number_of_rooms = '1';
[02/09/2024 07:57:36], [file name :-/home/otrams/public_html/beta/confirm_booking.php], insert into passangers set  booking_id = '386', booking_detail_id = '1', rid = '190', room = '0', salutations = 'Mr', first_name = 'Sujay', last_name = 'Raut', passenger_type = 'adult', age = '';
[02/09/2024 07:57:36], [file name :-/home/otrams/public_html/beta/confirm_booking.php], insert into passangers set  booking_id = '386', booking_detail_id = '1', rid = '190', room = '0', salutations = 'Mr', first_name = 'TBAA', last_name = 'TBAA', passenger_type = 'adult', age = '';
[02/09/2024 07:57:37], [file name :-/home/otrams/public_html/beta/confirm_booking.php],INSERT INTO xmllogs(reservation_id, type, request_path, response_path, header_path, source_type, create_date, header, session_id, agent_logs_id)
                VALUE ('', 'reservation', 'e1p/09_02_2024/request_reservation_Baysan_Tourism_wh_07_57_36_1707465456_52.json', 'e1p/09_02_2024/response_reservation_Baysan_Tourism_wh_07_57_36_1707465456_52.json', 'e1p/09_02_2024/response_header_reservation_Baysan_Tourism_wh_07_57_36_1707465456_52.json', 'expediapackage', '2024-02-09 07:57:37', '', 'b35b8c7fd16cfee7edabcd932b9ba20addb09f22541499bdb9ab352a9cd8cf04', '0');
[02/09/2024 07:57:37], [file name :-/home/otrams/public_html/beta/confirm_booking.php],update bookings set  special_remark = '', itenirary_id = '7155156385697', confirmation_number = '7155156385697', display_discount = '0', cancellation_policy = 'Free cancellation up to  12:59:59 on  2024-06-11<br>If you cancel between 2024-06-11 13:00:00 and 2024-06-19 00:00:00 , you will be charged 10.34 USD<br>No show is subject to a 100 % cancellation charge<br><br/><b>Amendment Policy</b><br/>
		Please note that most hotels treat changes in pax details, room category and dates as a cancellation of the booking, and charges will apply according to the cancellation policy.
		Late amendment charges may apply if requested after 13:00 on 11th of June 2024.
		Confirmation of amendments is subject to availability and rates at the time of making the amendment.', supplier_cancellation_policy = '', current_status = 'confirmed', expiration_date = '2024-06-11 10:00:00', comment_contract = ' Bed Type Selection is not guaranteed.<br/><span style=\'color: red;\'><strong>Note</strong>: Nightly rates might be calculated based on the average of Total Rate</span><br><br><b>Amenities:</b>Free self parking, Free WiFi<br><br><b>Deal:</b> Members exclusive price,<br><br/><br/><br/><b>Checkin Start Time :</b> , <br/><b>Checkin End Time :</b> , <br/><b>Min Checkin Age :</b> , <br/><b>Checkout Time :</b> ,<br/><b>Instructions :</b> ,<br/><b>Special Instructions :</b> ,<br/><b>Important Note :</b> Agent agree that this rate is being sold with approved transport component.', consultant_id = 'Ayman', sales_manager_id = '0', admin_booked = '0', email_id = '', leader_phone = '', agent_currency_multiplier = '1.00000', ip_addr = '43.239.53.130', comment_contract = ' Bed Type Selection is not guaranteed.<br/><span style=\'color: red;\'><strong>Note</strong>: Nightly rates might be calculated based on the average of Total Rate</span><br><br><b>Amenities:</b>Free self parking, Free WiFi<br><br><b>Deal:</b> Members exclusive price,<br><br/><br/><br/><b>Checkin Start Time :</b> , <br/><b>Checkin End Time :</b> , <br/><b>Min Checkin Age :</b> , <br/><b>Checkout Time :</b> ,<br/><b>Instructions :</b> ,<br/><b>Special Instructions :</b> ,<br/><b>Important Note :</b> Agent agree that this rate is being sold with approved transport component.', backoffice_user = 'Ayman', customer_id = '', applied_multiplier='1.00000',  wh_applied_markup='25.0',  wh_agent_currency_multiplier='1.00000',  wh_agent_markup='25.0',  wh_agent_rate='10.34',  wh_sub_agent_rate='0',  wh_parent_agent_id='7866',  wh_agent_id='7866',  wh_basecurrency_multiplier_native='1.00000',  wh_basecurrency_multiplier='1.00000',  site_id='20',  applied_markup='0',  agent_markup='0',  basecurrency_multiplier='1.00000',  basecurrency_multiplier_native='1.00000',  parent_agent_id='7863',  sub_agent_rate='0',  agent_rate='8.27',  applicable_service_tax='0',  supplier_rate='8.27',  uid='1b595ea3702f707d69f9981a827f1c72'  where id='386';
[02/09/2024 07:57:37], [file name :-/home/otrams/public_html/beta/confirm_booking.php],update bookings_details set touricoRoomResId ='', gta_item_confirm_ref='' , special_request='' where booking_id ='386';
[02/09/2024 07:57:37], [file name :-/home/otrams/public_html/beta/confirm_booking.php],insert into booking_lat_long(booking_id,latitude,longitude) values ('386','-8.515887664358','115.26489223964');
[02/09/2024 07:57:37], [file name :-/home/otrams/public_html/beta/confirm_booking.php],insert into `user_logs` set `username`= 'Baysan_Tourism_wh',`create_date`= '2024-02-09 07:57:37',`log_type`= 'Loyalty Tier Accumulated Points',`sql_query`= 'select id,current_status,display_currency_code,agent_rate,sub_agent_rate,display_room_rate,wh_agent_rate,wh_sub_agent_rate  from bookings where id=\&#039;386\&#039;',`log_description`= 'Loyalty Accumulated Points :0 Added For Booking ID -386 And Booking Status - confirmed',`ip`= '43.239.53.130';
[02/09/2024 07:57:37], [file name :-/home/otrams/public_html/beta/confirm_booking.php],insert into user_log_link Set `user_logs_id`='725', `entity`='BookingId', `value`='386' ;
[02/09/2024 07:57:37], [file name :-/home/otrams/public_html/beta/confirm_booking.php],INSERT INTO booking_status (reservation_id,booking_id,status,create_date,memo,agent_id,ip_address,admin,modify_by) VALUES ('2595','386','confirmed','2024-02-09 07:57:37','Booking confirmed. Booked by Back Office Ayman on behalf of Agent - Baysan  Tourism(CD7863)','7863','43.239.53.130','0','7863');
[02/09/2024 07:57:37], [file name :-/home/otrams/public_html/beta/confirm_booking.php],INSERT INTO booking_cancellation_policy(booking_id,from_date,supplier_from_date,to_date,supplier_to_date,supplier_charge,agent_charge,lead_time,create_date,applied_agent_charges)  VALUES('386','2024-06-11 13:00:00','2024-06-11 13:00:00','2024-06-19 00:00:00','2024-06-19 00:00:00','8.27','10.34','0','2024-02-09 07:57:37','10.34');
[02/09/2024 07:57:37], [file name :-/home/otrams/public_html/beta/confirm_booking.php],update posted_bookings set booking_id='386',status='1' where reservation_id='2595' and booking_id ='0';
[02/09/2024 07:57:37], [file name :-/home/otrams/public_html/beta/confirm_booking.php],update xmllogs set reservation_id='386' where agent_logs_id='0' and source_type='expediapackage';
[02/09/2024 07:57:37], [file name :-/home/otrams/public_html/beta/confirm_booking.php],INSERT INTO booking_commission set agent_commission='',  supplier_commission='0.62',  commission_tax='',  booking_id ='386',  supplier_tax='1.47',  supplier_base_fare='6.8',  supplier_commissionable_fare='0.62'able_fare,  retension='100',  commission_percent='0',  create_date ='2024-02-09 07:57:37';
[02/09/2024 07:57:38], [file name :-/home/otrams/public_html/beta/confirm_booking.php],insert into temp(booking_id,mail_send_to)values('386','sujay.raut@qtechsoftware.com');
[02/09/2024 07:57:38], [file name :-/home/otrams/public_html/beta/confirm_booking.php],insert into temp(booking_id,mail_send_to)values('386','Sujay.raut@qtechsoftware.com');
[02/09/2024 07:57:39], [file name :-/home/otrams/public_html/beta/confirm_booking.php],insert into temp(booking_id,mail_send_to)values('386','branch@email.com');
[02/09/2024 07:57:43], [file name :-/home/otrams/public_html/beta/booking_list.php],UPDATE user_sessions_ip SET update_date = '2024-02-09 07:57:43' WHERE id= '529';
[02/09/2024 07:57:51], [file name :-/home/otrams/public_html/beta/booking_list.php],UPDATE user_sessions_ip SET update_date = '2024-02-09 07:57:51' WHERE id= '524';
[02/09/2024 07:57:55], [file name :-/home/otrams/public_html/beta/booking_list.php],UPDATE user_sessions_ip SET update_date = '2024-02-09 07:57:55' WHERE id= '529';
[02/09/2024 07:57:59], [file name :-/home/otrams/public_html/beta/booking_list.php],UPDATE user_sessions_ip SET update_date = '2024-02-09 07:57:59' WHERE id= '529';
[02/09/2024 07:57:59], [file name :-/home/otrams/public_html/beta/booking_list.php],update messages set mssg_status='R' where booking_id=?;
[02/09/2024 07:58:02], [file name :-/home/otrams/public_html/beta/booking_list.php],UPDATE user_sessions_ip SET update_date = '2024-02-09 07:58:02' WHERE id= '524';
[02/09/2024 07:58:06], [file name :-/home/otrams/public_html/beta/booking_list.php],UPDATE user_sessions_ip SET update_date = '2024-02-09 07:58:06' WHERE id= '524';
[02/09/2024 07:58:06], [file name :-/home/otrams/public_html/beta/booking_list.php],update messages set mssg_status='R' where booking_id=?;
[02/09/2024 07:58:24], [file name :-/home/otrams/public_html/beta/exitingbooking_payment_gateway_step1.php],UPDATE user_sessions_ip SET update_date = '2024-02-09 07:58:24' WHERE id= '524';
[02/09/2024 07:58:24], [file name :-/home/otrams/public_html/beta/exitingbooking_payment_gateway_step1.php],INSERT INTO mails_error_log set mailfrom='gajendra.rajpurohit@qtechsoftware.com',mailsubject='Payment Gateway credit limit is over for the days transaction (09-02-2024 07:58:24).(NOTIFICATION_PER_DAY_LIMIT)',mailbody='Dear Administrator,&lt;br/&gt;The Payment Gateway credit limit assigned is over for a day &lt;br/&gt; Payment Gateway Credit Limit IS  0 USD&lt;br/&gt; The customer wants to book for 10.34 USD&lt;br/&gt;&lt;br/&gt;Agent Information &lt;br/&gt;&lt;br/&gt;Agency Name :  &lt;br&gt;Agency Code : CD7863 &lt;br&gt;City :  &lt;br&gt;Service Date : 2024-06-19 &lt;br&gt;',mailto='',mailcc='',mailbcc='',mailattachment='',reason='You must provide at least one recipient email address.',date_time='2024-02-09 07:58:24';
[02/09/2024 07:58:24], [file name :-/home/otrams/public_html/beta/exitingbooking_payment_gateway_step1.php],UPDATE user_sessions_ip SET update_date = '2024-02-09 07:58:24' WHERE id= '524';
[02/09/2024 07:58:33], [file name :-/home/otrams/public_html/beta/exitingbooking_payment_gateway_step1.php],UPDATE user_sessions_ip SET update_date = '2024-02-09 07:58:33' WHERE id= '524';
[02/09/2024 07:58:42], [file name :-/home/otrams/public_html/beta/exitingbooking_payment_gateway_step1.php],UPDATE user_sessions_ip SET update_date = '2024-02-09 07:58:42' WHERE id= '524';
[02/09/2024 07:58:42], [file name :-/home/otrams/public_html/beta/exitingbooking_payment_gateway_step1.php],INSERT INTO mails_error_log set mailfrom='gajendra.rajpurohit@qtechsoftware.com',mailsubject='Payment Gateway credit limit is over for the days transaction (09-02-2024 07:58:42).(NOTIFICATION_PER_DAY_LIMIT)',mailbody='Dear Administrator,&lt;br/&gt;The Payment Gateway credit limit assigned is over for a day &lt;br/&gt; Payment Gateway Credit Limit IS  0 USD&lt;br/&gt; The customer wants to book for 10.34 USD&lt;br/&gt;&lt;br/&gt;Agent Information &lt;br/&gt;&lt;br/&gt;Agency Name :  &lt;br&gt;Agency Code : CD7863 &lt;br&gt;City :  &lt;br&gt;Service Date : 2024-06-19 &lt;br&gt;',mailto='',mailcc='',mailbcc='',mailattachment='',reason='You must provide at least one recipient email address.',date_time='2024-02-09 07:58:42';
[02/09/2024 07:58:42], [file name :-/home/otrams/public_html/beta/exitingbooking_payment_gateway_step1.php],UPDATE user_sessions_ip SET update_date = '2024-02-09 07:58:42' WHERE id= '524';
[02/09/2024 07:58:44], [file name :-/home/otrams/public_html/beta/exitingbooking_payment_gateway_step1.php],UPDATE user_sessions_ip SET update_date = '2024-02-09 07:58:44' WHERE id= '524';
[02/09/2024 07:58:50], [file name :-/home/otrams/public_html/beta/add_voucher.php],UPDATE user_sessions_ip SET update_date = '2024-02-09 07:58:50' WHERE id= '524';
[02/09/2024 07:58:53], [file name :-/home/otrams/public_html/beta/add_voucher.php],UPDATE user_sessions_ip SET update_date = '2024-02-09 07:58:53' WHERE id= '524';
[02/09/2024 07:58:53], [file name :-/home/otrams/public_html/beta/add_voucher.php],update bookings set invoice_number= '2024/00033', voucher_id='1321',status_date='2024-02-09 07:58:53',current_status='vouchered',voucher_hashcode='3b0900fe5ff680ae41ebc0119109462189279386',vouchered_by ='' where id='386';
[02/09/2024 07:58:53], [file name :-/home/otrams/public_html/beta/add_voucher.php],update bookings set is_invoiced='yes',invoice_number= '2024/00034' where id='386' and is_invoiced!='yes';
[02/09/2024 07:58:53], [file name :-/home/otrams/public_html/beta/add_voucher.php],UPDATE agents SET credit_usage=credit_usage+('8.27'),   credit_value= credit_value-('8.27') ,  cd_credit_usage=cd_credit_usage+('8.27') , cd_credit_value=cd_credit_value-('8.27')  WHERE id = '7863';
[02/09/2024 07:58:53], [file name :-/home/otrams/public_html/beta/add_voucher.php],insert into  agent_credit_log SET agent_id= '7863',credit_value= '999998676.520',credit_usage= '323.480',credit_limit= '999999000.000',receipt_id= '',amount= '8.27',booking_id='386',booking_cost= '8.27',receipt_allocation= '',balance= '8.27',ip='43.239.53.130',user_type='User',admin_id='Agent - Baysan  Tourism(CD7863)',temp_credit_limit='',log_type='Add Invoice',note='Add Invoice',create_date='2024-02-09 07:02:53';
[02/09/2024 07:58:53], [file name :-/home/otrams/public_html/beta/add_voucher.php],UPDATE agents  SET credit_usage=credit_usage+('10.34'),   credit_value= credit_value-('10.34') ,  cd_credit_usage=cd_credit_usage+('10.34') , cd_credit_value=cd_credit_value-('10.34')  WHERE id = '7866';
[02/09/2024 07:58:53], [file name :-/home/otrams/public_html/beta/add_voucher.php],insert into  agent_credit_log SET agent_id= '7866',credit_value= '4679.530',credit_usage= '320.470',credit_limit= '5000.000',receipt_id= '',amount= '10.34',booking_id='386',booking_cost= '8.27',receipt_allocation= '',balance= '8.27',ip='43.239.53.130',user_type='User',admin_id='Agent - Baysan  Tourism(CD7863)',temp_credit_limit='',log_type='Add Invoice',note='Add Invoice',create_date='2024-02-09 07:02:53';
[02/09/2024 07:58:53], [file name :-/home/otrams/public_html/beta/add_voucher.php], insert into wh_booking_rate_info set  booking_id = '386', booking_log = 'Booking Vouchered', create_date = '2024-02-09 07:58:53', type = 'Sale', agent_price = '10.340', sub_agent_price = '0.000', supplier_price = '8.270';
[02/09/2024 07:58:53], [file name :-/home/otrams/public_html/beta/add_voucher.php], insert into booking_rate_info set  booking_id = '386', booking_log = 'Booking Vouchered', create_date = '2024-02-09 07:58:53', supplier_currency ='USD', type = 'Sale', agent_price = '8.27', sub_agent_price ='', supplier_price = '8.270', supplier_id = 'expediapackage', supplier_type = 'online';
[02/09/2024 07:58:57], [file name :-/home/otrams/public_html/beta/add_voucher.php],INSERT INTO booking_status (visa_id,visa_status,booking_id,status,create_date,memo,agent_id,ip_address,admin,modify_by,crons) VALUES
		('','','386','vouchered-invoiced','2024-02-09 07:58:57','Booking invoiced by Back Office Ayman on behalf of Agent - Baysan  Tourism(CD7863)','7863','43.239.53.130','','','');
[02/09/2024 07:58:57], [file name :-/home/otrams/public_html/beta/add_voucher.php],INSERT INTO agent_commission SET booking_id ='386',booking_detail_id ='386',agent_id ='7863',is_sub_agent ='N',parent_id ='',display_commission ='0',display_currency ='USD',paid ='N',type ='hotel',description ='Agent Mark Up Percentage is 0 %',create_date ='2024-02-09 07:58:57';
[02/09/2024 07:58:57], [file name :-/home/otrams/public_html/beta/add_voucher.php],INSERT INTO booking_status (visa_id,visa_status,booking_id,status,create_date,memo,agent_id,ip_address,admin,modify_by,crons) VALUES
		('','','386','vouchered','2024-02-09 07:58:57','Voucherd by Back Office Ayman on behalf of Agent - Baysan  Tourism(CD7863)','7863','43.239.53.130','','','');
[02/09/2024 07:58:59], [file name :-/home/otrams/public_html/beta/add_voucher.php],insert into temp(booking_id,mail_send_to)values('386','Sujay.raut@qtechsoftware.com');
[02/09/2024 07:59:00], [file name :-/home/otrams/public_html/beta/add_voucher.php],insert into temp(booking_id,mail_send_to)values('386','sujay.raut@qtechsoftware.com');
[02/09/2024 07:59:01], [file name :-/home/otrams/public_html/beta/add_voucher.php],insert into temp(booking_id,mail_send_to)values('386','branch@email.com');
[02/09/2024 07:59:02], [file name :-/home/otrams/public_html/beta/booking_list.php],UPDATE user_sessions_ip SET update_date = '2024-02-09 07:59:02' WHERE id= '524';
[02/09/2024 07:59:02], [file name :-/home/otrams/public_html/beta/booking_list.php],update messages set mssg_status='R' where booking_id=?;
[02/09/2024 07:59:11], [file name :-/home/otrams/public_html/beta/add_voucher.php],UPDATE user_sessions_ip SET update_date = '2024-02-09 07:59:11' WHERE id= '529';
[02/09/2024 07:59:14], [file name :-/home/otrams/public_html/beta/add_voucher.php],UPDATE user_sessions_ip SET update_date = '2024-02-09 07:59:14' WHERE id= '529';
[02/09/2024 07:59:14], [file name :-/home/otrams/public_html/beta/add_voucher.php],update bookings set invoice_number= '2024/00035', voucher_id='35',status_date='2024-02-09 07:59:14',current_status='vouchered',voucher_hashcode='0f7fe3f7eaa5c1c890b54b07447dd64f45463385',vouchered_by ='' where id='385';
[02/09/2024 07:59:14], [file name :-/home/otrams/public_html/beta/add_voucher.php],update bookings set is_invoiced='yes',invoice_number= '2024/00036' where id='385' and is_invoiced!='yes';
[02/09/2024 07:59:14], [file name :-/home/otrams/public_html/beta/add_voucher.php],UPDATE agents SET credit_usage=credit_usage+('8.89'),   credit_value= credit_value-('8.89') ,  cd_credit_usage=cd_credit_usage+('8.89') , cd_credit_value=cd_credit_value-('8.89')  WHERE id = '7867';
[02/09/2024 07:59:14], [file name :-/home/otrams/public_html/beta/add_voucher.php],insert into  agent_credit_log SET agent_id= '7867',credit_value= '99999619.540',credit_usage= '379.460',credit_limit= '99999999.000',receipt_id= '',amount= '8.89',booking_id='385',booking_cost= '8.89',receipt_allocation= '',balance= '8.89',ip='43.239.53.130',user_type='User',admin_id='Agent - Rajendra  chaursiya(CD7867)',temp_credit_limit='',log_type='Add Invoice',note='Add Invoice',create_date='2024-02-09 07:02:14';
[02/09/2024 07:59:14], [file name :-/home/otrams/public_html/beta/add_voucher.php],UPDATE agents  SET credit_usage=credit_usage+('8.93'),   credit_value= credit_value-('8.93') ,  cd_credit_usage=cd_credit_usage+('8.93') , cd_credit_value=cd_credit_value-('8.93')  WHERE id = '7870';
[02/09/2024 07:59:14], [file name :-/home/otrams/public_html/beta/add_voucher.php],insert into  agent_credit_log SET agent_id= '7870',credit_value= '1758.990',credit_usage= '241.010',credit_limit= '2000.000',receipt_id= '',amount= '8.93',booking_id='385',booking_cost= '8.89',receipt_allocation= '',balance= '8.89',ip='43.239.53.130',user_type='User',admin_id='Agent - Rajendra  chaursiya(CD7867)',temp_credit_limit='',log_type='Add Invoice',note='Add Invoice',create_date='2024-02-09 07:02:14';
[02/09/2024 07:59:14], [file name :-/home/otrams/public_html/beta/add_voucher.php], insert into wh_booking_rate_info set  booking_id = '385', booking_log = 'Booking Vouchered', create_date = '2024-02-09 07:59:14', type = 'Sale', agent_price = '8.930', sub_agent_price = '0.000', supplier_price = '8.890';
[02/09/2024 07:59:14], [file name :-/home/otrams/public_html/beta/add_voucher.php], insert into booking_rate_info set  booking_id = '385', booking_log = 'Booking Vouchered', create_date = '2024-02-09 07:59:14', supplier_currency ='USD', type = 'Sale', agent_price = '8.89', sub_agent_price ='', supplier_price = '8.080', supplier_id = 'expedia', supplier_type = 'online';
[02/09/2024 07:59:19], [file name :-/home/otrams/public_html/beta/add_voucher.php],INSERT INTO booking_status (visa_id,visa_status,booking_id,status,create_date,memo,agent_id,ip_address,admin,modify_by,crons) VALUES
		('','','385','vouchered-invoiced','2024-02-09 07:59:19','Booking invoiced by Back Office hotelyards on behalf of Agent - Rajendra  chaursiya(CD7867)','7867','43.239.53.130','','','');
[02/09/2024 07:59:19], [file name :-/home/otrams/public_html/beta/add_voucher.php],INSERT INTO agent_commission SET booking_id ='385',booking_detail_id ='385',agent_id ='7867',is_sub_agent ='N',parent_id ='',display_commission ='0.809616',display_currency ='USD',paid ='N',type ='hotel',description ='Agent Mark Up Percentage is 10.02 %',create_date ='2024-02-09 07:59:19';
[02/09/2024 07:59:19], [file name :-/home/otrams/public_html/beta/add_voucher.php],INSERT INTO booking_status (visa_id,visa_status,booking_id,status,create_date,memo,agent_id,ip_address,admin,modify_by,crons) VALUES
		('','','385','vouchered','2024-02-09 07:59:19','Voucherd by Back Office hotelyards on behalf of Agent - Rajendra  chaursiya(CD7867)','7867','43.239.53.130','','','');
[02/09/2024 07:59:21], [file name :-/home/otrams/public_html/beta/add_voucher.php],insert into temp(booking_id,mail_send_to)values('385','astra@qtechsoftware.com');
[02/09/2024 07:59:21], [file name :-/home/otrams/public_html/beta/add_voucher.php],insert into temp(booking_id,mail_send_to)values('385','gajendra.rajpurohit@qtechsoftware.com');
[02/09/2024 07:59:21], [file name :-/home/otrams/public_html/beta/add_voucher.php],insert into temp(booking_id,mail_send_to)values('385','jaison.james@qtechsoftware.com');
[02/09/2024 07:59:21], [file name :-/home/otrams/public_html/beta/add_voucher.php],insert into temp(booking_id,mail_send_to)values('385','jaison.james@qtechsoftware.com');
[02/09/2024 07:59:22], [file name :-/home/otrams/public_html/beta/add_voucher.php],insert into temp(booking_id,mail_send_to)values('385','gajendra.rajpurohit@qtechsoftware.com');
[02/09/2024 07:59:22], [file name :-/home/otrams/public_html/beta/add_voucher.php],insert into temp(booking_id,mail_send_to)values('385','gajendra.rajpurohit@qtechsoftware.com');
[02/09/2024 07:59:24], [file name :-/home/otrams/public_html/beta/booking_list.php],UPDATE user_sessions_ip SET update_date = '2024-02-09 07:59:24' WHERE id= '524';
[02/09/2024 07:59:24], [file name :-/home/otrams/public_html/beta/add_voucher.php],insert into temp(booking_id,mail_send_to)values('385','gajendra.rajpurohit@qtechsoftware.com');
[02/09/2024 07:59:24], [file name :-/home/otrams/public_html/beta/booking_list.php],UPDATE user_sessions_ip SET update_date = '2024-02-09 07:59:24' WHERE id= '529';
[02/09/2024 07:59:24], [file name :-/home/otrams/public_html/beta/booking_list.php],update messages set mssg_status='R' where booking_id=?;
[02/09/2024 07:59:36], [file name :-/home/otrams/public_html/beta/booking_list.php],UPDATE user_sessions_ip SET update_date = '2024-02-09 07:59:36' WHERE id= '524';
[02/09/2024 07:59:40], [file name :-/home/otrams/public_html/beta/booking_list.php],UPDATE user_sessions_ip SET update_date = '2024-02-09 07:59:40' WHERE id= '524';
[02/09/2024 07:59:40], [file name :-/home/otrams/public_html/beta/booking_list.php],update messages set mssg_status='R' where booking_id=?;
