[03/04/2024 10:00:15], [file name :-/home/otrams/public_html/beta/hotel_search_list.php],UPDATE user_sessions_ip SET update_date = '2024-03-04 10:00:15' WHERE id= '621';
[03/04/2024 10:00:15], [file name :-/home/otrams/public_html/beta/hotel_search_list.php],INSERT INTO agent_logs SET  agent_id = '7857' , sub_agent_id = '' , sub_user_id = '0' , branch_id = '23' , ip = '43.239.53.130' , city = 'dubai' , service_name = '' , country_of_residence = '106' , service_type = 'hotel' , arrival_date = '2024/03/14' , departure_date = '2024/03/15' , nights = '1' , nationality = '106' , room_types = '2' , room_type='[{"numberOfAdults":2}]' , available='0' , create_date = '2024-03-04 10:00:15' , site_id = '' , country_code = '138' , city_code = '71649' , ratings = '3.0,4.0,5.0,SC' , selected_currency = 'USD' , currency_code = 'USD' , web_service = '' ;
[03/04/2024 10:00:15], [file name :-/home/otrams/public_html/beta/xml_all.php],UPDATE user_sessions_ip SET update_date = '2024-03-04 10:00:15' WHERE id= '621';
[03/04/2024 10:00:15], [file name :-/home/otrams/public_html/beta/call.php],INSERT INTO xmllogs(reservation_id, type, request_path, response_path, header_path, source_type, create_date, header, session_id, agent_logs_id)
                VALUE ('', 'availability', '/request_placeholder.xml', '/response_placeholder.xml', '/response_header_placeholder.xml', 'localsystem', '2024-03-04 10:00:15', '', '1a62aa47925bbe5570af4cbcde36d1d69ec7102b29d6b586d521b2820d94524b', '53');
[03/04/2024 10:00:15], [file name :-/home/otrams/public_html/beta/call.php],UPDATE xmllogs SET
        hotel_count = ''
        , request_url = '/call.php?s=localsystem&sessionid=1a62aa47925bbe5570af4cbcde36d1d69ec7102b29d6b586d521b2820d94524b&xml_user_id=7857&request_no=0&local_hotel_code=5&#039;,&#039;6&web_service=no'
        , http_hit_time = '2024-03-04 10:00:15.888'
        , request_start_time = '0.000'
        , parsing_start_time = '0.000'
        , mapping_complete_time = '0.000'
        , mongo_start_time = '0.000'
        , search_end_time = '0.000'
        , total_duration = '0.073'
        , error_description = ' Unsupported operand types | 1 | /home/otrams/public_html/beta/common/functions/site.func.php:986'
        , memory_used = '4537568'
        WHERE id = '46855';
[03/04/2024 10:00:15], [file name :-/home/otrams/public_html/beta/xml_all.php],UPDATE agent_logs SET
        hotel_count = '',
        request_path = '/xml_all.php?userid=7857&sessionid=1a62aa47925bbe5570af4cbcde36d1d69ec7102b29d6b586d521b2820d94524b',
        duration = '0.126',
        merge_duration = '0.000',
        assigned_supplier_count = '1',
        searched_supplier_count = '1',
        system_load_1_min = '9.13',
        system_load_5_min = '6.94',
        system_load_15_min = '5.55',
        system_memory_usage = '89.30',
        memory_usage = (SELECT COALESCE(SUM(memory_used),0) FROM xmllogs WHERE agent_logs_id = '53') + '3135808',
        parallel_search_count = '1',
        mongo_archive_collection = '',
        error_description = '',
        is_cached = 'no'
        WHERE id = '53';
[03/04/2024 10:00:16], [file name :-/home/otrams/public_html/beta/m1_hotel_search_listing.php],UPDATE user_sessions_ip SET update_date = '2024-03-04 10:00:16' WHERE id= '621';
[03/04/2024 10:00:17], [file name :-/home/otrams/public_html/beta/xml_all.php],UPDATE user_sessions_ip SET update_date = '2024-03-04 10:00:17' WHERE id= '621';
[03/04/2024 10:00:17], [file name :-/home/otrams/public_html/beta/call.php],INSERT INTO xmllogs(reservation_id, type, request_path, response_path, header_path, source_type, create_date, header, session_id, agent_logs_id)
                VALUE ('', 'availability', '/request_placeholder.xml', '/response_placeholder.xml', '/response_header_placeholder.xml', 'localsystem', '2024-03-04 10:00:17', '', '1a62aa47925bbe5570af4cbcde36d1d69ec7102b29d6b586d521b2820d94524b', '53');
[03/04/2024 10:00:17], [file name :-/home/otrams/public_html/beta/call.php],UPDATE xmllogs SET
        hotel_count = ''
        , request_url = '/call.php?s=localsystem&sessionid=1a62aa47925bbe5570af4cbcde36d1d69ec7102b29d6b586d521b2820d94524b&xml_user_id=7857&request_no=0&local_hotel_code=5&#039;,&#039;6&web_service=no'
        , http_hit_time = '2024-03-04 10:00:17.246'
        , request_start_time = '0.000'
        , parsing_start_time = '0.000'
        , mapping_complete_time = '0.000'
        , mongo_start_time = '0.000'
        , search_end_time = '0.000'
        , total_duration = '0.069'
        , error_description = ' Unsupported operand types | 1 | /home/otrams/public_html/beta/common/functions/site.func.php:986'
        , memory_used = '4537976'
        WHERE id = '46856';
[03/04/2024 10:00:17], [file name :-/home/otrams/public_html/beta/xml_all.php],UPDATE agent_logs SET
        hotel_count = '',
        request_path = '/xml_all.php?userid=7857&sessionid=1a62aa47925bbe5570af4cbcde36d1d69ec7102b29d6b586d521b2820d94524b',
        duration = '0.119',
        merge_duration = '0.000',
        assigned_supplier_count = '1',
        searched_supplier_count = '1',
        system_load_1_min = '9.13',
        system_load_5_min = '6.94',
        system_load_15_min = '5.55',
        system_memory_usage = '89.55',
        memory_usage = (SELECT COALESCE(SUM(memory_used),0) FROM xmllogs WHERE agent_logs_id = '53') + '3115792',
        parallel_search_count = '1',
        mongo_archive_collection = '',
        error_description = '',
        is_cached = 'no'
        WHERE id = '53';
[03/04/2024 10:00:18], [file name :-/home/otrams/public_html/beta/ajax/list_hotel.php],UPDATE user_sessions_ip SET update_date = '2024-03-04 10:00:18' WHERE id= '621';
[03/04/2024 10:00:27], [file name :-/home/otrams/public_html/beta/xml_all.php],UPDATE user_sessions_ip SET update_date = '2024-03-04 10:00:27' WHERE id= '621';
[03/04/2024 10:00:27], [file name :-/home/otrams/public_html/beta/call.php],INSERT INTO xmllogs(reservation_id, type, request_path, response_path, header_path, source_type, create_date, header, session_id, agent_logs_id)
                VALUE ('', 'availability', '/request_placeholder.xml', '/response_placeholder.xml', '/response_header_placeholder.xml', 'localsystem', '2024-03-04 10:00:27', '', '1a62aa47925bbe5570af4cbcde36d1d69ec7102b29d6b586d521b2820d94524b', '53');
[03/04/2024 10:00:27], [file name :-/home/otrams/public_html/beta/call.php],UPDATE xmllogs SET
        hotel_count = ''
        , request_url = '/call.php?s=localsystem&sessionid=1a62aa47925bbe5570af4cbcde36d1d69ec7102b29d6b586d521b2820d94524b&xml_user_id=7857&request_no=0&local_hotel_code=5&#039;,&#039;6&web_service=no'
        , http_hit_time = '2024-03-04 10:00:27.227'
        , request_start_time = '0.000'
        , parsing_start_time = '0.000'
        , mapping_complete_time = '0.000'
        , mongo_start_time = '0.000'
        , search_end_time = '0.000'
        , total_duration = '0.067'
        , error_description = ' Unsupported operand types | 1 | /home/otrams/public_html/beta/common/functions/site.func.php:986'
        , memory_used = '4537976'
        WHERE id = '46857';
[03/04/2024 10:00:27], [file name :-/home/otrams/public_html/beta/xml_all.php],UPDATE agent_logs SET
        hotel_count = '',
        request_path = '/xml_all.php?userid=7857&sessionid=1a62aa47925bbe5570af4cbcde36d1d69ec7102b29d6b586d521b2820d94524b&error_reporting=yes',
        duration = '0.120',
        merge_duration = '0.000',
        assigned_supplier_count = '1',
        searched_supplier_count = '1',
        system_load_1_min = '7.89',
        system_load_5_min = '6.74',
        system_load_15_min = '5.51',
        system_memory_usage = '90.18',
        memory_usage = (SELECT COALESCE(SUM(memory_used),0) FROM xmllogs WHERE agent_logs_id = '53') + '3118232',
        parallel_search_count = '1',
        mongo_archive_collection = '',
        error_description = '',
        is_cached = 'no'
        WHERE id = '53';
[03/04/2024 10:00:36], [file name :-/home/otrams/public_html/beta/xml_all.php],UPDATE user_sessions_ip SET update_date = '2024-03-04 10:00:36' WHERE id= '621';
[03/04/2024 10:00:49], [file name :-/home/otrams/public_html/beta/call.php],UPDATE user_sessions_ip SET update_date = '2024-03-04 10:00:49' WHERE id= '621';
[03/04/2024 10:00:49], [file name :-/home/otrams/public_html/beta/call.php],INSERT INTO xmllogs(reservation_id, type, request_path, response_path, header_path, source_type, create_date, header, session_id, agent_logs_id)
                VALUE ('', 'availability', '/request_placeholder.xml', '/response_placeholder.xml', '/response_header_placeholder.xml', 'localsystem', '2024-03-04 10:00:49', '', '1a62aa47925bbe5570af4cbcde36d1d69ec7102b29d6b586d521b2820d94524b', '53');
[03/04/2024 10:00:49], [file name :-/home/otrams/public_html/beta/call.php],UPDATE xmllogs SET
        hotel_count = ''
        , request_url = '/call.php?s=localsystem&sessionid=1a62aa47925bbe5570af4cbcde36d1d69ec7102b29d6b586d521b2820d94524b&xml_user_id=7857&request_no=0&local_hotel_code=5%27,%276&web_service=no&debug=1'
        , http_hit_time = '2024-03-04 10:00:49.75'
        , request_start_time = '0.000'
        , parsing_start_time = '0.000'
        , mapping_complete_time = '0.000'
        , mongo_start_time = '0.000'
        , search_end_time = '0.000'
        , total_duration = '0.078'
        , error_description = ' Unsupported operand types | 1 | /home/otrams/public_html/beta/common/functions/site.func.php:986'
        , memory_used = '4617024'
        WHERE id = '46858';
[03/04/2024 10:00:57], [file name :-/home/otrams/public_html/beta/call.php],UPDATE user_sessions_ip SET update_date = '2024-03-04 10:00:57' WHERE id= '621';
[03/04/2024 10:00:57], [file name :-/home/otrams/public_html/beta/call.php],INSERT INTO xmllogs(reservation_id, type, request_path, response_path, header_path, source_type, create_date, header, session_id, agent_logs_id)
                VALUE ('', 'availability', '/request_placeholder.xml', '/response_placeholder.xml', '/response_header_placeholder.xml', 'localsystem', '2024-03-04 10:00:57', '', '1a62aa47925bbe5570af4cbcde36d1d69ec7102b29d6b586d521b2820d94524b', '53');
[03/04/2024 10:00:57], [file name :-/home/otrams/public_html/beta/call.php],UPDATE xmllogs SET
        hotel_count = ''
        , request_url = '/call.php?s=localsystem&sessionid=1a62aa47925bbe5570af4cbcde36d1d69ec7102b29d6b586d521b2820d94524b&xml_user_id=7857&request_no=0&local_hotel_code=5%27,%276&web_service=no&debug=1&error_reporting=yes'
        , http_hit_time = '2024-03-04 10:00:57.897'
        , request_start_time = '0.000'
        , parsing_start_time = '0.000'
        , mapping_complete_time = '0.000'
        , mongo_start_time = '0.000'
        , search_end_time = '0.000'
        , total_duration = '0.081'
        , error_description = ' Unsupported operand types | 1 | /home/otrams/public_html/beta/common/functions/site.func.php:986'
        , memory_used = '4619168'
        WHERE id = '46859';
[03/04/2024 10:01:53], [file name :-/home/otrams/public_html/beta/call.php],UPDATE user_sessions_ip SET update_date = '2024-03-04 10:01:53' WHERE id= '621';
[03/04/2024 10:01:53], [file name :-/home/otrams/public_html/beta/call.php],INSERT INTO xmllogs(reservation_id, type, request_path, response_path, header_path, source_type, create_date, header, session_id, agent_logs_id)
                VALUE ('', 'availability', '/request_placeholder.xml', '/response_placeholder.xml', '/response_header_placeholder.xml', 'localsystem', '2024-03-04 10:01:53', '', '1a62aa47925bbe5570af4cbcde36d1d69ec7102b29d6b586d521b2820d94524b', '53');
[03/04/2024 10:01:53], [file name :-/home/otrams/public_html/beta/call.php],UPDATE xmllogs SET
        hotel_count = ''
        , request_url = '/call.php?s=localsystem&sessionid=1a62aa47925bbe5570af4cbcde36d1d69ec7102b29d6b586d521b2820d94524b&xml_user_id=7857&request_no=0&local_hotel_code=5%27,%276&web_service=no&debug=1&error_reporting=yes'
        , http_hit_time = '2024-03-04 10:01:53.804'
        , request_start_time = '0.000'
        , parsing_start_time = '0.000'
        , mapping_complete_time = '0.000'
        , mongo_start_time = '0.000'
        , search_end_time = '0.000'
        , total_duration = '0.147'
        , error_description = ''
        , memory_used = '8859992'
        WHERE id = '46860';
[03/04/2024 10:01:57], [file name :-/home/otrams/public_html/beta/m1_hotel_search_listing.php],UPDATE user_sessions_ip SET update_date = '2024-03-04 10:01:57' WHERE id= '621';
[03/04/2024 10:01:59], [file name :-/home/otrams/public_html/beta/ajax/list_hotel.php],UPDATE user_sessions_ip SET update_date = '2024-03-04 10:01:59' WHERE id= '621';
[03/04/2024 10:07:46], [file name :-/home/otrams/public_html/beta/m1_write_cache.php],UPDATE user_sessions_ip SET update_date = '2024-03-04 10:07:46' WHERE id= '621';
[03/04/2024 10:07:46], [file name :-/home/otrams/public_html/beta/book_now.php],UPDATE user_sessions_ip SET update_date = '2024-03-04 10:07:46' WHERE id= '621';
[03/04/2024 10:07:46], [file name :-/home/otrams/public_html/beta/book_now.php],INSERT INTO autogenerator_reservation (reservation_id, remote_id) VALUES ('1709546866','43.239.53.130');
[03/04/2024 10:13:16], [file name :-/home/otrams/public_html/beta/tms/agent.php],DELETE FROM agent_supplier_settings WHERE 1  and agent_id= ? ;
[03/04/2024 10:13:16], [file name :-/home/otrams/public_html/beta/tms/agent.php],INSERT INTO agent_supplier_settings SET agent_id = '7811',supplier_id = '67' ,status = '' ,priority = '' ,lead_time = '',branch_id = '',visible_supplier_on_voucher = '0',pricing_profile_id = '';
[03/04/2024 10:13:16], [file name :-/home/otrams/public_html/beta/tms/agent.php],INSERT INTO agent_supplier_settings SET agent_id = '7811',supplier_id = '52' ,status = '' ,priority = '' ,lead_time = '',branch_id = '',visible_supplier_on_voucher = '0',pricing_profile_id = '';
[03/04/2024 10:13:16], [file name :-/home/otrams/public_html/beta/tms/agent.php],INSERT INTO agent_supplier_settings SET agent_id = '7811',supplier_id = '76' ,status = '' ,priority = '' ,lead_time = '',branch_id = '',visible_supplier_on_voucher = '0',pricing_profile_id = '';
[03/04/2024 10:13:16], [file name :-/home/otrams/public_html/beta/tms/agent.php],INSERT INTO agent_supplier_settings SET agent_id = '7811',supplier_id = '24' ,status = '' ,priority = '' ,lead_time = '',branch_id = '',visible_supplier_on_voucher = '0',pricing_profile_id = '';
[03/04/2024 10:13:16], [file name :-/home/otrams/public_html/beta/tms/agent.php],INSERT INTO agent_supplier_settings SET agent_id = '7811',supplier_id = '77' ,status = '' ,priority = '' ,lead_time = '',branch_id = '',visible_supplier_on_voucher = '0',pricing_profile_id = '';
[03/04/2024 10:13:16], [file name :-/home/otrams/public_html/beta/tms/agent.php],INSERT INTO agent_supplier_settings SET agent_id = '7811',supplier_id = '64' ,status = '' ,priority = '' ,lead_time = '',branch_id = '',visible_supplier_on_voucher = '0',pricing_profile_id = '';
[03/04/2024 10:13:16], [file name :-/home/otrams/public_html/beta/tms/agent.php],INSERT INTO agent_supplier_settings SET agent_id = '7811',supplier_id = '65' ,status = '' ,priority = '' ,lead_time = '',branch_id = '',visible_supplier_on_voucher = '0',pricing_profile_id = '';
[03/04/2024 10:13:16], [file name :-/home/otrams/public_html/beta/tms/agent.php],INSERT INTO agent_supplier_settings SET agent_id = '7811',supplier_id = '34' ,status = '' ,priority = '' ,lead_time = '',branch_id = '',visible_supplier_on_voucher = '0',pricing_profile_id = '';
[03/04/2024 10:13:16], [file name :-/home/otrams/public_html/beta/tms/agent.php],INSERT INTO agent_supplier_settings SET agent_id = '7811',supplier_id = '20' ,status = '' ,priority = '' ,lead_time = '',branch_id = '',visible_supplier_on_voucher = '0',pricing_profile_id = '';
[03/04/2024 10:13:16], [file name :-/home/otrams/public_html/beta/tms/agent.php],INSERT INTO agent_supplier_settings SET agent_id = '7811',supplier_id = '55' ,status = '' ,priority = '' ,lead_time = '',branch_id = '',visible_supplier_on_voucher = '0',pricing_profile_id = '';
[03/04/2024 10:13:16], [file name :-/home/otrams/public_html/beta/tms/agent.php],INSERT INTO agent_supplier_settings SET agent_id = '7811',supplier_id = '62' ,status = '1' ,priority = '' ,lead_time = '',branch_id = '',visible_supplier_on_voucher = '0',pricing_profile_id = '';
[03/04/2024 10:13:16], [file name :-/home/otrams/public_html/beta/tms/agent.php],INSERT INTO agent_supplier_settings SET agent_id = '7811',supplier_id = '53' ,status = '' ,priority = '' ,lead_time = '',branch_id = '',visible_supplier_on_voucher = '0',pricing_profile_id = '';
[03/04/2024 10:13:16], [file name :-/home/otrams/public_html/beta/tms/agent.php],INSERT INTO agent_supplier_settings SET agent_id = '7811',supplier_id = '16' ,status = '' ,priority = '' ,lead_time = '',branch_id = '',visible_supplier_on_voucher = '0',pricing_profile_id = '';
[03/04/2024 10:13:16], [file name :-/home/otrams/public_html/beta/tms/agent.php],INSERT INTO agent_supplier_settings SET agent_id = '7811',supplier_id = '78' ,status = '' ,priority = '' ,lead_time = '',branch_id = '',visible_supplier_on_voucher = '0',pricing_profile_id = '';
[03/04/2024 10:13:16], [file name :-/home/otrams/public_html/beta/tms/agent.php],INSERT INTO agent_supplier_settings SET agent_id = '7811',supplier_id = '75' ,status = '' ,priority = '' ,lead_time = '',branch_id = '',visible_supplier_on_voucher = '0',pricing_profile_id = '';
[03/04/2024 10:13:16], [file name :-/home/otrams/public_html/beta/tms/agent.php],INSERT INTO agent_supplier_settings SET agent_id = '7811',supplier_id = '60' ,status = '' ,priority = '' ,lead_time = '',branch_id = '',visible_supplier_on_voucher = '0',pricing_profile_id = '';
[03/04/2024 10:13:16], [file name :-/home/otrams/public_html/beta/tms/agent.php],INSERT INTO agent_supplier_settings SET agent_id = '7811',supplier_id = '18' ,status = '' ,priority = '' ,lead_time = '',branch_id = '',visible_supplier_on_voucher = '0',pricing_profile_id = '';
[03/04/2024 10:13:16], [file name :-/home/otrams/public_html/beta/tms/agent.php],INSERT INTO agent_supplier_settings SET agent_id = '7811',supplier_id = '19' ,status = '' ,priority = '' ,lead_time = '',branch_id = '',visible_supplier_on_voucher = '0',pricing_profile_id = '';
[03/04/2024 10:13:16], [file name :-/home/otrams/public_html/beta/tms/agent.php],INSERT INTO agent_supplier_settings SET agent_id = '7811',supplier_id = '73' ,status = '' ,priority = '' ,lead_time = '',branch_id = '',visible_supplier_on_voucher = '0',pricing_profile_id = '';
[03/04/2024 10:13:16], [file name :-/home/otrams/public_html/beta/tms/agent.php],INSERT INTO agent_supplier_settings SET agent_id = '7811',supplier_id = '71' ,status = '' ,priority = '' ,lead_time = '',branch_id = '',visible_supplier_on_voucher = '0',pricing_profile_id = '';
[03/04/2024 10:13:16], [file name :-/home/otrams/public_html/beta/tms/agent.php],INSERT INTO agent_supplier_settings SET agent_id = '7811',supplier_id = '69' ,status = '' ,priority = '' ,lead_time = '',branch_id = '',visible_supplier_on_voucher = '0',pricing_profile_id = '';
[03/04/2024 10:13:16], [file name :-/home/otrams/public_html/beta/tms/agent.php],INSERT INTO agent_supplier_settings SET agent_id = '7811',supplier_id = '68' ,status = '' ,priority = '' ,lead_time = '',branch_id = '',visible_supplier_on_voucher = '0',pricing_profile_id = '';
[03/04/2024 10:13:16], [file name :-/home/otrams/public_html/beta/tms/agent.php],INSERT INTO agent_supplier_settings SET agent_id = '7811',supplier_id = '74' ,status = '' ,priority = '' ,lead_time = '',branch_id = '',visible_supplier_on_voucher = '0',pricing_profile_id = '';
[03/04/2024 10:13:16], [file name :-/home/otrams/public_html/beta/tms/agent.php],INSERT INTO agent_supplier_settings SET agent_id = '7811',supplier_id = '35' ,status = '' ,priority = '' ,lead_time = '',branch_id = '',visible_supplier_on_voucher = '0',pricing_profile_id = '';
[03/04/2024 10:13:16], [file name :-/home/otrams/public_html/beta/tms/agent.php],INSERT INTO agent_supplier_settings SET agent_id = '7811',supplier_id = '70' ,status = '' ,priority = '' ,lead_time = '',branch_id = '',visible_supplier_on_voucher = '0',pricing_profile_id = '';
[03/04/2024 10:13:16], [file name :-/home/otrams/public_html/beta/tms/agent.php],INSERT INTO agent_supplier_settings SET agent_id = '7811',supplier_id = '59' ,status = '' ,priority = '' ,lead_time = '',branch_id = '',visible_supplier_on_voucher = '0',pricing_profile_id = '';
[03/04/2024 10:13:16], [file name :-/home/otrams/public_html/beta/tms/agent.php],INSERT INTO agent_supplier_settings SET agent_id = '7811',supplier_id = '32' ,status = '' ,priority = '' ,lead_time = '',branch_id = '',visible_supplier_on_voucher = '0',pricing_profile_id = '';
[03/04/2024 10:13:16], [file name :-/home/otrams/public_html/beta/tms/agent.php],INSERT INTO agent_supplier_settings SET agent_id = '7811',supplier_id = '58' ,status = '' ,priority = '' ,lead_time = '',branch_id = '',visible_supplier_on_voucher = '0',pricing_profile_id = '';
[03/04/2024 10:13:16], [file name :-/home/otrams/public_html/beta/tms/agent.php],INSERT INTO agent_supplier_settings SET agent_id = '7811',supplier_id = '56' ,status = '' ,priority = '' ,lead_time = '',branch_id = '',visible_supplier_on_voucher = '0',pricing_profile_id = '';
[03/04/2024 10:13:16], [file name :-/home/otrams/public_html/beta/tms/agent.php],INSERT INTO agent_supplier_settings SET agent_id = '7811',supplier_id = '57' ,status = '' ,priority = '' ,lead_time = '',branch_id = '',visible_supplier_on_voucher = '0',pricing_profile_id = '';
[03/04/2024 10:13:16], [file name :-/home/otrams/public_html/beta/tms/agent.php],INSERT INTO agent_supplier_settings SET agent_id = '7811',supplier_id = '61' ,status = '' ,priority = '' ,lead_time = '',branch_id = '',visible_supplier_on_voucher = '0',pricing_profile_id = '';
[03/04/2024 10:13:16], [file name :-/home/otrams/public_html/beta/tms/agent.php],INSERT INTO agent_supplier_settings SET agent_id = '7811',supplier_id = '63' ,status = '' ,priority = '' ,lead_time = '',branch_id = '',visible_supplier_on_voucher = '0',pricing_profile_id = '';
[03/04/2024 10:13:16], [file name :-/home/otrams/public_html/beta/tms/agent.php],INSERT INTO agent_supplier_settings SET agent_id = '7811',supplier_id = '54' ,status = '' ,priority = '' ,lead_time = '',branch_id = '',visible_supplier_on_voucher = '0',pricing_profile_id = '';
[03/04/2024 10:13:16], [file name :-/home/otrams/public_html/beta/tms/agent.php],INSERT INTO agent_supplier_settings SET agent_id = '7811',supplier_id = '66' ,status = '' ,priority = '' ,lead_time = '',branch_id = '',visible_supplier_on_voucher = '0',pricing_profile_id = '';
[03/04/2024 10:13:16], [file name :-/home/otrams/public_html/beta/tms/agent.php],INSERT INTO agent_supplier_settings SET agent_id = '7811',supplier_id = '45' ,status = '' ,priority = '' ,lead_time = '',branch_id = '',visible_supplier_on_voucher = '0',pricing_profile_id = '';
[03/04/2024 10:13:16], [file name :-/home/otrams/public_html/beta/tms/agent.php],insert into `user_logs` set `username`= 'v3alpha',`create_date`= '2024-03-04 10:13:16',`log_type`= 'Agent Supplier settings',`sql_query`= '======INSERT INTO agent_supplier_settings SET agent_id = \&#039;7811\&#039;,supplier_id = 67 ,status = \&#039;\&#039; ,priority = \&#039;\&#039; ,lead_time = \&#039;\&#039;,branch_id = \&#039;\&#039;,visible_supplier_on_voucher = \&#039;0\&#039;,pricing_profile_id = \&#039;\&#039;======INSERT INTO agent_supplier_settings SET agent_id = \&#039;7811\&#039;,supplier_id = 52 ,status = \&#039;\&#039; ,priority = \&#039;\&#039; ,lead_time = \&#039;\&#039;,branch_id = \&#039;\&#039;,visible_supplier_on_voucher = \&#039;0\&#039;,pricing_profile_id = \&#039;\&#039;======INSERT INTO agent_supplier_settings SET agent_id = \&#039;7811\&#039;,supplier_id = 76 ,status = \&#039;\&#039; ,priority = \&#039;\&#039; ,lead_time = \&#039;\&#039;,branch_id = \&#039;\&#039;,visible_supplier_on_voucher = \&#039;0\&#039;,pricing_profile_id = \&#039;\&#039;======INSERT INTO agent_supplier_settings SET agent_id = \&#039;7811\&#039;,supplier_id = 24 ,status = \&#039;\&#039; ,priority = \&#039;\&#039; ,lead_time = \&#039;\&#039;,branch_id = \&#039;\&#039;,visible_supplier_on_voucher = \&#039;0\&#039;,pricing_profile_id = \&#039;\&#039;======INSERT INTO agent_supplier_settings SET agent_id = \&#039;7811\&#039;,supplier_id = 77 ,status = \&#039;\&#039; ,priority = \&#039;\&#039; ,lead_time = \&#039;\&#039;,branch_id = \&#039;\&#039;,visible_supplier_on_voucher = \&#039;0\&#039;,pricing_profile_id = \&#039;\&#039;======INSERT INTO agent_supplier_settings SET agent_id = \&#039;7811\&#039;,supplier_id = 64 ,status = \&#039;\&#039; ,priority = \&#039;\&#039; ,lead_time = \&#039;\&#039;,branch_id = \&#039;\&#039;,visible_supplier_on_voucher = \&#039;0\&#039;,pricing_profile_id = \&#039;\&#039;======INSERT INTO agent_supplier_settings SET agent_id = \&#039;7811\&#039;,supplier_id = 65 ,status = \&#039;\&#039; ,priority = \&#039;\&#039; ,lead_time = \&#039;\&#039;,branch_id = \&#039;\&#039;,visible_supplier_on_voucher = \&#039;0\&#039;,pricing_profile_id = \&#039;\&#039;======INSERT INTO agent_supplier_settings SET agent_id = \&#039;7811\&#039;,supplier_id = 34 ,status = \&#039;\&#039; ,priority = \&#039;\&#039; ,lead_time = \&#039;\&#039;,branch_id = \&#039;\&#039;,visible_supplier_on_voucher = \&#039;0\&#039;,pricing_profile_id = \&#039;\&#039;======INSERT INTO agent_supplier_settings SET agent_id = \&#039;7811\&#039;,supplier_id = 20 ,status = \&#039;\&#039; ,priority = \&#039;\&#039; ,lead_time = \&#039;\&#039;,branch_id = \&#039;\&#039;,visible_supplier_on_voucher = \&#039;0\&#039;,pricing_profile_id = \&#039;\&#039;======INSERT INTO agent_supplier_settings SET agent_id = \&#039;7811\&#039;,supplier_id = 55 ,status = \&#039;\&#039; ,priority = \&#039;\&#039; ,lead_time = \&#039;\&#039;,branch_id = \&#039;\&#039;,visible_supplier_on_voucher = \&#039;0\&#039;,pricing_profile_id = \&#039;\&#039;======INSERT INTO agent_supplier_settings SET agent_id = \&#039;7811\&#039;,supplier_id = 62 ,status = \&#039;1\&#039; ,priority = \&#039;\&#039; ,lead_time = \&#039;\&#039;,branch_id = \&#039;\&#039;,visible_supplier_on_voucher = \&#039;0\&#039;,pricing_profile_id = \&#039;\&#039;======INSERT INTO agent_supplier_settings SET agent_id = \&#039;7811\&#039;,supplier_id = 53 ,status = \&#039;\&#039; ,priority = \&#039;\&#039; ,lead_time = \&#039;\&#039;,branch_id = \&#039;\&#039;,visible_supplier_on_voucher = \&#039;0\&#039;,pricing_profile_id = \&#039;\&#039;======INSERT INTO agent_supplier_settings SET agent_id = \&#039;7811\&#039;,supplier_id = 16 ,status = \&#039;\&#039; ,priority = \&#039;\&#039; ,lead_time = \&#039;\&#039;,branch_id = \&#039;\&#039;,visible_supplier_on_voucher = \&#039;0\&#039;,pricing_profile_id = \&#039;\&#039;======INSERT INTO agent_supplier_settings SET agent_id = \&#039;7811\&#039;,supplier_id = 78 ,status = \&#039;\&#039; ,priority = \&#039;\&#039; ,lead_time = \&#039;\&#039;,branch_id = \&#039;\&#039;,visible_supplier_on_voucher = \&#039;0\&#039;,pricing_profile_id = \&#039;\&#039;======INSERT INTO agent_supplier_settings SET agent_id = \&#039;7811\&#039;,supplier_id = 75 ,status = \&#039;\&#039; ,priority = \&#039;\&#039; ,lead_time = \&#039;\&#039;,branch_id = \&#039;\&#039;,visible_supplier_on_voucher = \&#039;0\&#039;,pricing_profile_id = \&#039;\&#039;======INSERT INTO agent_supplier_settings SET agent_id = \&#039;7811\&#039;,supplier_id = 60 ,status = \&#039;\&#039; ,priority = \&#039;\&#039; ,lead_time = \&#039;\&#039;,branch_id = \&#039;\&#039;,visible_supplier_on_voucher = \&#039;0\&#039;,pricing_profile_id = \&#039;\&#039;======INSERT INTO agent_supplier_settings SET agent_id = \&#039;7811\&#039;,supplier_id = 18 ,status = \&#039;\&#039; ,priority = \&#039;\&#039; ,lead_time = \&#039;\&#039;,branch_id = \&#039;\&#039;,visible_supplier_on_voucher = \&#039;0\&#039;,pricing_profile_id = \&#039;\&#039;======INSERT INTO agent_supplier_settings SET agent_id = \&#039;7811\&#039;,supplier_id = 19 ,status = \&#039;\&#039; ,priority = \&#039;\&#039; ,lead_time = \&#039;\&#039;,branch_id = \&#039;\&#039;,visible_supplier_on_voucher = \&#039;0\&#039;,pricing_profile_id = \&#039;\&#039;======INSERT INTO agent_supplier_settings SET agent_id = \&#039;7811\&#039;,supplier_id = 73 ,status = \&#039;\&#039; ,priority = \&#039;\&#039; ,lead_time = \&#039;\&#039;,branch_id = \&#039;\&#039;,visible_supplier_on_voucher = \&#039;0\&#039;,pricing_profile_id = \&#039;\&#039;======INSERT INTO agent_supplier_settings SET agent_id = \&#039;7811\&#039;,supplier_id = 71 ,status = \&#039;\&#039; ,priority = \&#039;\&#039; ,lead_time = \&#039;\&#039;,branch_id = \&#039;\&#039;,visible_supplier_on_voucher = \&#039;0\&#039;,pricing_profile_id = \&#039;\&#039;======INSERT INTO agent_supplier_settings SET agent_id = \&#039;7811\&#039;,supplier_id = 69 ,status = \&#039;\&#039; ,priority = \&#039;\&#039; ,lead_time = \&#039;\&#039;,branch_id = \&#039;\&#039;,visible_supplier_on_voucher = \&#039;0\&#039;,pricing_profile_id = \&#039;\&#039;======INSERT INTO agent_supplier_settings SET agent_id = \&#039;7811\&#039;,supplier_id = 68 ,status = \&#039;\&#039; ,priority = \&#039;\&#039; ,lead_time = \&#039;\&#039;,branch_id = \&#039;\&#039;,visible_supplier_on_voucher = \&#039;0\&#039;,pricing_profile_id = \&#039;\&#039;======INSERT INTO agent_supplier_settings SET agent_id = \&#039;7811\&#039;,supplier_id = 74 ,status = \&#039;\&#039; ,priority = \&#039;\&#039; ,lead_time = \&#039;\&#039;,branch_id = \&#039;\&#039;,visible_supplier_on_voucher = \&#039;0\&#039;,pricing_profile_id = \&#039;\&#039;======INSERT INTO agent_supplier_settings SET agent_id = \&#039;7811\&#039;,supplier_id = 35 ,status = \&#039;\&#039; ,priority = \&#039;\&#039; ,lead_time = \&#039;\&#039;,branch_id = \&#039;\&#039;,visible_supplier_on_voucher = \&#039;0\&#039;,pricing_profile_id = \&#039;\&#039;======INSERT INTO agent_supplier_settings SET agent_id = \&#039;7811\&#039;,supplier_id = 70 ,status = \&#039;\&#039; ,priority = \&#039;\&#039; ,lead_time = \&#039;\&#039;,branch_id = \&#039;\&#039;,visible_supplier_on_voucher = \&#039;0\&#039;,pricing_profile_id = \&#039;\&#039;======INSERT INTO agent_supplier_settings SET agent_id = \&#039;7811\&#039;,supplier_id = 59 ,status = \&#039;\&#039; ,priority = \&#039;\&#039; ,lead_time = \&#039;\&#039;,branch_id = \&#039;\&#039;,visible_supplier_on_voucher = \&#039;0\&#039;,pricing_profile_id = \&#039;\&#039;======INSERT INTO agent_supplier_settings SET agent_id = \&#039;7811\&#039;,supplier_id = 32 ,status = \&#039;\&#039; ,priority = \&#039;\&#039; ,lead_time = \&#039;\&#039;,branch_id = \&#039;\&#039;,visible_supplier_on_voucher = \&#039;0\&#039;,pricing_profile_id = \&#039;\&#039;======INSERT INTO agent_supplier_settings SET agent_id = \&#039;7811\&#039;,supplier_id = 58 ,status = \&#039;\&#039; ,priority = \&#039;\&#039; ,lead_time = \&#039;\&#039;,branch_id = \&#039;\&#039;,visible_supplier_on_voucher = \&#039;0\&#039;,pricing_profile_id = \&#039;\&#039;======INSERT INTO agent_supplier_settings SET agent_id = \&#039;7811\&#039;,supplier_id = 56 ,status = \&#039;\&#039; ,priority = \&#039;\&#039; ,lead_time = \&#039;\&#039;,branch_id = \&#039;\&#039;,visible_supplier_on_voucher = \&#039;0\&#039;,pricing_profile_id = \&#039;\&#039;======INSERT INTO agent_supplier_settings SET agent_id = \&#039;7811\&#039;,supplier_id = 57 ,status = \&#039;\&#039; ,priority = \&#039;\&#039; ,lead_time = \&#039;\&#039;,branch_id = \&#039;\&#039;,visible_supplier_on_voucher = \&#039;0\&#039;,pricing_profile_id = \&#039;\&#039;======INSERT INTO agent_supplier_settings SET agent_id = \&#039;7811\&#039;,supplier_id = 61 ,status = \&#039;\&#039; ,priority = \&#039;\&#039; ,lead_time = \&#039;\&#039;,branch_id = \&#039;\&#039;,visible_supplier_on_voucher = \&#039;0\&#039;,pricing_profile_id = \&#039;\&#039;======INSERT INTO agent_supplier_settings SET agent_id = \&#039;7811\&#039;,supplier_id = 63 ,status = \&#039;\&#039; ,priority = \&#039;\&#039; ,lead_time = \&#039;\&#039;,branch_id = \&#039;\&#039;,visible_supplier_on_voucher = \&#039;0\&#039;,pricing_profile_id = \&#039;\&#039;======INSERT INTO agent_supplier_settings SET agent_id = \&#039;7811\&#039;,supplier_id = 54 ,status = \&#039;\&#039; ,priority = \&#039;\&#039; ,lead_time = \&#039;\&#039;,branch_id = \&#039;\&#039;,visible_supplier_on_voucher = \&#039;0\&#039;,pricing_profile_id = \&#039;\&#039;======INSERT INTO agent_supplier_settings SET agent_id = \&#039;7811\&#039;,supplier_id = 66 ,status = \&#039;\&#039; ,priority = \&#039;\&#039; ,lead_time = \&#039;\&#039;,branch_id = \&#039;\&#039;,visible_supplier_on_voucher = \&#039;0\&#039;,pricing_profile_id = \&#039;\&#039;======INSERT INTO agent_supplier_settings SET agent_id = \&#039;7811\&#039;,supplier_id = 45 ,status = \&#039;\&#039; ,priority = \&#039;\&#039; ,lead_time = ,branch_id = \&#039;\&#039;,visible_supplier_on_voucher = \&#039;0\&#039;,pricing_profile_id = \&#039;\&#039;',`log_description`= 'Supplier setting updated  ',`ip`= '43.239.53.130';
[03/04/2024 10:13:55], [file name :-/home/otrams/public_html/beta/tms/agent.php],DELETE FROM agent_supplier_settings WHERE 1  and agent_id= ? ;
[03/04/2024 10:13:55], [file name :-/home/otrams/public_html/beta/tms/agent.php],INSERT INTO agent_supplier_settings SET agent_id = '601',supplier_id = '67' ,status = '' ,priority = '' ,lead_time = '',branch_id = '',visible_supplier_on_voucher = '0',pricing_profile_id = '';
[03/04/2024 10:13:55], [file name :-/home/otrams/public_html/beta/tms/agent.php],INSERT INTO agent_supplier_settings SET agent_id = '601',supplier_id = '52' ,status = '' ,priority = '' ,lead_time = '',branch_id = '',visible_supplier_on_voucher = '0',pricing_profile_id = '';
[03/04/2024 10:13:55], [file name :-/home/otrams/public_html/beta/tms/agent.php],INSERT INTO agent_supplier_settings SET agent_id = '601',supplier_id = '76' ,status = '' ,priority = '' ,lead_time = '',branch_id = '',visible_supplier_on_voucher = '0',pricing_profile_id = '';
[03/04/2024 10:13:55], [file name :-/home/otrams/public_html/beta/tms/agent.php],INSERT INTO agent_supplier_settings SET agent_id = '601',supplier_id = '24' ,status = '' ,priority = '' ,lead_time = '',branch_id = '',visible_supplier_on_voucher = '0',pricing_profile_id = '';
[03/04/2024 10:13:55], [file name :-/home/otrams/public_html/beta/tms/agent.php],INSERT INTO agent_supplier_settings SET agent_id = '601',supplier_id = '77' ,status = '' ,priority = '' ,lead_time = '',branch_id = '',visible_supplier_on_voucher = '0',pricing_profile_id = '';
[03/04/2024 10:13:55], [file name :-/home/otrams/public_html/beta/tms/agent.php],INSERT INTO agent_supplier_settings SET agent_id = '601',supplier_id = '64' ,status = '' ,priority = '' ,lead_time = '',branch_id = '',visible_supplier_on_voucher = '0',pricing_profile_id = '';
[03/04/2024 10:13:55], [file name :-/home/otrams/public_html/beta/tms/agent.php],INSERT INTO agent_supplier_settings SET agent_id = '601',supplier_id = '65' ,status = '' ,priority = '' ,lead_time = '',branch_id = '',visible_supplier_on_voucher = '0',pricing_profile_id = '';
[03/04/2024 10:13:55], [file name :-/home/otrams/public_html/beta/tms/agent.php],INSERT INTO agent_supplier_settings SET agent_id = '601',supplier_id = '34' ,status = '' ,priority = '' ,lead_time = '',branch_id = '',visible_supplier_on_voucher = '0',pricing_profile_id = '';
[03/04/2024 10:13:55], [file name :-/home/otrams/public_html/beta/tms/agent.php],INSERT INTO agent_supplier_settings SET agent_id = '601',supplier_id = '20' ,status = '' ,priority = '' ,lead_time = '',branch_id = '',visible_supplier_on_voucher = '0',pricing_profile_id = '';
[03/04/2024 10:13:55], [file name :-/home/otrams/public_html/beta/tms/agent.php],INSERT INTO agent_supplier_settings SET agent_id = '601',supplier_id = '55' ,status = '' ,priority = '' ,lead_time = '',branch_id = '',visible_supplier_on_voucher = '0',pricing_profile_id = '';
[03/04/2024 10:13:55], [file name :-/home/otrams/public_html/beta/tms/agent.php],INSERT INTO agent_supplier_settings SET agent_id = '601',supplier_id = '62' ,status = '1' ,priority = '' ,lead_time = '',branch_id = '',visible_supplier_on_voucher = '0',pricing_profile_id = '';
[03/04/2024 10:13:55], [file name :-/home/otrams/public_html/beta/tms/agent.php],INSERT INTO agent_supplier_settings SET agent_id = '601',supplier_id = '53' ,status = '' ,priority = '' ,lead_time = '',branch_id = '',visible_supplier_on_voucher = '0',pricing_profile_id = '';
[03/04/2024 10:13:55], [file name :-/home/otrams/public_html/beta/tms/agent.php],INSERT INTO agent_supplier_settings SET agent_id = '601',supplier_id = '16' ,status = '' ,priority = '' ,lead_time = '',branch_id = '',visible_supplier_on_voucher = '0',pricing_profile_id = '';
[03/04/2024 10:13:55], [file name :-/home/otrams/public_html/beta/tms/agent.php],INSERT INTO agent_supplier_settings SET agent_id = '601',supplier_id = '78' ,status = '' ,priority = '' ,lead_time = '',branch_id = '',visible_supplier_on_voucher = '0',pricing_profile_id = '';
[03/04/2024 10:13:55], [file name :-/home/otrams/public_html/beta/tms/agent.php],INSERT INTO agent_supplier_settings SET agent_id = '601',supplier_id = '75' ,status = '' ,priority = '' ,lead_time = '',branch_id = '',visible_supplier_on_voucher = '0',pricing_profile_id = '';
[03/04/2024 10:13:55], [file name :-/home/otrams/public_html/beta/tms/agent.php],INSERT INTO agent_supplier_settings SET agent_id = '601',supplier_id = '60' ,status = '' ,priority = '' ,lead_time = '',branch_id = '',visible_supplier_on_voucher = '0',pricing_profile_id = '';
[03/04/2024 10:13:55], [file name :-/home/otrams/public_html/beta/tms/agent.php],INSERT INTO agent_supplier_settings SET agent_id = '601',supplier_id = '18' ,status = '' ,priority = '' ,lead_time = '',branch_id = '',visible_supplier_on_voucher = '0',pricing_profile_id = '';
[03/04/2024 10:13:55], [file name :-/home/otrams/public_html/beta/tms/agent.php],INSERT INTO agent_supplier_settings SET agent_id = '601',supplier_id = '19' ,status = '' ,priority = '' ,lead_time = '',branch_id = '',visible_supplier_on_voucher = '0',pricing_profile_id = '';
[03/04/2024 10:13:55], [file name :-/home/otrams/public_html/beta/tms/agent.php],INSERT INTO agent_supplier_settings SET agent_id = '601',supplier_id = '73' ,status = '' ,priority = '' ,lead_time = '',branch_id = '',visible_supplier_on_voucher = '0',pricing_profile_id = '';
[03/04/2024 10:13:55], [file name :-/home/otrams/public_html/beta/tms/agent.php],INSERT INTO agent_supplier_settings SET agent_id = '601',supplier_id = '71' ,status = '' ,priority = '' ,lead_time = '',branch_id = '',visible_supplier_on_voucher = '0',pricing_profile_id = '';
[03/04/2024 10:13:55], [file name :-/home/otrams/public_html/beta/tms/agent.php],INSERT INTO agent_supplier_settings SET agent_id = '601',supplier_id = '69' ,status = '' ,priority = '' ,lead_time = '',branch_id = '',visible_supplier_on_voucher = '0',pricing_profile_id = '';
[03/04/2024 10:13:55], [file name :-/home/otrams/public_html/beta/tms/agent.php],INSERT INTO agent_supplier_settings SET agent_id = '601',supplier_id = '68' ,status = '' ,priority = '' ,lead_time = '',branch_id = '',visible_supplier_on_voucher = '0',pricing_profile_id = '';
[03/04/2024 10:13:55], [file name :-/home/otrams/public_html/beta/tms/agent.php],INSERT INTO agent_supplier_settings SET agent_id = '601',supplier_id = '74' ,status = '' ,priority = '' ,lead_time = '',branch_id = '',visible_supplier_on_voucher = '0',pricing_profile_id = '';
[03/04/2024 10:13:55], [file name :-/home/otrams/public_html/beta/tms/agent.php],INSERT INTO agent_supplier_settings SET agent_id = '601',supplier_id = '35' ,status = '' ,priority = '' ,lead_time = '',branch_id = '',visible_supplier_on_voucher = '0',pricing_profile_id = '';
[03/04/2024 10:13:55], [file name :-/home/otrams/public_html/beta/tms/agent.php],INSERT INTO agent_supplier_settings SET agent_id = '601',supplier_id = '70' ,status = '' ,priority = '' ,lead_time = '',branch_id = '',visible_supplier_on_voucher = '0',pricing_profile_id = '';
[03/04/2024 10:13:55], [file name :-/home/otrams/public_html/beta/tms/agent.php],INSERT INTO agent_supplier_settings SET agent_id = '601',supplier_id = '59' ,status = '' ,priority = '' ,lead_time = '',branch_id = '',visible_supplier_on_voucher = '0',pricing_profile_id = '';
[03/04/2024 10:13:55], [file name :-/home/otrams/public_html/beta/tms/agent.php],INSERT INTO agent_supplier_settings SET agent_id = '601',supplier_id = '32' ,status = '' ,priority = '' ,lead_time = '',branch_id = '',visible_supplier_on_voucher = '0',pricing_profile_id = '';
[03/04/2024 10:13:55], [file name :-/home/otrams/public_html/beta/tms/agent.php],INSERT INTO agent_supplier_settings SET agent_id = '601',supplier_id = '58' ,status = '' ,priority = '' ,lead_time = '',branch_id = '',visible_supplier_on_voucher = '0',pricing_profile_id = '';
[03/04/2024 10:13:55], [file name :-/home/otrams/public_html/beta/tms/agent.php],INSERT INTO agent_supplier_settings SET agent_id = '601',supplier_id = '56' ,status = '' ,priority = '' ,lead_time = '',branch_id = '',visible_supplier_on_voucher = '0',pricing_profile_id = '';
[03/04/2024 10:13:55], [file name :-/home/otrams/public_html/beta/tms/agent.php],INSERT INTO agent_supplier_settings SET agent_id = '601',supplier_id = '57' ,status = '' ,priority = '' ,lead_time = '',branch_id = '',visible_supplier_on_voucher = '0',pricing_profile_id = '';
[03/04/2024 10:13:55], [file name :-/home/otrams/public_html/beta/tms/agent.php],INSERT INTO agent_supplier_settings SET agent_id = '601',supplier_id = '61' ,status = '' ,priority = '' ,lead_time = '',branch_id = '',visible_supplier_on_voucher = '0',pricing_profile_id = '';
[03/04/2024 10:13:55], [file name :-/home/otrams/public_html/beta/tms/agent.php],INSERT INTO agent_supplier_settings SET agent_id = '601',supplier_id = '63' ,status = '' ,priority = '' ,lead_time = '',branch_id = '',visible_supplier_on_voucher = '0',pricing_profile_id = '';
[03/04/2024 10:13:55], [file name :-/home/otrams/public_html/beta/tms/agent.php],INSERT INTO agent_supplier_settings SET agent_id = '601',supplier_id = '54' ,status = '' ,priority = '' ,lead_time = '',branch_id = '',visible_supplier_on_voucher = '0',pricing_profile_id = '';
[03/04/2024 10:13:55], [file name :-/home/otrams/public_html/beta/tms/agent.php],INSERT INTO agent_supplier_settings SET agent_id = '601',supplier_id = '66' ,status = '' ,priority = '' ,lead_time = '',branch_id = '',visible_supplier_on_voucher = '0',pricing_profile_id = '';
[03/04/2024 10:13:55], [file name :-/home/otrams/public_html/beta/tms/agent.php],INSERT INTO agent_supplier_settings SET agent_id = '601',supplier_id = '45' ,status = '' ,priority = '' ,lead_time = '',branch_id = '',visible_supplier_on_voucher = '0',pricing_profile_id = '';
[03/04/2024 10:13:56], [file name :-/home/otrams/public_html/beta/tms/agent.php],insert into `user_logs` set `username`= 'v3alpha',`create_date`= '2024-03-04 10:13:56',`log_type`= 'Agent Supplier settings',`sql_query`= '======INSERT INTO agent_supplier_settings SET agent_id = \&#039;601\&#039;,supplier_id = 67 ,status = \&#039;\&#039; ,priority = \&#039;\&#039; ,lead_time = \&#039;\&#039;,branch_id = \&#039;\&#039;,visible_supplier_on_voucher = \&#039;0\&#039;,pricing_profile_id = \&#039;\&#039;======INSERT INTO agent_supplier_settings SET agent_id = \&#039;601\&#039;,supplier_id = 52 ,status = \&#039;\&#039; ,priority = \&#039;\&#039; ,lead_time = \&#039;\&#039;,branch_id = \&#039;\&#039;,visible_supplier_on_voucher = \&#039;0\&#039;,pricing_profile_id = \&#039;\&#039;======INSERT INTO agent_supplier_settings SET agent_id = \&#039;601\&#039;,supplier_id = 76 ,status = \&#039;\&#039; ,priority = \&#039;\&#039; ,lead_time = \&#039;\&#039;,branch_id = \&#039;\&#039;,visible_supplier_on_voucher = \&#039;0\&#039;,pricing_profile_id = \&#039;\&#039;======INSERT INTO agent_supplier_settings SET agent_id = \&#039;601\&#039;,supplier_id = 24 ,status = \&#039;\&#039; ,priority = \&#039;\&#039; ,lead_time = \&#039;\&#039;,branch_id = \&#039;\&#039;,visible_supplier_on_voucher = \&#039;0\&#039;,pricing_profile_id = \&#039;\&#039;======INSERT INTO agent_supplier_settings SET agent_id = \&#039;601\&#039;,supplier_id = 77 ,status = \&#039;\&#039; ,priority = \&#039;\&#039; ,lead_time = \&#039;\&#039;,branch_id = \&#039;\&#039;,visible_supplier_on_voucher = \&#039;0\&#039;,pricing_profile_id = \&#039;\&#039;======INSERT INTO agent_supplier_settings SET agent_id = \&#039;601\&#039;,supplier_id = 64 ,status = \&#039;\&#039; ,priority = \&#039;\&#039; ,lead_time = \&#039;\&#039;,branch_id = \&#039;\&#039;,visible_supplier_on_voucher = \&#039;0\&#039;,pricing_profile_id = \&#039;\&#039;======INSERT INTO agent_supplier_settings SET agent_id = \&#039;601\&#039;,supplier_id = 65 ,status = \&#039;\&#039; ,priority = \&#039;\&#039; ,lead_time = \&#039;\&#039;,branch_id = \&#039;\&#039;,visible_supplier_on_voucher = \&#039;0\&#039;,pricing_profile_id = \&#039;\&#039;======INSERT INTO agent_supplier_settings SET agent_id = \&#039;601\&#039;,supplier_id = 34 ,status = \&#039;\&#039; ,priority = \&#039;\&#039; ,lead_time = \&#039;\&#039;,branch_id = \&#039;\&#039;,visible_supplier_on_voucher = \&#039;0\&#039;,pricing_profile_id = \&#039;\&#039;======INSERT INTO agent_supplier_settings SET agent_id = \&#039;601\&#039;,supplier_id = 20 ,status = \&#039;\&#039; ,priority = \&#039;\&#039; ,lead_time = \&#039;\&#039;,branch_id = \&#039;\&#039;,visible_supplier_on_voucher = \&#039;0\&#039;,pricing_profile_id = \&#039;\&#039;======INSERT INTO agent_supplier_settings SET agent_id = \&#039;601\&#039;,supplier_id = 55 ,status = \&#039;\&#039; ,priority = \&#039;\&#039; ,lead_time = \&#039;\&#039;,branch_id = \&#039;\&#039;,visible_supplier_on_voucher = \&#039;0\&#039;,pricing_profile_id = \&#039;\&#039;======INSERT INTO agent_supplier_settings SET agent_id = \&#039;601\&#039;,supplier_id = 62 ,status = \&#039;1\&#039; ,priority = \&#039;\&#039; ,lead_time = \&#039;\&#039;,branch_id = \&#039;\&#039;,visible_supplier_on_voucher = \&#039;0\&#039;,pricing_profile_id = \&#039;\&#039;======INSERT INTO agent_supplier_settings SET agent_id = \&#039;601\&#039;,supplier_id = 53 ,status = \&#039;\&#039; ,priority = \&#039;\&#039; ,lead_time = \&#039;\&#039;,branch_id = \&#039;\&#039;,visible_supplier_on_voucher = \&#039;0\&#039;,pricing_profile_id = \&#039;\&#039;======INSERT INTO agent_supplier_settings SET agent_id = \&#039;601\&#039;,supplier_id = 16 ,status = \&#039;\&#039; ,priority = \&#039;\&#039; ,lead_time = \&#039;\&#039;,branch_id = \&#039;\&#039;,visible_supplier_on_voucher = \&#039;0\&#039;,pricing_profile_id = \&#039;\&#039;======INSERT INTO agent_supplier_settings SET agent_id = \&#039;601\&#039;,supplier_id = 78 ,status = \&#039;\&#039; ,priority = \&#039;\&#039; ,lead_time = \&#039;\&#039;,branch_id = \&#039;\&#039;,visible_supplier_on_voucher = \&#039;0\&#039;,pricing_profile_id = \&#039;\&#039;======INSERT INTO agent_supplier_settings SET agent_id = \&#039;601\&#039;,supplier_id = 75 ,status = \&#039;\&#039; ,priority = \&#039;\&#039; ,lead_time = \&#039;\&#039;,branch_id = \&#039;\&#039;,visible_supplier_on_voucher = \&#039;0\&#039;,pricing_profile_id = \&#039;\&#039;======INSERT INTO agent_supplier_settings SET agent_id = \&#039;601\&#039;,supplier_id = 60 ,status = \&#039;\&#039; ,priority = \&#039;\&#039; ,lead_time = \&#039;\&#039;,branch_id = \&#039;\&#039;,visible_supplier_on_voucher = \&#039;0\&#039;,pricing_profile_id = \&#039;\&#039;======INSERT INTO agent_supplier_settings SET agent_id = \&#039;601\&#039;,supplier_id = 18 ,status = \&#039;\&#039; ,priority = \&#039;\&#039; ,lead_time = \&#039;\&#039;,branch_id = \&#039;\&#039;,visible_supplier_on_voucher = \&#039;0\&#039;,pricing_profile_id = \&#039;\&#039;======INSERT INTO agent_supplier_settings SET agent_id = \&#039;601\&#039;,supplier_id = 19 ,status = \&#039;\&#039; ,priority = \&#039;\&#039; ,lead_time = \&#039;\&#039;,branch_id = \&#039;\&#039;,visible_supplier_on_voucher = \&#039;0\&#039;,pricing_profile_id = \&#039;\&#039;======INSERT INTO agent_supplier_settings SET agent_id = \&#039;601\&#039;,supplier_id = 73 ,status = \&#039;\&#039; ,priority = \&#039;\&#039; ,lead_time = \&#039;\&#039;,branch_id = \&#039;\&#039;,visible_supplier_on_voucher = \&#039;0\&#039;,pricing_profile_id = \&#039;\&#039;======INSERT INTO agent_supplier_settings SET agent_id = \&#039;601\&#039;,supplier_id = 71 ,status = \&#039;\&#039; ,priority = \&#039;\&#039; ,lead_time = \&#039;\&#039;,branch_id = \&#039;\&#039;,visible_supplier_on_voucher = \&#039;0\&#039;,pricing_profile_id = \&#039;\&#039;======INSERT INTO agent_supplier_settings SET agent_id = \&#039;601\&#039;,supplier_id = 69 ,status = \&#039;\&#039; ,priority = \&#039;\&#039; ,lead_time = \&#039;\&#039;,branch_id = \&#039;\&#039;,visible_supplier_on_voucher = \&#039;0\&#039;,pricing_profile_id = \&#039;\&#039;======INSERT INTO agent_supplier_settings SET agent_id = \&#039;601\&#039;,supplier_id = 68 ,status = \&#039;\&#039; ,priority = \&#039;\&#039; ,lead_time = \&#039;\&#039;,branch_id = \&#039;\&#039;,visible_supplier_on_voucher = \&#039;0\&#039;,pricing_profile_id = \&#039;\&#039;======INSERT INTO agent_supplier_settings SET agent_id = \&#039;601\&#039;,supplier_id = 74 ,status = \&#039;\&#039; ,priority = \&#039;\&#039; ,lead_time = \&#039;\&#039;,branch_id = \&#039;\&#039;,visible_supplier_on_voucher = \&#039;0\&#039;,pricing_profile_id = \&#039;\&#039;======INSERT INTO agent_supplier_settings SET agent_id = \&#039;601\&#039;,supplier_id = 35 ,status = \&#039;\&#039; ,priority = \&#039;\&#039; ,lead_time = \&#039;\&#039;,branch_id = \&#039;\&#039;,visible_supplier_on_voucher = \&#039;0\&#039;,pricing_profile_id = \&#039;\&#039;======INSERT INTO agent_supplier_settings SET agent_id = \&#039;601\&#039;,supplier_id = 70 ,status = \&#039;\&#039; ,priority = \&#039;\&#039; ,lead_time = \&#039;\&#039;,branch_id = \&#039;\&#039;,visible_supplier_on_voucher = \&#039;0\&#039;,pricing_profile_id = \&#039;\&#039;======INSERT INTO agent_supplier_settings SET agent_id = \&#039;601\&#039;,supplier_id = 59 ,status = \&#039;\&#039; ,priority = \&#039;\&#039; ,lead_time = \&#039;\&#039;,branch_id = \&#039;\&#039;,visible_supplier_on_voucher = \&#039;0\&#039;,pricing_profile_id = \&#039;\&#039;======INSERT INTO agent_supplier_settings SET agent_id = \&#039;601\&#039;,supplier_id = 32 ,status = \&#039;\&#039; ,priority = \&#039;\&#039; ,lead_time = \&#039;\&#039;,branch_id = \&#039;\&#039;,visible_supplier_on_voucher = \&#039;0\&#039;,pricing_profile_id = \&#039;\&#039;======INSERT INTO agent_supplier_settings SET agent_id = \&#039;601\&#039;,supplier_id = 58 ,status = \&#039;\&#039; ,priority = \&#039;\&#039; ,lead_time = \&#039;\&#039;,branch_id = \&#039;\&#039;,visible_supplier_on_voucher = \&#039;0\&#039;,pricing_profile_id = \&#039;\&#039;======INSERT INTO agent_supplier_settings SET agent_id = \&#039;601\&#039;,supplier_id = 56 ,status = \&#039;\&#039; ,priority = \&#039;\&#039; ,lead_time = \&#039;\&#039;,branch_id = \&#039;\&#039;,visible_supplier_on_voucher = \&#039;0\&#039;,pricing_profile_id = \&#039;\&#039;======INSERT INTO agent_supplier_settings SET agent_id = \&#039;601\&#039;,supplier_id = 57 ,status = \&#039;\&#039; ,priority = \&#039;\&#039; ,lead_time = \&#039;\&#039;,branch_id = \&#039;\&#039;,visible_supplier_on_voucher = \&#039;0\&#039;,pricing_profile_id = \&#039;\&#039;======INSERT INTO agent_supplier_settings SET agent_id = \&#039;601\&#039;,supplier_id = 61 ,status = \&#039;\&#039; ,priority = \&#039;\&#039; ,lead_time = \&#039;\&#039;,branch_id = \&#039;\&#039;,visible_supplier_on_voucher = \&#039;0\&#039;,pricing_profile_id = \&#039;\&#039;======INSERT INTO agent_supplier_settings SET agent_id = \&#039;601\&#039;,supplier_id = 63 ,status = \&#039;\&#039; ,priority = \&#039;\&#039; ,lead_time = \&#039;\&#039;,branch_id = \&#039;\&#039;,visible_supplier_on_voucher = \&#039;0\&#039;,pricing_profile_id = \&#039;\&#039;======INSERT INTO agent_supplier_settings SET agent_id = \&#039;601\&#039;,supplier_id = 54 ,status = \&#039;\&#039; ,priority = \&#039;\&#039; ,lead_time = \&#039;\&#039;,branch_id = \&#039;\&#039;,visible_supplier_on_voucher = \&#039;0\&#039;,pricing_profile_id = \&#039;\&#039;======INSERT INTO agent_supplier_settings SET agent_id = \&#039;601\&#039;,supplier_id = 66 ,status = \&#039;\&#039; ,priority = \&#039;\&#039; ,lead_time = \&#039;\&#039;,branch_id = \&#039;\&#039;,visible_supplier_on_voucher = \&#039;0\&#039;,pricing_profile_id = \&#039;\&#039;======INSERT INTO agent_supplier_settings SET agent_id = \&#039;601\&#039;,supplier_id = 45 ,status = \&#039;\&#039; ,priority = \&#039;\&#039; ,lead_time = ,branch_id = \&#039;\&#039;,visible_supplier_on_voucher = \&#039;0\&#039;,pricing_profile_id = \&#039;\&#039;',`log_description`= 'Supplier setting updated  ',`ip`= '43.239.53.130';
[03/04/2024 10:13:58], [file name :-/home/otrams/public_html/beta/agent_login.php],UPDATE user_sessions_ip SET update_date = '2024-03-04 10:13:58' WHERE id= '621';
[03/04/2024 10:13:59], [file name :-/home/otrams/public_html/beta/agent_login.php],update agents set last_login_date = '2024-03-04 10:13:59',login_attempt=0 where id = '601';
[03/04/2024 10:13:59], [file name :-/home/otrams/public_html/beta/agent_login.php],INSERT INTO psa_login_log  SET username = 'Qtech-testingSP', user_type = 'A', branch_id = '1', login_datetime = '2024-03-04 10:13:59', ip = '43.239.53.130', action = 'Login' ;
[03/04/2024 10:13:59], [file name :-/home/otrams/public_html/beta/hotel_search.php],UPDATE user_sessions_ip SET update_date = '2024-03-04 10:13:59' WHERE id= '621';
[03/04/2024 10:14:03], [file name :-/home/otrams/public_html/beta/get_city_list.php],UPDATE user_sessions_ip SET update_date = '2024-03-04 10:14:03' WHERE id= '621';
[03/04/2024 10:14:13], [file name :-/home/otrams/public_html/beta/hotel_search_list.php],UPDATE user_sessions_ip SET update_date = '2024-03-04 10:14:13' WHERE id= '621';
[03/04/2024 10:14:13], [file name :-/home/otrams/public_html/beta/hotel_search_list.php],INSERT INTO agent_logs SET  agent_id = '601' , sub_agent_id = '' , sub_user_id = '0' , branch_id = '1' , ip = '43.239.53.130' , city = 'dubai' , service_name = '' , country_of_residence = '435' , service_type = 'hotel' , arrival_date = '2024/03/13' , departure_date = '2024/03/14' , nights = '1' , nationality = '435' , room_types = '2' , room_type='[{"numberOfAdults":2}]' , available='0' , create_date = '2024-03-04 10:14:13' , site_id = '' , country_code = '138' , city_code = '71649' , ratings = '3.0,4.0,5.0,SC' , selected_currency = 'SAR' , currency_code = 'SAR' , web_service = '' ;
[03/04/2024 10:14:13], [file name :-/home/otrams/public_html/beta/xml_all.php],UPDATE user_sessions_ip SET update_date = '2024-03-04 10:14:13' WHERE id= '621';
[03/04/2024 10:14:14], [file name :-/home/otrams/public_html/beta/call.php],INSERT INTO xmllogs(reservation_id, type, request_path, response_path, header_path, source_type, create_date, header, session_id, agent_logs_id)
                VALUE ('', 'availability', '/request_placeholder.xml', '/response_placeholder.xml', '/response_header_placeholder.xml', 'localsystem', '2024-03-04 10:14:14', '', '1a62aa47925bbe5570af4cbcde36d1d69ec7102b29d6b586d521b2820d94524b', '54');
[03/04/2024 10:14:14], [file name :-/home/otrams/public_html/beta/call.php],UPDATE xmllogs SET
        hotel_count = ''
        , request_url = '/call.php?s=localsystem&sessionid=1a62aa47925bbe5570af4cbcde36d1d69ec7102b29d6b586d521b2820d94524b&xml_user_id=601&request_no=0&local_hotel_code=5&#039;,&#039;6&web_service=no'
        , http_hit_time = '2024-03-04 10:14:14.197'
        , request_start_time = '0.000'
        , parsing_start_time = '0.000'
        , mapping_complete_time = '0.000'
        , mongo_start_time = '0.000'
        , search_end_time = '0.000'
        , total_duration = '0.470'
        , error_description = ''
        , memory_used = '8650848'
        WHERE id = '46861';
[03/04/2024 10:14:14], [file name :-/home/otrams/public_html/beta/xml_all.php],UPDATE agent_logs SET
        hotel_count = '1',
        request_path = '/xml_all.php?userid=601&sessionid=1a62aa47925bbe5570af4cbcde36d1d69ec7102b29d6b586d521b2820d94524b',
        duration = '0.582',
        merge_duration = '0.000',
        assigned_supplier_count = '1',
        searched_supplier_count = '1',
        system_load_1_min = '3.92',
        system_load_5_min = '3.89',
        system_load_15_min = '4.36',
        system_memory_usage = '89.59',
        memory_usage = (SELECT COALESCE(SUM(memory_used),0) FROM xmllogs WHERE agent_logs_id = '54') + '3912528',
        parallel_search_count = '1',
        mongo_archive_collection = '',
        error_description = '',
        is_cached = 'no'
        WHERE id = '54';
[03/04/2024 10:14:15], [file name :-/home/otrams/public_html/beta/m1_hotel_search_listing.php],UPDATE user_sessions_ip SET update_date = '2024-03-04 10:14:15' WHERE id= '621';
[03/04/2024 10:14:16], [file name :-/home/otrams/public_html/beta/ajax/list_hotel.php],UPDATE user_sessions_ip SET update_date = '2024-03-04 10:14:16' WHERE id= '621';
[03/04/2024 10:14:23], [file name :-/home/otrams/public_html/beta/m1_write_cache.php],UPDATE user_sessions_ip SET update_date = '2024-03-04 10:14:23' WHERE id= '621';
[03/04/2024 10:14:23], [file name :-/home/otrams/public_html/beta/book_now.php],UPDATE user_sessions_ip SET update_date = '2024-03-04 10:14:23' WHERE id= '621';
[03/04/2024 10:14:23], [file name :-/home/otrams/public_html/beta/book_now.php],INSERT INTO autogenerator_reservation (reservation_id, remote_id) VALUES ('1709547263','43.239.53.130');
[03/04/2024 10:15:07], [file name :-/home/otrams/public_html/beta/book_now.php],UPDATE user_sessions_ip SET update_date = '2024-03-04 10:15:07' WHERE id= '621';
[03/04/2024 10:15:07], [file name :-/home/otrams/public_html/beta/book_now.php],INSERT INTO autogenerator_reservation (reservation_id, remote_id) VALUES ('1709547307','43.239.53.130');
[03/04/2024 10:15:08], [file name :-/home/otrams/public_html/beta/confirm_booking.php],UPDATE user_sessions_ip SET update_date = '2024-03-04 10:15:08' WHERE id= '621';
[03/04/2024 10:15:09], [file name :-/home/otrams/public_html/beta/confirm_booking.php], insert into bookings set  source_type = 'localsystem', reservation_id = '3260', create_date = '2024-03-04 10:15:09', agent_id = '601', parent_agent_id = '601', agent_ref_no = '', nationality = 'British(indian Overseas Territory)', city_id = 'dubai', country_id = '138', current_status = 'inprocess-booking', is_xml = '0', display_room_rate = '375.07', display_currency_code = 'SAR', native_room_rate = '100', native_currency_code = 'USD', supplier_profile_id = '19', service_type = 'hotel', service_date = '2024/03/13', check_out_date = '2024/03/14', sub_user_id = '', booking_status = '1', leader_title = 'Mr', leader_first_name = 'bhavesh', leader_last_name = 'gurav', status_date = '2024-03-04 10:15:09';
[03/04/2024 10:15:09], [file name :-/home/otrams/public_html/beta/confirm_booking.php],UPDATE
		bookings
		SET
		booking_branch_id= '1'
		WHERE
		id='501'
		;
[03/04/2024 10:15:09], [file name :-/home/otrams/public_html/beta/confirm_booking.php],insert into bookings_details(booking_id,reservation_id,supplier_id,total_rooms,total_adults,total_children,total_infants,rate_description ,rate_code,
				hotel_id,hotel_name,hotel_address1,hotel_phone,hotel_rating,total_nights,arrival_date,departure_date,room_rate_code,hotel_img)values('501','3260','S000000001','1','2','0','-','','','5','NEW DUBAI SHIV RAJ','Dubai','987654323','4.0','1','2024/03/13','2024/03/14','','https://beta.astrabookings.com/project_folder/astra/images/imagenotavailable.jpg');
[03/04/2024 10:15:09], [file name :-/home/otrams/public_html/beta/confirm_booking.php], insert into booking_room_detail set  booking_id = '501', booking_detail_id = '1', room_type_code = '2~~~1~~~1~~~9~~~~~~~~~71649~~~1~~~S000000001', room_name = 'double', room_type_description = 'Delux  -English Breakfast : 2 Pax ', display_nightly_rates = 'a:1:{i:0;a:3:{s:18:"displayNightlyRate";d:375.06999999999999;s:16:"promotionDisplay";s:0:"";s:25:"displayNightlyRateDisplay";s:180:"Supplier Name - localsupplier(travelclick - S000000001), Rate - 100 USD, Currency Multiplier (USD-SAR) - 3.7507 #localsystem For Debug Calculation do not apply supplier commission.";}}', native_nightly_rates = 'a:1:{i:0;a:4:{s:19:"O_nativeNightlyRate";i:100;s:17:"nativeNightlyRate";i:100;s:9:"free_sale";s:2:"no";s:14:"Discount/Offer";a:7:{s:4:"code";s:0:"";s:4:"Name";s:0:"";s:7:"S_Value";s:0:"";s:5:"Value";i:0;s:12:"Display_Name";s:0:"";s:10:"Offer_Note";N;s:10:"Offer_Type";N;}}}', native_room_rate_total = '100', display_room_rate_total = '375.07', number_of_rooms = '1', room_category = 'Delux Room', meal_basis = 'English Breakfast';
[03/04/2024 10:15:09], [file name :-/home/otrams/public_html/beta/confirm_booking.php], insert into passangers set  booking_id = '501', booking_detail_id = '1', rid = '217', room = '0', salutations = 'Mr', first_name = 'bhavesh', last_name = 'gurav', passenger_type = 'adult', age = '';
[03/04/2024 10:15:09], [file name :-/home/otrams/public_html/beta/confirm_booking.php], insert into passangers set  booking_id = '501', booking_detail_id = '1', rid = '217', room = '0', salutations = 'Mr', first_name = 'TBAA', last_name = 'TBAA', passenger_type = 'adult', age = '';
[03/04/2024 10:15:09], [file name :-/home/otrams/public_html/beta/confirm_booking.php],update bookings set  special_remark = '', itenirary_id = '', confirmation_number = '', display_discount = '0', cancellation_policy = 'Amendment of Dates, Room Category, Passenger Names are considered as Cancel and Rebook by most of the Hotels.
        Any Changes in initial booking may be denied by the supplier or may result in extra charges.
        Confirmation of amendment requests is subject to availablity and rates at the time of amendment.<br><Br><Br><B><U>Detailed Cancellation Policy:</U></B> <br/> Cancellation Charges of 375.07 SAR applicable if cancelled after 04 Mar 2024 13:14 hrs.', supplier_cancellation_policy = '', current_status = 'confirmed', expiration_date = '2024-03-04 10:15:00', comment_contract = '', consultant_id = 'v3alpha', sales_manager_id = '0', admin_booked = '1', email_id = 'bhavesh.gurav@qtechsoftware.com', leader_phone = '9876543212', agent_currency_multiplier = '1.00000', ip_addr = '43.239.53.130', comment_contract = '', backoffice_user = 'v3alpha', customer_id = '', applied_multiplier='3.7507', free_sale='',  applied_markup='0',  agent_markup='0',  basecurrency_multiplier='0.26662',  basecurrency_multiplier_native='1.00000',  parent_agent_id='601',  sub_agent_rate='0',  agent_rate='375.07',  applicable_service_tax='0',  supplier_rate='100',  uid='002048eadbb58b5b4ca0ad32df8fc8b2'  where id='501';
[03/04/2024 10:15:09], [file name :-/home/otrams/public_html/beta/confirm_booking.php],update bookings_details set touricoRoomResId ='', gta_item_confirm_ref='' , special_request='' where booking_id ='501';
[03/04/2024 10:15:09], [file name :-/home/otrams/public_html/beta/confirm_booking.php],insert into booking_lat_long(booking_id,latitude,longitude) values ('501','','');
[03/04/2024 10:15:09], [file name :-/home/otrams/public_html/beta/confirm_booking.php],INSERT INTO loyalty_detail SET booking_id= '501',agent_id= '601',loyalty_tier_id= '28';
[03/04/2024 10:15:09], [file name :-/home/otrams/public_html/beta/confirm_booking.php],insert into `user_logs` set `username`= 'Qtech-testingSP',`create_date`= '2024-03-04 10:15:09',`log_type`= 'Loyalty Details Added',`sql_query`= 'INSERT INTO loyalty_detail SET booking_id= :booking_id,agent_id= :agent_id,loyalty_tier_id= :loyalty_tier_id',`log_description`= 'Loyality Details Added For Booking ID : 501 And Agent ID : 601 And Loyalty ID : 28',`ip`= '43.239.53.130';
[03/04/2024 10:15:09], [file name :-/home/otrams/public_html/beta/confirm_booking.php],insert into user_log_link Set `user_logs_id`='3021', `entity`='BookingId', `value`='501' ;
[03/04/2024 10:15:09], [file name :-/home/otrams/public_html/beta/confirm_booking.php],update bookings set invoice_number= 'INV04032400001', voucher_id='adsdd',status_date='2024-03-04 10:15:09',current_status='vouchered',voucher_hashcode='40a5fc15c2c9ab6393f20d2c7e8862c611743501',vouchered_by ='' where id='501';
[03/04/2024 10:15:09], [file name :-/home/otrams/public_html/beta/confirm_booking.php],update bookings set is_invoiced='yes',invoice_number= 'INV04032400001' where id='501' and is_invoiced!='yes';
[03/04/2024 10:15:09], [file name :-/home/otrams/public_html/beta/confirm_booking.php],UPDATE agents SET credit_usage=credit_usage+('0'),   credit_value= credit_value-('0') ,  cd_credit_usage=cd_credit_usage+('0') , cd_credit_value=cd_credit_value-('0')  WHERE id = '601';
[03/04/2024 10:15:09], [file name :-/home/otrams/public_html/beta/confirm_booking.php],insert into  agent_credit_log SET agent_id= '601',credit_value= '999739.476',credit_usage= '260.524',credit_limit= '1000000.000',receipt_id= '',amount= '',booking_id='501',booking_cost= '375.07',receipt_allocation= '',balance= '375.07',ip='43.239.53.130',user_type='User',admin_id='Agent - Sam  Xxxxx(CD0601)',temp_credit_limit='0',log_type='Add Invoice',note='Add Invoice',create_date='2024-03-04 10:03:09';
[03/04/2024 10:15:09], [file name :-/home/otrams/public_html/beta/confirm_booking.php], insert into booking_rate_info set  booking_id = '501', booking_log = 'Booking Vouchered', create_date = '2024-03-04 10:15:09', supplier_currency ='USD', type = 'Sale', agent_price = '', sub_agent_price ='', supplier_price = '0.000', supplier_id = 'S000000001', supplier_type = 'offline';
[03/04/2024 10:15:11], [file name :-/home/otrams/public_html/beta/confirm_booking.php],INSERT INTO booking_status (visa_id,visa_status,booking_id,status,create_date,memo,agent_id,ip_address,admin,modify_by,crons) VALUES
		('','','501','inprocess-booking-invoiced','2024-03-04 10:15:11','Booking invoiced by Back Office v3alpha on behalf of Agent - Sam  Xxxxx(CD0601)','601','43.239.53.130','','','');
[03/04/2024 10:15:11], [file name :-/home/otrams/public_html/beta/confirm_booking.php],INSERT INTO agent_commission SET booking_id ='501',booking_detail_id ='501',agent_id ='601',is_sub_agent ='N',parent_id ='',display_commission ='0',display_currency ='SAR',paid ='N',type ='hotel',description ='Agent Mark Up Percentage is  %',create_date ='2024-03-04 10:15:11';
[03/04/2024 10:15:11], [file name :-/home/otrams/public_html/beta/confirm_booking.php],INSERT INTO booking_status (visa_id,visa_status,booking_id,status,create_date,memo,agent_id,ip_address,admin,modify_by,crons) VALUES
		('','','501','vouchered','2024-03-04 10:15:11','Voucherd by Back Office v3alpha on behalf of Agent - Sam  Xxxxx(CD0601)','601','43.239.53.130','','','');
[03/04/2024 10:15:13], [file name :-/home/otrams/public_html/beta/confirm_booking.php],insert into temp(booking_id,mail_send_to)values('501','samiksha.poojary@software.com');
[03/04/2024 10:15:13], [file name :-/home/otrams/public_html/beta/confirm_booking.php],insert into temp(booking_id,mail_send_to)values('501','godrey.pereira@qtechsoftware.com');
[03/04/2024 10:15:13], [file name :-/home/otrams/public_html/beta/confirm_booking.php],insert into temp(booking_id,mail_send_to)values('501','Fg@gmail.com');
[03/04/2024 10:15:14], [file name :-/home/otrams/public_html/beta/confirm_booking.php],insert into temp(booking_id,mail_send_to)values('501','nisha@qtechsoftware.com');
[03/04/2024 10:15:14], [file name :-/home/otrams/public_html/beta/confirm_booking.php],INSERT INTO booking_status (reservation_id,booking_id,status,create_date,memo,agent_id,ip_address,admin,modify_by) VALUES ('3260','501','confirmed','2024-03-04 10:15:09','Booking confirmed . Booked by Back Office v3alpha on behalf of Agent - Sam  Xxxxx(CD0601)','601','43.239.53.130','0','601');
[03/04/2024 10:15:14], [file name :-/home/otrams/public_html/beta/confirm_booking.php],INSERT INTO booking_cancellation_policy(booking_id,from_date,supplier_from_date,to_date,supplier_to_date,supplier_charge,agent_charge,lead_time,create_date,applied_agent_charges)  VALUES('501','2024-03-04 10:14:00','2024-03-04 10:14:00','1970-01-01 00:00:00','1970-01-01 00:00:00','100','375.07','0','2024-03-04 10:15:14','375.07');
[03/04/2024 10:15:14], [file name :-/home/otrams/public_html/beta/confirm_booking.php],INSERT INTO bookings_applicable_offer set  oid= '',  offer_type_code= '',  booking_id= '501',  room_id= '2~~~1~~~1~~~9~~~~~~~~~71649~~~1~~~S000000001',  room_name= 'double',  supplier_id= 'S000000001',  agent_id= '',  applied_native_discount= '0',  original_native_rate= '100',  native_rate= '100',  promotion_text= '',  offer_disc_type= '',  offer_disc_value= '',  offer_disc_currency= '',  create_date= '2024-03-04 10:15:14' ;
[03/04/2024 10:15:14], [file name :-/home/otrams/public_html/beta/confirm_booking.php],update bookings set confirmation_number='',itenirary_id='501' where reservation_id='3260' and id ='501';
[03/04/2024 10:15:14], [file name :-/home/otrams/public_html/beta/confirm_booking.php],UPDATE room_rates SET availability = availability-1,consumed_inventory = consumed_inventory+1 WHERE hotel_id = '5' and inventory_class_id = '1' and supplier_id = 'S000000001' and date_from = '2024-03-13';
[03/04/2024 10:15:14], [file name :-/home/otrams/public_html/beta/confirm_booking.php],update supplement_rate set inventory = '0' where supplement_rate_id = '9';
[03/04/2024 10:15:15], [file name :-/home/otrams/public_html/beta/confirm_booking.php],insert into temp(booking_id,mail_send_to)values('501','bhavesh.gurav@qtechsoftware.com');
[03/04/2024 10:15:15], [file name :-/home/otrams/public_html/beta/confirm_booking.php],insert into temp(booking_id,mail_send_to)values('501','bhavesh.gurav@qtechsoftware.com');
[03/04/2024 10:15:15], [file name :-/home/otrams/public_html/beta/confirm_booking.php],update posted_bookings set booking_id='501',status='1' where reservation_id='3260' and booking_id ='0';
[03/04/2024 10:15:15], [file name :-/home/otrams/public_html/beta/confirm_booking.php],update xmllogs set reservation_id='501' where agent_logs_id='54' and source_type='localsystem';
[03/04/2024 10:23:03], [file name :-/home/otrams/public_html/beta/agent_login.php],UPDATE user_sessions_ip SET update_date = '2024-03-04 10:23:03' WHERE id= '621';
[03/04/2024 10:23:03], [file name :-/home/otrams/public_html/beta/agent_login.php],update agents set last_login_date = '2024-03-04 10:23:03',login_attempt=0 where id = '601';
[03/04/2024 10:23:03], [file name :-/home/otrams/public_html/beta/agent_login.php],INSERT INTO psa_login_log  SET username = 'Qtech-testingSP', user_type = 'A', branch_id = '1', login_datetime = '2024-03-04 10:23:03', ip = '43.239.53.130', action = 'Login' ;
[03/04/2024 10:23:03], [file name :-/home/otrams/public_html/beta/hotel_search.php],UPDATE user_sessions_ip SET update_date = '2024-03-04 10:23:03' WHERE id= '621';
[03/04/2024 10:23:25], [file name :-/home/otrams/public_html/beta/get_city_list.php],UPDATE user_sessions_ip SET update_date = '2024-03-04 10:23:25' WHERE id= '621';
[03/04/2024 10:23:25], [file name :-/home/otrams/public_html/beta/get_city_list.php],UPDATE user_sessions_ip SET update_date = '2024-03-04 10:23:25' WHERE id= '621';
[03/04/2024 10:23:26], [file name :-/home/otrams/public_html/beta/get_city_list.php],UPDATE user_sessions_ip SET update_date = '2024-03-04 10:23:26' WHERE id= '621';
[03/04/2024 10:23:27], [file name :-/home/otrams/public_html/beta/get_city_list.php],UPDATE user_sessions_ip SET update_date = '2024-03-04 10:23:27' WHERE id= '621';
[03/04/2024 10:23:27], [file name :-/home/otrams/public_html/beta/get_city_list.php],UPDATE user_sessions_ip SET update_date = '2024-03-04 10:23:27' WHERE id= '621';
[03/04/2024 10:23:29], [file name :-/home/otrams/public_html/beta/get_city_list.php],UPDATE user_sessions_ip SET update_date = '2024-03-04 10:23:29' WHERE id= '621';
[03/04/2024 10:23:39], [file name :-/home/otrams/public_html/beta/hotel_search_list.php],UPDATE user_sessions_ip SET update_date = '2024-03-04 10:23:39' WHERE id= '621';
[03/04/2024 10:23:39], [file name :-/home/otrams/public_html/beta/hotel_search_list.php],INSERT INTO agent_logs SET  agent_id = '601' , sub_agent_id = '' , sub_user_id = '0' , branch_id = '1' , ip = '43.239.53.130' , city = 'dubai' , service_name = '' , country_of_residence = '435' , service_type = 'hotel' , arrival_date = '2024/03/19' , departure_date = '2024/03/20' , nights = '1' , nationality = '435' , room_types = '2' , room_type='[{"numberOfAdults":2}]' , available='0' , create_date = '2024-03-04 10:23:39' , site_id = '' , country_code = '138' , city_code = '71649' , ratings = '3.0,4.0,5.0,SC' , selected_currency = 'SAR' , currency_code = 'SAR' , web_service = '' ;
[03/04/2024 10:23:39], [file name :-/home/otrams/public_html/beta/xml_all.php],UPDATE user_sessions_ip SET update_date = '2024-03-04 10:23:39' WHERE id= '621';
[03/04/2024 10:23:39], [file name :-/home/otrams/public_html/beta/call.php],INSERT INTO xmllogs(reservation_id, type, request_path, response_path, header_path, source_type, create_date, header, session_id, agent_logs_id)
                VALUE ('', 'availability', '/request_placeholder.xml', '/response_placeholder.xml', '/response_header_placeholder.xml', 'localsystem', '2024-03-04 10:23:39', '', '1a62aa47925bbe5570af4cbcde36d1d69ec7102b29d6b586d521b2820d94524b', '55');
[03/04/2024 10:23:39], [file name :-/home/otrams/public_html/beta/call.php],UPDATE xmllogs SET
        hotel_count = ''
        , request_url = '/call.php?s=localsystem&sessionid=1a62aa47925bbe5570af4cbcde36d1d69ec7102b29d6b586d521b2820d94524b&xml_user_id=601&request_no=0&local_hotel_code=5&#039;,&#039;6&web_service=no'
        , http_hit_time = '2024-03-04 10:23:39.783'
        , request_start_time = '0.000'
        , parsing_start_time = '0.000'
        , mapping_complete_time = '0.000'
        , mongo_start_time = '0.000'
        , search_end_time = '0.000'
        , total_duration = '0.133'
        , error_description = ''
        , memory_used = '10686048'
        WHERE id = '46862';
[03/04/2024 10:23:39], [file name :-/home/otrams/public_html/beta/xml_all.php],UPDATE agent_logs SET
        hotel_count = '1',
        request_path = '/xml_all.php?userid=601&sessionid=1a62aa47925bbe5570af4cbcde36d1d69ec7102b29d6b586d521b2820d94524b',
        duration = '0.245',
        merge_duration = '0.000',
        assigned_supplier_count = '1',
        searched_supplier_count = '1',
        system_load_1_min = '0.35',
        system_load_5_min = '1.50',
        system_load_15_min = '2.96',
        system_memory_usage = '88.63',
        memory_usage = (SELECT COALESCE(SUM(memory_used),0) FROM xmllogs WHERE agent_logs_id = '55') + '6001136',
        parallel_search_count = '1',
        mongo_archive_collection = '',
        error_description = '',
        is_cached = 'no'
        WHERE id = '55';
[03/04/2024 10:23:40], [file name :-/home/otrams/public_html/beta/m1_hotel_search_listing.php],UPDATE user_sessions_ip SET update_date = '2024-03-04 10:23:40' WHERE id= '621';
[03/04/2024 10:23:41], [file name :-/home/otrams/public_html/beta/ajax/list_hotel.php],UPDATE user_sessions_ip SET update_date = '2024-03-04 10:23:41' WHERE id= '621';
[03/04/2024 10:23:46], [file name :-/home/otrams/public_html/beta/m1_write_cache.php],UPDATE user_sessions_ip SET update_date = '2024-03-04 10:23:46' WHERE id= '621';
[03/04/2024 10:23:46], [file name :-/home/otrams/public_html/beta/book_now.php],UPDATE user_sessions_ip SET update_date = '2024-03-04 10:23:46' WHERE id= '621';
[03/04/2024 10:23:46], [file name :-/home/otrams/public_html/beta/book_now.php],INSERT INTO autogenerator_reservation (reservation_id, remote_id) VALUES ('1709547826','43.239.53.130');
[03/04/2024 10:24:21], [file name :-/home/otrams/public_html/beta/book_now.php],UPDATE user_sessions_ip SET update_date = '2024-03-04 10:24:21' WHERE id= '621';
[03/04/2024 10:24:21], [file name :-/home/otrams/public_html/beta/book_now.php],INSERT INTO autogenerator_reservation (reservation_id, remote_id) VALUES ('1709547861','43.239.53.130');
[03/04/2024 10:24:22], [file name :-/home/otrams/public_html/beta/confirm_booking.php],UPDATE user_sessions_ip SET update_date = '2024-03-04 10:24:22' WHERE id= '621';
[03/04/2024 10:24:22], [file name :-/home/otrams/public_html/beta/confirm_booking.php], insert into bookings set  source_type = 'localsystem', reservation_id = '3262', create_date = '2024-03-04 10:24:22', agent_id = '601', parent_agent_id = '601', agent_ref_no = '', nationality = 'British(indian Overseas Territory)', city_id = 'dubai', country_id = '138', current_status = 'inprocess-booking', is_xml = '0', display_room_rate = '375.07', display_currency_code = 'SAR', native_room_rate = '100', native_currency_code = 'USD', supplier_profile_id = '19', service_type = 'hotel', service_date = '2024/03/19', check_out_date = '2024/03/20', sub_user_id = '', booking_status = '1', leader_title = 'Mr', leader_first_name = 'bhavesh', leader_last_name = 'gurav', status_date = '2024-03-04 10:24:22';
[03/04/2024 10:24:22], [file name :-/home/otrams/public_html/beta/confirm_booking.php],UPDATE
		bookings
		SET
		booking_branch_id= '1'
		WHERE
		id='502'
		;
[03/04/2024 10:24:22], [file name :-/home/otrams/public_html/beta/confirm_booking.php],insert into bookings_details(booking_id,reservation_id,supplier_id,total_rooms,total_adults,total_children,total_infants,rate_description ,rate_code,
				hotel_id,hotel_name,hotel_address1,hotel_phone,hotel_rating,total_nights,arrival_date,departure_date,room_rate_code,hotel_img)values('502','3262','S000000001','1','2','0','-','','','5','NEW DUBAI SHIV RAJ','Dubai','987654323','4.0','1','2024/03/19','2024/03/20','','https://beta.astrabookings.com/project_folder/astra/images/imagenotavailable.jpg');
[03/04/2024 10:24:22], [file name :-/home/otrams/public_html/beta/confirm_booking.php], insert into booking_room_detail set  booking_id = '502', booking_detail_id = '1', room_type_code = '2~~~1~~~1~~~9~~~~~~~~~71649~~~1~~~S000000001', room_name = 'double', room_type_description = 'Delux  -English Breakfast : 2 Pax ', display_nightly_rates = 'a:1:{i:0;a:3:{s:18:"displayNightlyRate";d:375.06999999999999;s:16:"promotionDisplay";s:0:"";s:25:"displayNightlyRateDisplay";s:180:"Supplier Name - localsupplier(travelclick - S000000001), Rate - 100 USD, Currency Multiplier (USD-SAR) - 3.7507 #localsystem For Debug Calculation do not apply supplier commission.";}}', native_nightly_rates = 'a:1:{i:0;a:4:{s:19:"O_nativeNightlyRate";i:100;s:17:"nativeNightlyRate";i:100;s:9:"free_sale";s:2:"no";s:14:"Discount/Offer";a:7:{s:4:"code";s:0:"";s:4:"Name";s:0:"";s:7:"S_Value";s:0:"";s:5:"Value";i:0;s:12:"Display_Name";s:0:"";s:10:"Offer_Note";N;s:10:"Offer_Type";N;}}}', native_room_rate_total = '100', display_room_rate_total = '375.07', number_of_rooms = '1', room_category = 'Delux Room', meal_basis = 'English Breakfast';
[03/04/2024 10:24:22], [file name :-/home/otrams/public_html/beta/confirm_booking.php], insert into passangers set  booking_id = '502', booking_detail_id = '1', rid = '218', room = '0', salutations = 'Mr', first_name = 'bhavesh', last_name = 'gurav', passenger_type = 'adult', age = '';
[03/04/2024 10:24:22], [file name :-/home/otrams/public_html/beta/confirm_booking.php], insert into passangers set  booking_id = '502', booking_detail_id = '1', rid = '218', room = '0', salutations = 'Mr', first_name = 'TBAA', last_name = 'TBAA', passenger_type = 'adult', age = '';
[03/04/2024 10:24:22], [file name :-/home/otrams/public_html/beta/confirm_booking.php],update bookings set  special_remark = '', itenirary_id = '', confirmation_number = '', display_discount = '0', cancellation_policy = 'Amendment of Dates, Room Category, Passenger Names are considered as Cancel and Rebook by most of the Hotels.
        Any Changes in initial booking may be denied by the supplier or may result in extra charges.
        Confirmation of amendment requests is subject to availablity and rates at the time of amendment.<br><Br><Br><B><U>Detailed Cancellation Policy:</U></B> <br/> Cancellation Charges of 375.07 SAR applicable if cancelled after 04 Mar 2024 13:23 hrs.', supplier_cancellation_policy = '', current_status = 'confirmed', expiration_date = '2024-03-04 10:24:00', comment_contract = '', consultant_id = 'v3alpha', sales_manager_id = '0', admin_booked = '1', email_id = 'bhavesh.gurav@qtechsoftware.com', leader_phone = '9876543212', agent_currency_multiplier = '1.00000', ip_addr = '43.239.53.130', comment_contract = '', backoffice_user = 'v3alpha', customer_id = '', applied_multiplier='3.7507', free_sale='',  applied_markup='0',  agent_markup='0',  basecurrency_multiplier='0.26662',  basecurrency_multiplier_native='1.00000',  parent_agent_id='601',  sub_agent_rate='0',  agent_rate='375.07',  applicable_service_tax='0',  supplier_rate='100',  uid='687251c60921a60e6855bec94187595f'  where id='502';
[03/04/2024 10:24:22], [file name :-/home/otrams/public_html/beta/confirm_booking.php],update bookings_details set touricoRoomResId ='', gta_item_confirm_ref='' , special_request='' where booking_id ='502';
[03/04/2024 10:24:22], [file name :-/home/otrams/public_html/beta/confirm_booking.php],insert into booking_lat_long(booking_id,latitude,longitude) values ('502','','');
[03/04/2024 10:24:22], [file name :-/home/otrams/public_html/beta/confirm_booking.php],INSERT INTO loyalty_detail SET booking_id= '502',agent_id= '601',loyalty_tier_id= '28';
[03/04/2024 10:24:22], [file name :-/home/otrams/public_html/beta/confirm_booking.php],insert into `user_logs` set `username`= 'Qtech-testingSP',`create_date`= '2024-03-04 10:24:22',`log_type`= 'Loyalty Details Added',`sql_query`= 'INSERT INTO loyalty_detail SET booking_id= :booking_id,agent_id= :agent_id,loyalty_tier_id= :loyalty_tier_id',`log_description`= 'Loyality Details Added For Booking ID : 502 And Agent ID : 601 And Loyalty ID : 28',`ip`= '43.239.53.130';
[03/04/2024 10:24:22], [file name :-/home/otrams/public_html/beta/confirm_booking.php],insert into user_log_link Set `user_logs_id`='3022', `entity`='BookingId', `value`='502' ;
[03/04/2024 10:24:22], [file name :-/home/otrams/public_html/beta/confirm_booking.php],update bookings set invoice_number= 'INV04032400002', voucher_id='yy',status_date='2024-03-04 10:24:22',current_status='vouchered',voucher_hashcode='830b7408210d954bf3999173ad8f448a71810502',vouchered_by ='' where id='502';
[03/04/2024 10:24:22], [file name :-/home/otrams/public_html/beta/confirm_booking.php],update bookings set is_invoiced='yes',invoice_number= 'INV04032400002' where id='502' and is_invoiced!='yes';
[03/04/2024 10:24:22], [file name :-/home/otrams/public_html/beta/confirm_booking.php],UPDATE agents SET credit_usage=credit_usage+('0'),   credit_value= credit_value-('0') ,  cd_credit_usage=cd_credit_usage+('0') , cd_credit_value=cd_credit_value-('0')  WHERE id = '601';
[03/04/2024 10:24:22], [file name :-/home/otrams/public_html/beta/confirm_booking.php],insert into  agent_credit_log SET agent_id= '601',credit_value= '999739.476',credit_usage= '260.524',credit_limit= '1000000.000',receipt_id= '',amount= '',booking_id='502',booking_cost= '375.07',receipt_allocation= '',balance= '375.07',ip='43.239.53.130',user_type='User',admin_id='Agent - Sam  Xxxxx(CD0601)',temp_credit_limit='0',log_type='Add Invoice',note='Add Invoice',create_date='2024-03-04 10:03:22';
[03/04/2024 10:24:22], [file name :-/home/otrams/public_html/beta/confirm_booking.php], insert into booking_rate_info set  booking_id = '502', booking_log = 'Booking Vouchered', create_date = '2024-03-04 10:24:22', supplier_currency ='USD', type = 'Sale', agent_price = '', sub_agent_price ='', supplier_price = '0.000', supplier_id = 'S000000001', supplier_type = 'offline';
[03/04/2024 10:24:24], [file name :-/home/otrams/public_html/beta/confirm_booking.php],INSERT INTO booking_status (visa_id,visa_status,booking_id,status,create_date,memo,agent_id,ip_address,admin,modify_by,crons) VALUES
		('','','502','inprocess-booking-invoiced','2024-03-04 10:24:24','Booking invoiced by Back Office v3alpha on behalf of Agent - Sam  Xxxxx(CD0601)','601','43.239.53.130','','','');
[03/04/2024 10:24:24], [file name :-/home/otrams/public_html/beta/confirm_booking.php],INSERT INTO agent_commission SET booking_id ='502',booking_detail_id ='502',agent_id ='601',is_sub_agent ='N',parent_id ='',display_commission ='0',display_currency ='SAR',paid ='N',type ='hotel',description ='Agent Mark Up Percentage is  %',create_date ='2024-03-04 10:24:24';
[03/04/2024 10:24:24], [file name :-/home/otrams/public_html/beta/confirm_booking.php],INSERT INTO booking_status (visa_id,visa_status,booking_id,status,create_date,memo,agent_id,ip_address,admin,modify_by,crons) VALUES
		('','','502','vouchered','2024-03-04 10:24:24','Voucherd by Back Office v3alpha on behalf of Agent - Sam  Xxxxx(CD0601)','601','43.239.53.130','','','');
[03/04/2024 10:24:26], [file name :-/home/otrams/public_html/beta/confirm_booking.php],insert into temp(booking_id,mail_send_to)values('502','samiksha.poojary@software.com');
[03/04/2024 10:24:26], [file name :-/home/otrams/public_html/beta/confirm_booking.php],insert into temp(booking_id,mail_send_to)values('502','godrey.pereira@qtechsoftware.com');
[03/04/2024 10:24:26], [file name :-/home/otrams/public_html/beta/confirm_booking.php],insert into temp(booking_id,mail_send_to)values('502','Fg@gmail.com');
[03/04/2024 10:24:27], [file name :-/home/otrams/public_html/beta/confirm_booking.php],insert into temp(booking_id,mail_send_to)values('502','nisha@qtechsoftware.com');
[03/04/2024 10:24:27], [file name :-/home/otrams/public_html/beta/confirm_booking.php],INSERT INTO booking_status (reservation_id,booking_id,status,create_date,memo,agent_id,ip_address,admin,modify_by) VALUES ('3262','502','confirmed','2024-03-04 10:24:22','Booking confirmed . Booked by Back Office v3alpha on behalf of Agent - Sam  Xxxxx(CD0601)','601','43.239.53.130','0','601');
[03/04/2024 10:24:27], [file name :-/home/otrams/public_html/beta/confirm_booking.php],INSERT INTO booking_cancellation_policy(booking_id,from_date,supplier_from_date,to_date,supplier_to_date,supplier_charge,agent_charge,lead_time,create_date,applied_agent_charges)  VALUES('502','2024-03-04 10:23:00','2024-03-04 10:23:00','1970-01-01 00:00:00','1970-01-01 00:00:00','100','375.07','0','2024-03-04 10:24:27','375.07');
[03/04/2024 10:24:27], [file name :-/home/otrams/public_html/beta/confirm_booking.php],INSERT INTO bookings_applicable_offer set  oid= '',  offer_type_code= '',  booking_id= '502',  room_id= '2~~~1~~~1~~~9~~~~~~~~~71649~~~1~~~S000000001',  room_name= 'double',  supplier_id= 'S000000001',  agent_id= '',  applied_native_discount= '0',  original_native_rate= '100',  native_rate= '100',  promotion_text= '',  offer_disc_type= '',  offer_disc_value= '',  offer_disc_currency= '',  create_date= '2024-03-04 10:24:27' ;
[03/04/2024 10:24:27], [file name :-/home/otrams/public_html/beta/confirm_booking.php],update bookings set confirmation_number='',itenirary_id='502' where reservation_id='3262' and id ='502';
[03/04/2024 10:24:27], [file name :-/home/otrams/public_html/beta/confirm_booking.php],UPDATE room_rates SET availability = availability-1,consumed_inventory = consumed_inventory+1 WHERE hotel_id = '5' and inventory_class_id = '1' and supplier_id = 'S000000001' and date_from = '2024-03-19';
[03/04/2024 10:24:27], [file name :-/home/otrams/public_html/beta/confirm_booking.php],update supplement_rate set inventory = '0' where supplement_rate_id = '9';
[03/04/2024 10:24:28], [file name :-/home/otrams/public_html/beta/confirm_booking.php],insert into temp(booking_id,mail_send_to)values('502','bhavesh.gurav@qtechsoftware.com');
[03/04/2024 10:24:28], [file name :-/home/otrams/public_html/beta/confirm_booking.php],insert into temp(booking_id,mail_send_to)values('502','bhavesh.gurav@qtechsoftware.com');
[03/04/2024 10:24:28], [file name :-/home/otrams/public_html/beta/confirm_booking.php],update posted_bookings set booking_id='502',status='1' where reservation_id='3262' and booking_id ='0';
[03/04/2024 10:24:28], [file name :-/home/otrams/public_html/beta/confirm_booking.php],update xmllogs set reservation_id='502' where agent_logs_id='55' and source_type='localsystem';
[03/04/2024 10:29:54], [file name :-/home/otrams/public_html/beta/confirm_booking.php],UPDATE user_sessions_ip SET update_date = '2024-03-04 10:29:54' WHERE id= '621';
[03/04/2024 10:30:01], [file name :-/home/otrams/public_html/beta/agent_login.php],UPDATE user_sessions_ip SET update_date = '2024-03-04 10:30:01' WHERE id= '621';
[03/04/2024 10:30:01], [file name :-/home/otrams/public_html/beta/agent_login.php],update agents set last_login_date = '2024-03-04 10:30:01',login_attempt=0 where id = '601';
[03/04/2024 10:30:01], [file name :-/home/otrams/public_html/beta/agent_login.php],INSERT INTO psa_login_log  SET username = 'Qtech-testingSP', user_type = 'A', branch_id = '1', login_datetime = '2024-03-04 10:30:01', ip = '43.239.53.130', action = 'Login' ;
[03/04/2024 10:30:01], [file name :-/home/otrams/public_html/beta/hotel_search.php],UPDATE user_sessions_ip SET update_date = '2024-03-04 10:30:01' WHERE id= '621';
[03/04/2024 10:30:14], [file name :-/home/otrams/public_html/beta/get_city_list.php],UPDATE user_sessions_ip SET update_date = '2024-03-04 10:30:14' WHERE id= '621';
[03/04/2024 10:30:21], [file name :-/home/otrams/public_html/beta/hotel_search_list.php],UPDATE user_sessions_ip SET update_date = '2024-03-04 10:30:21' WHERE id= '621';
[03/04/2024 10:30:21], [file name :-/home/otrams/public_html/beta/hotel_search_list.php],INSERT INTO agent_logs SET  agent_id = '601' , sub_agent_id = '' , sub_user_id = '0' , branch_id = '1' , ip = '43.239.53.130' , city = 'dubai' , service_name = '' , country_of_residence = '435' , service_type = 'hotel' , arrival_date = '2024/03/20' , departure_date = '2024/03/21' , nights = '1' , nationality = '435' , room_types = '2' , room_type='[{"numberOfAdults":2}]' , available='0' , create_date = '2024-03-04 10:30:21' , site_id = '' , country_code = '138' , city_code = '71649' , ratings = '3.0,4.0,5.0,SC' , selected_currency = 'SAR' , currency_code = 'SAR' , web_service = '' ;
[03/04/2024 10:30:22], [file name :-/home/otrams/public_html/beta/xml_all.php],UPDATE user_sessions_ip SET update_date = '2024-03-04 10:30:22' WHERE id= '621';
[03/04/2024 10:30:22], [file name :-/home/otrams/public_html/beta/call.php],INSERT INTO xmllogs(reservation_id, type, request_path, response_path, header_path, source_type, create_date, header, session_id, agent_logs_id)
                VALUE ('', 'availability', '/request_placeholder.xml', '/response_placeholder.xml', '/response_header_placeholder.xml', 'localsystem', '2024-03-04 10:30:22', '', '1a62aa47925bbe5570af4cbcde36d1d69ec7102b29d6b586d521b2820d94524b', '56');
[03/04/2024 10:30:22], [file name :-/home/otrams/public_html/beta/call.php],UPDATE xmllogs SET
        hotel_count = ''
        , request_url = '/call.php?s=localsystem&sessionid=1a62aa47925bbe5570af4cbcde36d1d69ec7102b29d6b586d521b2820d94524b&xml_user_id=601&request_no=0&local_hotel_code=5&#039;,&#039;6&web_service=no'
        , http_hit_time = '2024-03-04 10:30:22.472'
        , request_start_time = '0.000'
        , parsing_start_time = '0.000'
        , mapping_complete_time = '0.000'
        , mongo_start_time = '0.000'
        , search_end_time = '0.000'
        , total_duration = '0.136'
        , error_description = ''
        , memory_used = '10689008'
        WHERE id = '46863';
[03/04/2024 10:30:22], [file name :-/home/otrams/public_html/beta/xml_all.php],UPDATE agent_logs SET
        hotel_count = '1',
        request_path = '/xml_all.php?userid=601&sessionid=1a62aa47925bbe5570af4cbcde36d1d69ec7102b29d6b586d521b2820d94524b',
        duration = '0.189',
        merge_duration = '0.000',
        assigned_supplier_count = '1',
        searched_supplier_count = '1',
        system_load_1_min = '0.80',
        system_load_5_min = '0.98',
        system_load_15_min = '2.19',
        system_memory_usage = '88.51',
        memory_usage = (SELECT COALESCE(SUM(memory_used),0) FROM xmllogs WHERE agent_logs_id = '56') + '6003584',
        parallel_search_count = '1',
        mongo_archive_collection = '',
        error_description = '',
        is_cached = 'no'
        WHERE id = '56';
[03/04/2024 10:30:22], [file name :-/home/otrams/public_html/beta/m1_hotel_search_listing.php],UPDATE user_sessions_ip SET update_date = '2024-03-04 10:30:22' WHERE id= '621';
[03/04/2024 10:30:24], [file name :-/home/otrams/public_html/beta/ajax/list_hotel.php],UPDATE user_sessions_ip SET update_date = '2024-03-04 10:30:24' WHERE id= '621';
[03/04/2024 10:30:29], [file name :-/home/otrams/public_html/beta/m1_write_cache.php],UPDATE user_sessions_ip SET update_date = '2024-03-04 10:30:29' WHERE id= '621';
[03/04/2024 10:30:30], [file name :-/home/otrams/public_html/beta/book_now.php],UPDATE user_sessions_ip SET update_date = '2024-03-04 10:30:30' WHERE id= '621';
[03/04/2024 10:30:30], [file name :-/home/otrams/public_html/beta/book_now.php],INSERT INTO autogenerator_reservation (reservation_id, remote_id) VALUES ('1709548230','43.239.53.130');
[03/04/2024 10:30:51], [file name :-/home/otrams/public_html/beta/book_now.php],UPDATE user_sessions_ip SET update_date = '2024-03-04 10:30:51' WHERE id= '621';
[03/04/2024 10:30:51], [file name :-/home/otrams/public_html/beta/book_now.php],INSERT INTO autogenerator_reservation (reservation_id, remote_id) VALUES ('1709548251','43.239.53.130');
[03/04/2024 10:30:52], [file name :-/home/otrams/public_html/beta/confirm_booking.php],UPDATE user_sessions_ip SET update_date = '2024-03-04 10:30:52' WHERE id= '621';
[03/04/2024 10:30:53], [file name :-/home/otrams/public_html/beta/confirm_booking.php], insert into bookings set  source_type = 'localsystem', reservation_id = '3264', create_date = '2024-03-04 10:30:53', agent_id = '601', parent_agent_id = '601', agent_ref_no = '', nationality = 'British(indian Overseas Territory)', city_id = 'dubai', country_id = '138', current_status = 'inprocess-booking', is_xml = '0', display_room_rate = '375.07', display_currency_code = 'SAR', native_room_rate = '100', native_currency_code = 'USD', supplier_profile_id = '19', service_type = 'hotel', service_date = '2024/03/20', check_out_date = '2024/03/21', sub_user_id = '', booking_status = '1', leader_title = 'Mr', leader_first_name = 'bhavesh', leader_last_name = 'gurav', status_date = '2024-03-04 10:30:53';
[03/04/2024 10:30:53], [file name :-/home/otrams/public_html/beta/confirm_booking.php],UPDATE
		bookings
		SET
		booking_branch_id= '1'
		WHERE
		id='503'
		;
[03/04/2024 10:30:54], [file name :-/home/otrams/public_html/beta/confirm_booking.php],insert into bookings_details(booking_id,reservation_id,supplier_id,total_rooms,total_adults,total_children,total_infants,rate_description ,rate_code,
				hotel_id,hotel_name,hotel_address1,hotel_phone,hotel_rating,total_nights,arrival_date,departure_date,room_rate_code,hotel_img)values('503','3264','S000000001','1','2','0','-','','','5','NEW DUBAI SHIV RAJ','Dubai','987654323','4.0','1','2024/03/20','2024/03/21','','https://beta.astrabookings.com/project_folder/astra/images/imagenotavailable.jpg');
[03/04/2024 10:30:54], [file name :-/home/otrams/public_html/beta/confirm_booking.php], insert into booking_room_detail set  booking_id = '503', booking_detail_id = '1', room_type_code = '2~~~1~~~1~~~9~~~~~~~~~71649~~~1~~~S000000001', room_name = 'double', room_type_description = 'Delux  -English Breakfast : 2 Pax ', display_nightly_rates = 'a:1:{i:0;a:3:{s:18:"displayNightlyRate";d:375.06999999999999;s:16:"promotionDisplay";s:0:"";s:25:"displayNightlyRateDisplay";s:180:"Supplier Name - localsupplier(travelclick - S000000001), Rate - 100 USD, Currency Multiplier (USD-SAR) - 3.7507 #localsystem For Debug Calculation do not apply supplier commission.";}}', native_nightly_rates = 'a:1:{i:0;a:4:{s:19:"O_nativeNightlyRate";i:100;s:17:"nativeNightlyRate";i:100;s:9:"free_sale";s:2:"no";s:14:"Discount/Offer";a:7:{s:4:"code";s:0:"";s:4:"Name";s:0:"";s:7:"S_Value";s:0:"";s:5:"Value";i:0;s:12:"Display_Name";s:0:"";s:10:"Offer_Note";N;s:10:"Offer_Type";N;}}}', native_room_rate_total = '100', display_room_rate_total = '375.07', number_of_rooms = '1', room_category = 'Delux Room', meal_basis = 'English Breakfast';
[03/04/2024 10:30:54], [file name :-/home/otrams/public_html/beta/confirm_booking.php], insert into passangers set  booking_id = '503', booking_detail_id = '1', rid = '219', room = '0', salutations = 'Mr', first_name = 'bhavesh', last_name = 'gurav', passenger_type = 'adult', age = '';
[03/04/2024 10:30:54], [file name :-/home/otrams/public_html/beta/confirm_booking.php], insert into passangers set  booking_id = '503', booking_detail_id = '1', rid = '219', room = '0', salutations = 'Mr', first_name = 'TBAA', last_name = 'TBAA', passenger_type = 'adult', age = '';
[03/04/2024 10:30:54], [file name :-/home/otrams/public_html/beta/confirm_booking.php],update bookings set  special_remark = '', itenirary_id = '', confirmation_number = '', display_discount = '0', cancellation_policy = 'Amendment of Dates, Room Category, Passenger Names are considered as Cancel and Rebook by most of the Hotels.
        Any Changes in initial booking may be denied by the supplier or may result in extra charges.
        Confirmation of amendment requests is subject to availablity and rates at the time of amendment.<br><Br><Br><B><U>Detailed Cancellation Policy:</U></B> <br/> Cancellation Charges of 375.07 SAR applicable if cancelled after 04 Mar 2024 13:30 hrs.', supplier_cancellation_policy = '', current_status = 'confirmed', expiration_date = '2024-03-04 10:31:00', comment_contract = '', consultant_id = 'v3alpha', sales_manager_id = '0', admin_booked = '1', email_id = 'bhavesh.gurav@qtechsoftware.com', leader_phone = '9876543212', agent_currency_multiplier = '1.00000', ip_addr = '43.239.53.130', comment_contract = '', backoffice_user = 'v3alpha', customer_id = '', applied_multiplier='3.7507', free_sale='',  applied_markup='0',  agent_markup='0',  basecurrency_multiplier='0.26662',  basecurrency_multiplier_native='1.00000',  parent_agent_id='601',  sub_agent_rate='0',  agent_rate='375.07',  applicable_service_tax='0',  supplier_rate='100',  uid='1458bd92831c4f5e911e7db117463df2'  where id='503';
[03/04/2024 10:30:54], [file name :-/home/otrams/public_html/beta/confirm_booking.php],update bookings_details set touricoRoomResId ='', gta_item_confirm_ref='' , special_request='' where booking_id ='503';
[03/04/2024 10:30:54], [file name :-/home/otrams/public_html/beta/confirm_booking.php],insert into booking_lat_long(booking_id,latitude,longitude) values ('503','','');
[03/04/2024 10:30:54], [file name :-/home/otrams/public_html/beta/confirm_booking.php],INSERT INTO loyalty_detail SET booking_id= '503',agent_id= '601',loyalty_tier_id= '28';
[03/04/2024 10:30:54], [file name :-/home/otrams/public_html/beta/confirm_booking.php],insert into `user_logs` set `username`= 'Qtech-testingSP',`create_date`= '2024-03-04 10:30:54',`log_type`= 'Loyalty Details Added',`sql_query`= 'INSERT INTO loyalty_detail SET booking_id= :booking_id,agent_id= :agent_id,loyalty_tier_id= :loyalty_tier_id',`log_description`= 'Loyality Details Added For Booking ID : 503 And Agent ID : 601 And Loyalty ID : 28',`ip`= '43.239.53.130';
[03/04/2024 10:30:54], [file name :-/home/otrams/public_html/beta/confirm_booking.php],insert into user_log_link Set `user_logs_id`='3023', `entity`='BookingId', `value`='503' ;
[03/04/2024 10:30:54], [file name :-/home/otrams/public_html/beta/confirm_booking.php],update bookings set invoice_number= 'INV04032400003', voucher_id='asd',status_date='2024-03-04 10:30:54',current_status='vouchered',voucher_hashcode='79111265460954a0efba80ddd1fa009a74682503',vouchered_by ='' where id='503';
[03/04/2024 10:30:54], [file name :-/home/otrams/public_html/beta/confirm_booking.php],update bookings set is_invoiced='yes',invoice_number= 'INV04032400003' where id='503' and is_invoiced!='yes';
[03/04/2024 10:30:54], [file name :-/home/otrams/public_html/beta/confirm_booking.php],UPDATE agents SET credit_usage=credit_usage+('0'),   credit_value= credit_value-('0') ,  cd_credit_usage=cd_credit_usage+('0') , cd_credit_value=cd_credit_value-('0')  WHERE id = '601';
[03/04/2024 10:30:54], [file name :-/home/otrams/public_html/beta/confirm_booking.php],insert into  agent_credit_log SET agent_id= '601',credit_value= '999739.476',credit_usage= '260.524',credit_limit= '1000000.000',receipt_id= '',amount= '',booking_id='503',booking_cost= '375.07',receipt_allocation= '',balance= '375.07',ip='43.239.53.130',user_type='User',admin_id='Agent - Sam  Xxxxx(CD0601)',temp_credit_limit='0',log_type='Add Invoice',note='Add Invoice',create_date='2024-03-04 10:03:54';
[03/04/2024 10:30:54], [file name :-/home/otrams/public_html/beta/confirm_booking.php], insert into booking_rate_info set  booking_id = '503', booking_log = 'Booking Vouchered', create_date = '2024-03-04 10:30:54', supplier_currency ='USD', type = 'Sale', agent_price = '', sub_agent_price ='', supplier_price = '0.000', supplier_id = 'S000000001', supplier_type = 'offline';
[03/04/2024 10:30:57], [file name :-/home/otrams/public_html/beta/confirm_booking.php],INSERT INTO booking_status (visa_id,visa_status,booking_id,status,create_date,memo,agent_id,ip_address,admin,modify_by,crons) VALUES
		('','','503','inprocess-booking-invoiced','2024-03-04 10:30:57','Booking invoiced by Back Office v3alpha on behalf of Agent - Sam  Xxxxx(CD0601)','601','43.239.53.130','','','');
[03/04/2024 10:30:57], [file name :-/home/otrams/public_html/beta/confirm_booking.php],INSERT INTO agent_commission SET booking_id ='503',booking_detail_id ='503',agent_id ='601',is_sub_agent ='N',parent_id ='',display_commission ='0',display_currency ='SAR',paid ='N',type ='hotel',description ='Agent Mark Up Percentage is  %',create_date ='2024-03-04 10:30:57';
[03/04/2024 10:30:57], [file name :-/home/otrams/public_html/beta/confirm_booking.php],INSERT INTO booking_status (visa_id,visa_status,booking_id,status,create_date,memo,agent_id,ip_address,admin,modify_by,crons) VALUES
		('','','503','vouchered','2024-03-04 10:30:57','Voucherd by Back Office v3alpha on behalf of Agent - Sam  Xxxxx(CD0601)','601','43.239.53.130','','','');
[03/04/2024 10:30:58], [file name :-/home/otrams/public_html/beta/confirm_booking.php],insert into temp(booking_id,mail_send_to)values('503','samiksha.poojary@software.com');
[03/04/2024 10:30:58], [file name :-/home/otrams/public_html/beta/confirm_booking.php],insert into temp(booking_id,mail_send_to)values('503','godrey.pereira@qtechsoftware.com');
[03/04/2024 10:30:58], [file name :-/home/otrams/public_html/beta/confirm_booking.php],insert into temp(booking_id,mail_send_to)values('503','Fg@gmail.com');
[03/04/2024 10:31:00], [file name :-/home/otrams/public_html/beta/confirm_booking.php],insert into temp(booking_id,mail_send_to)values('503','nisha@qtechsoftware.com');
[03/04/2024 10:31:00], [file name :-/home/otrams/public_html/beta/confirm_booking.php],INSERT INTO booking_status (reservation_id,booking_id,status,create_date,memo,agent_id,ip_address,admin,modify_by) VALUES ('3264','503','confirmed','2024-03-04 10:30:54','Booking confirmed . Booked by Back Office v3alpha on behalf of Agent - Sam  Xxxxx(CD0601)','601','43.239.53.130','0','601');
[03/04/2024 10:31:00], [file name :-/home/otrams/public_html/beta/confirm_booking.php],INSERT INTO booking_cancellation_policy(booking_id,from_date,supplier_from_date,to_date,supplier_to_date,supplier_charge,agent_charge,lead_time,create_date,applied_agent_charges)  VALUES('503','2024-03-04 10:30:00','2024-03-04 10:30:00','1970-01-01 00:00:00','1970-01-01 00:00:00','100','375.07','0','2024-03-04 10:31:00','375.07');
[03/04/2024 10:31:00], [file name :-/home/otrams/public_html/beta/confirm_booking.php],INSERT INTO bookings_applicable_offer set  oid= '',  offer_type_code= '',  booking_id= '503',  room_id= '2~~~1~~~1~~~9~~~~~~~~~71649~~~1~~~S000000001',  room_name= 'double',  supplier_id= 'S000000001',  agent_id= '',  applied_native_discount= '0',  original_native_rate= '100',  native_rate= '100',  promotion_text= '',  offer_disc_type= '',  offer_disc_value= '',  offer_disc_currency= '',  create_date= '2024-03-04 10:31:00' ;
[03/04/2024 10:31:00], [file name :-/home/otrams/public_html/beta/confirm_booking.php],update bookings set confirmation_number='',itenirary_id='503' where reservation_id='3264' and id ='503';
[03/04/2024 10:31:00], [file name :-/home/otrams/public_html/beta/confirm_booking.php],UPDATE room_rates SET availability = availability-1,consumed_inventory = consumed_inventory+1 WHERE hotel_id = '5' and inventory_class_id = '1' and supplier_id = 'S000000001' and date_from = '2024-03-20';
[03/04/2024 10:31:00], [file name :-/home/otrams/public_html/beta/confirm_booking.php],update supplement_rate set inventory = '0' where supplement_rate_id = '9';
[03/04/2024 10:31:01], [file name :-/home/otrams/public_html/beta/confirm_booking.php],insert into temp(booking_id,mail_send_to)values('503','bhavesh.gurav@qtechsoftware.com');
[03/04/2024 10:31:01], [file name :-/home/otrams/public_html/beta/confirm_booking.php],insert into temp(booking_id,mail_send_to)values('503','bhavesh.gurav@qtechsoftware.com');
[03/04/2024 10:31:01], [file name :-/home/otrams/public_html/beta/confirm_booking.php],update posted_bookings set booking_id='503',status='1' where reservation_id='3264' and booking_id ='0';
[03/04/2024 10:31:01], [file name :-/home/otrams/public_html/beta/confirm_booking.php],update xmllogs set reservation_id='503' where agent_logs_id='56' and source_type='localsystem';
[03/04/2024 10:35:40], [file name :-/home/otrams/public_html/beta/supplier_registration.php],INSERT INTO psa_login_log  SET username = '', user_type = 'A', branch_id = '7', login_datetime = '2024-03-04 10:35:40', ip = '114.119.151.146', action = 'Login' ;
[03/04/2024 10:49:03], [file name :-/home/otrams/public_html/beta/agent_login.php],update agents set last_login_date = '2024-03-04 10:49:03',login_attempt=0 where id = '7866';
[03/04/2024 10:49:03], [file name :-/home/otrams/public_html/beta/agent_login.php],INSERT INTO psa_login_log  SET username = 'deepak_qtech', user_type = 'A', branch_id = '31', login_datetime = '2024-03-04 10:49:03', ip = '43.239.53.130', action = 'Login' ;
[03/04/2024 10:49:04], [file name :-/home/otrams/public_html/beta/hotel_search.php],insert into user_sessions_ip SET ip_addr='43.239.53.130', agent_id='7863', session_id='02dba504376d75e035db971377c99652da8d90ac90b44ee2eff29b1cc4ba83e4',create_date='2024-03-04 10:49:04', update_date='2024-03-04 10:49:04',domain='baysantravel.astrabookings.com',sub_agent_id='',sub_user_id='';
[03/04/2024 10:49:10], [file name :-/home/otrams/public_html/beta/get_city_list.php],UPDATE user_sessions_ip SET update_date = '2024-03-04 10:49:10' WHERE id= '622';
[03/04/2024 10:49:11], [file name :-/home/otrams/public_html/beta/get_city_list.php],UPDATE user_sessions_ip SET update_date = '2024-03-04 10:49:11' WHERE id= '622';
[03/04/2024 10:49:12], [file name :-/home/otrams/public_html/beta/get_city_list.php],UPDATE user_sessions_ip SET update_date = '2024-03-04 10:49:12' WHERE id= '622';
[03/04/2024 10:49:12], [file name :-/home/otrams/public_html/beta/get_city_list.php],UPDATE user_sessions_ip SET update_date = '2024-03-04 10:49:12' WHERE id= '622';
[03/04/2024 10:49:21], [file name :-/home/otrams/public_html/beta/hotel_search_list.php],UPDATE user_sessions_ip SET update_date = '2024-03-04 10:49:21' WHERE id= '622';
[03/04/2024 10:49:21], [file name :-/home/otrams/public_html/beta/hotel_search_list.php],INSERT INTO agent_logs SET  agent_id = '7866' , sub_agent_id = '' , sub_user_id = '0' , branch_id = '31' , ip = '43.239.53.130' , city = 'cairo' , service_name = '' , country_of_residence = '138' , service_type = 'hotel' , arrival_date = '2024/08/21' , departure_date = '2024/08/22' , nights = '1' , nationality = '138' , room_types = '2, 1' , room_type='[{"numberOfAdults":2},{"numberOfAdults":1}]' , available='0' , create_date = '2024-03-04 10:49:21' , site_id = '20' , country_code = '155' , city_code = '72637' , ratings = '3.0,4.0,5.0,SC' , selected_currency = 'USD' , currency_code = 'USD' , web_service = '' ;
[03/04/2024 10:49:25], [file name :-/home/otrams/public_html/beta/xml_all.php],UPDATE user_sessions_ip SET update_date = '2024-03-04 10:49:25' WHERE id= '622';
[03/04/2024 10:49:26], [file name :-/home/otrams/public_html/beta/call.php],INSERT INTO xmllogs(reservation_id, type, request_path, response_path, header_path, source_type, create_date, header, session_id, agent_logs_id)
                VALUE ('', 'availability', 'e1/04_03_2024/request_availability_Baysan_Tourism_wh_57_1709549365_98.json', 'e1/04_03_2024/response_availability_Baysan_Tourism_wh_57_1709549365_98.json', 'e1/04_03_2024/response_header_availability_Baysan_Tourism_wh_57_1709549365_98.json', 'expedia', '2024-03-04 10:49:26', '', '02dba504376d75e035db971377c99652da8d90ac90b44ee2eff29b1cc4ba83e4', '57');
[03/04/2024 10:49:27], [file name :-/home/otrams/public_html/beta/call.php],INSERT INTO xmllogs(reservation_id, type, request_path, response_path, header_path, source_type, create_date, header, session_id, agent_logs_id)
                VALUE ('', 'availability', 'e1p/04_03_2024/request_availability_Baysan_Tourism_wh_57_1709549365_4.json', 'e1p/04_03_2024/response_availability_Baysan_Tourism_wh_57_1709549365_4.json', 'e1p/04_03_2024/response_header_availability_Baysan_Tourism_wh_57_1709549365_4.json', 'expediapackage', '2024-03-04 10:49:27', '', '02dba504376d75e035db971377c99652da8d90ac90b44ee2eff29b1cc4ba83e4', '57');
[03/04/2024 10:49:27], [file name :-/home/otrams/public_html/beta/call.php],UPDATE xmllogs SET
        hotel_count = ''
        , request_url = '/call.php?s=expedia&sessionid=02dba504376d75e035db971377c99652da8d90ac90b44ee2eff29b1cc4ba83e4&xml_user_id=7863&db_caching=1&erequest=0&total_request=1&web_service=no&ip=43.239.53.130&browser=MozillaFirefox%2F110.0%28linux%29&hotels_ids=&expediaRapidApi=&agent_country=138'
        , http_hit_time = '2024-03-04 10:49:25.279'
        , request_start_time = '0.000'
        , parsing_start_time = '0.000'
        , mapping_complete_time = '0.000'
        , mongo_start_time = '0.000'
        , search_end_time = '0.000'
        , total_duration = '2.008'
        , error_description = ''
        , memory_used = '93115648'
        WHERE id = '46864';
[03/04/2024 10:49:28], [file name :-/home/otrams/public_html/beta/call.php],UPDATE xmllogs SET
        hotel_count = ''
        , request_url = '/call.php?s=expediapackage&sessionid=02dba504376d75e035db971377c99652da8d90ac90b44ee2eff29b1cc4ba83e4&xml_user_id=7863&db_caching=1&erequest=0&total_request=1&web_service=no&ip=43.239.53.130&browser=MozillaFirefox%2F110.0%28linux%29&hotels_ids=&expediaRapidApi=&agent_country=138'
        , http_hit_time = '2024-03-04 10:49:25.281'
        , request_start_time = '0.000'
        , parsing_start_time = '0.000'
        , mapping_complete_time = '0.000'
        , mongo_start_time = '0.000'
        , search_end_time = '0.000'
        , total_duration = '2.852'
        , error_description = ''
        , memory_used = '99209120'
        WHERE id = '46865';
[03/04/2024 10:49:28], [file name :-/home/otrams/public_html/beta/xml_all.php],UPDATE agent_logs SET
        hotel_count = '91',
        request_path = '/xml_all.php?userid=7863&sessionid=02dba504376d75e035db971377c99652da8d90ac90b44ee2eff29b1cc4ba83e4',
        duration = '3.275',
        merge_duration = '0.281',
        assigned_supplier_count = '2',
        searched_supplier_count = '2',
        system_load_1_min = '6.48',
        system_load_5_min = '6.08',
        system_load_15_min = '4.48',
        system_memory_usage = '89.79',
        memory_usage = (SELECT COALESCE(SUM(memory_used),0) FROM xmllogs WHERE agent_logs_id = '57') + '38059592',
        parallel_search_count = '1',
        mongo_archive_collection = '',
        error_description = '',
        is_cached = 'no'
        WHERE id = '57';
[03/04/2024 10:49:28], [file name :-/home/otrams/public_html/beta/m1_hotel_search_listing.php],UPDATE user_sessions_ip SET update_date = '2024-03-04 10:49:28' WHERE id= '622';
[03/04/2024 10:49:45], [file name :-/home/otrams/public_html/beta/m1_write_cache.php],UPDATE user_sessions_ip SET update_date = '2024-03-04 10:49:45' WHERE id= '622';
[03/04/2024 10:49:45], [file name :-/home/otrams/public_html/beta/book_now.php],UPDATE user_sessions_ip SET update_date = '2024-03-04 10:49:45' WHERE id= '622';
[03/04/2024 10:49:45], [file name :-/home/otrams/public_html/beta/book_now.php],INSERT INTO autogenerator_reservation (reservation_id, remote_id) VALUES ('1709549385','43.239.53.130');
[03/04/2024 10:49:46], [file name :-/home/otrams/public_html/beta/book_now.php],INSERT INTO xmllogs(reservation_id, type, request_path, response_path, header_path, source_type, create_date, header, session_id, agent_logs_id)
                VALUE ('', 'valuation', 'e1p/04_03_2024/request_valuation_Baysan_Tourism_wh_57_1709549385_17.json', 'e1p/04_03_2024/response_valuation_Baysan_Tourism_wh_57_1709549385_17.json', 'e1p/04_03_2024/response_header_valuation_Baysan_Tourism_wh_57_1709549385_17.json', 'expediapackage', '2024-03-04 10:49:46', '', '02dba504376d75e035db971377c99652da8d90ac90b44ee2eff29b1cc4ba83e4', '57');
[03/04/2024 10:49:56], [file name :-/home/otrams/public_html/beta/m1_write_cache.php],UPDATE user_sessions_ip SET update_date = '2024-03-04 10:49:56' WHERE id= '622';
[03/04/2024 10:49:57], [file name :-/home/otrams/public_html/beta/book_now.php],UPDATE user_sessions_ip SET update_date = '2024-03-04 10:49:57' WHERE id= '622';
[03/04/2024 10:49:57], [file name :-/home/otrams/public_html/beta/book_now.php],INSERT INTO autogenerator_reservation (reservation_id, remote_id) VALUES ('1709549397','43.239.53.130');
[03/04/2024 10:49:58], [file name :-/home/otrams/public_html/beta/book_now.php],INSERT INTO xmllogs(reservation_id, type, request_path, response_path, header_path, source_type, create_date, header, session_id, agent_logs_id)
                VALUE ('', 'valuation', 'e1p/04_03_2024/request_valuation_Baysan_Tourism_wh_57_1709549397_52.json', 'e1p/04_03_2024/response_valuation_Baysan_Tourism_wh_57_1709549397_52.json', 'e1p/04_03_2024/response_header_valuation_Baysan_Tourism_wh_57_1709549397_52.json', 'expediapackage', '2024-03-04 10:49:58', '', '02dba504376d75e035db971377c99652da8d90ac90b44ee2eff29b1cc4ba83e4', '57');
[03/04/2024 10:50:11], [file name :-/home/otrams/public_html/beta/frontendfunc.php],UPDATE user_sessions_ip SET update_date = '2024-03-04 10:50:11' WHERE id= '622';
[03/04/2024 10:50:33], [file name :-/home/otrams/public_html/beta/book_now.php],UPDATE user_sessions_ip SET update_date = '2024-03-04 10:50:33' WHERE id= '622';
[03/04/2024 10:50:33], [file name :-/home/otrams/public_html/beta/book_now.php],INSERT INTO autogenerator_reservation (reservation_id, remote_id) VALUES ('1709549433','43.239.53.130');
[03/04/2024 10:50:34], [file name :-/home/otrams/public_html/beta/confirm_booking.php],UPDATE user_sessions_ip SET update_date = '2024-03-04 10:50:34' WHERE id= '622';
[03/04/2024 10:50:35], [file name :-/home/otrams/public_html/beta/confirm_booking.php], insert into bookings set  source_type = 'expediapackage', reservation_id = '3267', create_date = '2024-03-04 10:50:35', agent_id = '7863', parent_agent_id = '7863', agent_ref_no = '', nationality = 'Emirati', city_id = 'cairo', country_id = '155', current_status = 'inprocess-booking', is_xml = '0', display_room_rate = '53.78', display_currency_code = 'USD', native_room_rate = '53.78', native_currency_code = 'USD', supplier_profile_id = '43', service_type = 'hotel', service_date = '2024/08/21', check_out_date = '2024/08/22', sub_user_id = '', booking_status = '1', leader_title = 'Mr', leader_first_name = 'deepak', leader_last_name = 'trivedi', status_date = '2024-03-04 10:50:35';
[03/04/2024 10:50:35], [file name :-/home/otrams/public_html/beta/confirm_booking.php],INSERT INTO external_mapping_data_tracking (booking_id,search_hotel_name,booked_hotel_name_supplier,hotel_id,master_id,city_id,supplier,date)
            VALUES ('504','PARADISE BOUTIQUE HOTEL','Paradise Boutique Hotel','18449251','OT000704447','cairo','expediapackage',NOW());
[03/04/2024 10:50:35], [file name :-/home/otrams/public_html/beta/confirm_booking.php],UPDATE
		bookings
		SET
		booking_branch_id= '31'
		WHERE
		id='504'
		;
[03/04/2024 10:50:35], [file name :-/home/otrams/public_html/beta/confirm_booking.php],insert into bookings_details(booking_id,reservation_id,supplier_id,total_rooms,total_adults,total_children,total_infants,rate_description ,rate_code,
				hotel_id,hotel_name,hotel_address1,hotel_phone,hotel_rating,total_nights,arrival_date,departure_date,room_rate_code,hotel_img)values('504','3267','','2','3','0','-','','','18449251','Paradise Boutique Hotel','18B 26th of July Street, Downtown Cairo','20-1-069777674','3.0','1','2024/08/21','2024/08/22','','https://baysantravel.astrabookings.com//cpf/images/?image=aHR0cHM6Ly9pLnRyYXZlbGFwaS5jb20vaG90ZWxzLzE5MDAwMDAwLzE4NDUwMDAwLzE4NDQ5MzAwLzE4NDQ5MjUxL2JkNjczMWE3X2IuanBn');
[03/04/2024 10:50:35], [file name :-/home/otrams/public_html/beta/confirm_booking.php], insert into booking_room_detail set  booking_id = '504', booking_detail_id = '1', room_type_code = '', room_name = 'double', room_type_description = 'FullBed Economy Double Room, 1 Double Bed(Free breakfast)- <font color=\'red\'>Package Deal</font> <b><font color=\'#265db7\'>(Private sale)</font></b><br>(1 Double Bed)', display_nightly_rates = 'a:1:{i:0;a:3:{s:18:"displayNightlyRate";d:26.829999999999998;s:25:"displayNightlyRateDisplay";s:205:"Rate - 26.83, Currency Multiplier (USD-USD) - 1.00000, Markup in % - 0.00%, Markup Amount - 0, Markup Amount in SAR- 0.00, Supplier Commission - 2.27 USD, Marketing Fee - 2.27  USD City-6%, #expediapackage";s:13:"whNightlyRate";d:33.539999999999999;}}', native_nightly_rates = 'a:1:{i:0;a:1:{s:17:"nativeNightlyRate";d:26.829999999999998;}}', native_room_rate_total = '26.83', wh_room_rate_total = '33.54', display_room_rate_total = '26.83', number_of_rooms = '1';
[03/04/2024 10:50:35], [file name :-/home/otrams/public_html/beta/confirm_booking.php], insert into passangers set  booking_id = '504', booking_detail_id = '1', rid = '220', room = '0', salutations = 'Mr', first_name = 'deepak', last_name = 'trivedi', passenger_type = 'adult', age = '';
[03/04/2024 10:50:35], [file name :-/home/otrams/public_html/beta/confirm_booking.php], insert into passangers set  booking_id = '504', booking_detail_id = '1', rid = '220', room = '0', salutations = 'Mr', first_name = 'TBAA', last_name = 'TBAA', passenger_type = 'adult', age = '';
[03/04/2024 10:50:35], [file name :-/home/otrams/public_html/beta/confirm_booking.php], insert into booking_room_detail set  booking_id = '504', booking_detail_id = '1', room_type_code = '', room_name = 'single', room_type_description = 'FullBed Economy Double Room, 1 Double Bed(Free breakfast)- <font color=\'red\'>Package Deal</font> <b><font color=\'#265db7\'>(Private sale)</font></b><br>(1 Double Bed)', display_nightly_rates = 'a:1:{i:0;a:3:{s:18:"displayNightlyRate";d:26.949999999999999;s:25:"displayNightlyRateDisplay";s:205:"Rate - 26.95, Currency Multiplier (USD-USD) - 1.00000, Markup in % - 0.00%, Markup Amount - 0, Markup Amount in SAR- 0.00, Supplier Commission - 2.33 USD, Marketing Fee - 2.33  USD City-6%, #expediapackage";s:13:"whNightlyRate";d:33.689999999999998;}}', native_nightly_rates = 'a:1:{i:0;a:1:{s:17:"nativeNightlyRate";d:26.949999999999999;}}', native_room_rate_total = '26.95', wh_room_rate_total = '33.69', display_room_rate_total = '26.95', number_of_rooms = '1';
[03/04/2024 10:50:35], [file name :-/home/otrams/public_html/beta/confirm_booking.php], insert into passangers set  booking_id = '504', booking_detail_id = '1', rid = '221', room = '0', salutations = 'Mr', first_name = 'shive', last_name = 'babu', passenger_type = 'adult', age = '';
[03/04/2024 10:50:37], [file name :-/home/otrams/public_html/beta/confirm_booking.php],INSERT INTO xmllogs(reservation_id, type, request_path, response_path, header_path, source_type, create_date, header, session_id, agent_logs_id)
                VALUE ('', 'reservation', 'e1p/04_03_2024/request_reservation_Baysan_Tourism_wh_57_1709549435_65.json', 'e1p/04_03_2024/response_reservation_Baysan_Tourism_wh_57_1709549435_65.json', 'e1p/04_03_2024/response_header_reservation_Baysan_Tourism_wh_57_1709549435_65.json', 'expediapackage', '2024-03-04 10:50:37', '', '02dba504376d75e035db971377c99652da8d90ac90b44ee2eff29b1cc4ba83e4', '57');
[03/04/2024 10:50:37], [file name :-/home/otrams/public_html/beta/confirm_booking.php],update bookings set  special_remark = '', itenirary_id = '7842657568707', confirmation_number = '7842657568707', display_discount = '0', cancellation_policy = 'Free cancellation up to  18:59:59 on  2024-08-19<br>If you cancel between 2024-08-19 19:00:00 and 2024-08-21 00:00:00 , you will be charged 67.23 USD<br>No show is subject to a 100 % cancellation charge<br><br/><b>Amendment Policy</b><br/>
		Please note that most hotels treat changes in pax details, room category and dates as a cancellation of the booking, and charges will apply according to the cancellation policy.
		Late amendment charges may apply if requested after 19:00 on 19th of August 2024.
		Confirmation of amendments is subject to availability and rates at the time of making the amendment.', supplier_cancellation_policy = '', current_status = 'confirmed', expiration_date = '2024-08-19 16:00:00', comment_contract = ' Bed Type Selection is not guaranteed.<br/><span style=\'color: red;\'><strong>Note</strong>: Nightly rates might be calculated based on the average of Total Rate</span><br><br><b>Amenities:</b>Free breakfast, Free WiFi<br><br><b>Deal:</b> Private sale,<br><br/><br/><br/><b>Checkin Start Time :</b> , <br/><b>Checkin End Time :</b> , <br/><b>Min Checkin Age :</b> , <br/><b>Checkout Time :</b> ,<br/><b>Instructions :</b> ,<br/><b>Special Instructions :</b> ,<br/><b>Important Note :</b> Agent agree that this rate is being sold with approved transport component.', consultant_id = 'Ayman', sales_manager_id = '0', admin_booked = '0', email_id = 'deepak.trivedi@qtechsoftware.com', leader_phone = '1234567890', agent_currency_multiplier = '1.00000', ip_addr = '43.239.53.130', comment_contract = ' Bed Type Selection is not guaranteed.<br/><span style=\'color: red;\'><strong>Note</strong>: Nightly rates might be calculated based on the average of Total Rate</span><br><br><b>Amenities:</b>Free breakfast, Free WiFi<br><br><b>Deal:</b> Private sale,<br><br/><br/><br/><b>Checkin Start Time :</b> , <br/><b>Checkin End Time :</b> , <br/><b>Min Checkin Age :</b> , <br/><b>Checkout Time :</b> ,<br/><b>Instructions :</b> ,<br/><b>Special Instructions :</b> ,<br/><b>Important Note :</b> Agent agree that this rate is being sold with approved transport component.', backoffice_user = 'Ayman', customer_id = '', applied_multiplier='1.00000',  wh_applied_markup='25.0',  wh_agent_currency_multiplier='1.00000',  wh_agent_markup='25.0',  wh_agent_rate='67.23',  wh_sub_agent_rate='0',  wh_parent_agent_id='7866',  wh_agent_id='7866',  wh_basecurrency_multiplier_native='1.00000',  wh_basecurrency_multiplier='1.00000',  site_id='20',  applied_markup='0',  agent_markup='0',  basecurrency_multiplier='1.00000',  basecurrency_multiplier_native='1.00000',  parent_agent_id='7863',  sub_agent_rate='0',  agent_rate='53.78',  applicable_service_tax='0',  supplier_rate='53.78',  uid='e35e4320e1815762d27e0246eb57babf'  where id='504';
[03/04/2024 10:50:37], [file name :-/home/otrams/public_html/beta/confirm_booking.php],update bookings_details set touricoRoomResId ='', gta_item_confirm_ref='' , special_request='' where booking_id ='504';
[03/04/2024 10:50:37], [file name :-/home/otrams/public_html/beta/confirm_booking.php],insert into booking_lat_long(booking_id,latitude,longitude) values ('504','30.05245659','31.24291806');
[03/04/2024 10:50:37], [file name :-/home/otrams/public_html/beta/confirm_booking.php],INSERT INTO booking_status (reservation_id,booking_id,status,create_date,memo,agent_id,ip_address,admin,modify_by) VALUES ('3267','504','confirmed','2024-03-04 10:50:37','Booking confirmed. Booked by Back Office Ayman on behalf of Agent - Baysan  Tourism(CD7863)','7863','43.239.53.130','0','7863');
[03/04/2024 10:50:37], [file name :-/home/otrams/public_html/beta/confirm_booking.php],INSERT INTO booking_cancellation_policy(booking_id,from_date,supplier_from_date,to_date,supplier_to_date,supplier_charge,agent_charge,lead_time,create_date,applied_agent_charges)  VALUES('504','2024-08-19 19:00:00','2024-08-19 19:00:00','2024-08-21 00:00:00','2024-08-21 00:00:00','53.78','67.23','0','2024-03-04 10:50:37','67.23');
[03/04/2024 10:50:37], [file name :-/home/otrams/public_html/beta/confirm_booking.php],update posted_bookings set booking_id='504',status='1' where reservation_id='3267' and booking_id ='0';
[03/04/2024 10:50:37], [file name :-/home/otrams/public_html/beta/confirm_booking.php],update xmllogs set reservation_id='504' where agent_logs_id='57' and source_type='expediapackage';
[03/04/2024 10:50:37], [file name :-/home/otrams/public_html/beta/confirm_booking.php],INSERT INTO booking_commission set agent_commission='',  supplier_commission='4.6',  commission_tax='',  booking_id ='504',  supplier_tax='7.24',  supplier_base_fare='46.54',  supplier_commissionable_fare='4.6'able_fare,  retension='100',  commission_percent='0',  create_date ='2024-03-04 10:50:37';
[03/04/2024 10:50:38], [file name :-/home/otrams/public_html/beta/confirm_booking.php],insert into temp(booking_id,mail_send_to)values('504','sujay.raut@qtechsoftware.com');
[03/04/2024 10:50:38], [file name :-/home/otrams/public_html/beta/confirm_booking.php],insert into temp(booking_id,mail_send_to)values('504','branch@email.com');
