[06/03/2024 01:00:12], [file name :-/efsdata/otrams/public_html/beta/agent_login.php],update agents set last_login_date = '2024-06-03 01:00:12',login_attempt=0 where id = '7857';
[06/03/2024 01:00:12], [file name :-/efsdata/otrams/public_html/beta/agent_login.php],INSERT INTO psa_login_log  SET username = 'Deepak_T', user_type = 'A', branch_id = '23', login_datetime = '2024-06-03 13:00:12', ip = '43.239.53.130', action = 'Login' ;
[06/03/2024 01:00:28], [file name :-/efsdata/otrams/public_html/beta/hotel_search_list.php],INSERT INTO agent_logs SET  agent_id = '7857' , sub_agent_id = '' , sub_user_id = '0' , wh_agent_id = '' , branch_id = '23' , ip = '43.239.53.130' , city = 'dubai' , service_name = '' , country_of_residence = '106' , service_type = 'hotel' , arrival_date = '2024/06/26' , departure_date = '2024/06/27' , nights = '1' , nationality = '106' , room_types = '2' , room_type='[{"numberOfAdults":2}]' , available='0' , create_date = '2024-06-03 13:00:28' , site_id = '' , country_code = '138' , city_code = '71649' , ratings = '3.0,4.0,5.0,SC' , selected_currency = 'USD' , currency_code = 'USD' , web_service = '0' ;
[06/03/2024 01:00:33], [file name :-/efsdata/otrams/public_html/beta/xml_all.php],UPDATE agent_logs SET
        hotel_count = '377',
        request_path = '/xml_all.php?userid=7857&sessionid=e00a49836f073f9ebbe40e2d43c010be3237edf8d96009e8e7dfab34701f5a7f',
        duration = '3.835',
        merge_duration = '0.783',
        assigned_supplier_count = '2',
        searched_supplier_count = '1',
        system_load_1_min = '2.60',
        system_load_5_min = '10.61',
        system_load_15_min = '12.88',
        system_memory_usage = '95.33',
        memory_usage = (SELECT COALESCE(SUM(memory_used),0) FROM xmllogs WHERE agent_logs_id = '2036') + '23609520',
        parallel_search_count = '',
        mongo_archive_collection = '',
        error_description = '',
        is_cached = 'no'
        WHERE id = '2036';
[06/03/2024 01:00:39], [file name :-/efsdata/otrams/public_html/beta/book_now.php],INSERT INTO autogenerator_reservation (reservation_id, remote_id) VALUES ('1717419639','43.239.53.130');
[06/03/2024 01:00:41], [file name :-/efsdata/otrams/public_html/beta/book_now.php],INSERT INTO xmllogs(reservation_id, type, request_path, response_path, header_path, source_type, create_date, header, session_id, agent_logs_id,file_path) VALUE ('', 'VALUATION', 'e1p/03_06_2024/request_valuation_Deepak_T_2036_1717419640_87.json', 'e1p/03_06_2024/response_valuation_Deepak_T_2036_1717419640_87.json', 'e1p/03_06_2024/response_header_valuation_Deepak_T_2036_1717419640_87.json', 'expediapackage', '2024-06-03 01:00:41', '', 'e00a49836f073f9ebbe40e2d43c010be3237edf8d96009e8e7dfab34701f5a7f', '2036', 'https://beta.astrabookings.com/project_folder/astra_protected/supplier_logs/e1p/03_06_2024/response_valuation_Deepak_T_2036_1717419640_87.json');
[06/03/2024 01:00:42], [file name :-/efsdata/otrams/public_html/beta/book_now.php],INSERT INTO hotel_logs (hotelname, city_name, country_code, agent_id, wh_agent_id, branch_id, site_id, type, create_date,web_service)
			VALUES ('Ibis Dubai Deira City Centre', 'dubai', '138', '7857', '', '23', '', 'hotelratechange', '2024-06-03 :13:00:42','');
[06/03/2024 01:00:51], [file name :-/efsdata/otrams/public_html/beta/hotel_search_list.php],INSERT INTO agent_logs SET  agent_id = '7857' , sub_agent_id = '' , sub_user_id = '0' , wh_agent_id = '' , branch_id = '23' , ip = '43.239.53.130' , city = 'dubai' , service_name = '' , country_of_residence = '106' , service_type = 'hotel' , arrival_date = '2024/06/26' , departure_date = '2024/06/27' , nights = '1' , nationality = '106' , room_types = '2' , room_type='[{"numberOfAdults":2}]' , available='0' , create_date = '2024-06-03 13:00:51' , site_id = '' , country_code = '138' , city_code = '71649' , ratings = '3.0,4.0,5.0,SC' , selected_currency = 'USD' , currency_code = 'USD' , web_service = '0' ;
[06/03/2024 01:00:55], [file name :-/efsdata/otrams/public_html/beta/xml_all.php],UPDATE agent_logs SET
        hotel_count = '377',
        request_path = '/xml_all.php?userid=7857&sessionid=e00a49836f073f9ebbe40e2d43c010be3237edf8d96009e8e7dfab34701f5a7f',
        duration = '3.608',
        merge_duration = '0.761',
        assigned_supplier_count = '2',
        searched_supplier_count = '1',
        system_load_1_min = '6.13',
        system_load_5_min = '10.81',
        system_load_15_min = '12.88',
        system_memory_usage = '95.58',
        memory_usage = (SELECT COALESCE(SUM(memory_used),0) FROM xmllogs WHERE agent_logs_id = '2037') + '23267024',
        parallel_search_count = '',
        mongo_archive_collection = '',
        error_description = '',
        is_cached = 'no'
        WHERE id = '2037';
[06/03/2024 01:01:17], [file name :-/efsdata/otrams/public_html/beta/book_now.php],INSERT INTO autogenerator_reservation (reservation_id, remote_id) VALUES ('1717419677','43.239.53.130');
[06/03/2024 01:02:13], [file name :-/efsdata/otrams/public_html/beta/book_now.php],INSERT INTO autogenerator_reservation (reservation_id, remote_id) VALUES ('1717419733','43.239.53.130');
[06/03/2024 01:02:16], [file name :-/efsdata/otrams/public_html/beta/book_now.php],INSERT INTO xmllogs(reservation_id, type, request_path, response_path, header_path, source_type, create_date, header, session_id, agent_logs_id,file_path) VALUE ('', 'VALUATION', 'e1p/03_06_2024/request_valuation_Deepak_T_2037_1717419735_80.json', 'e1p/03_06_2024/response_valuation_Deepak_T_2037_1717419735_80.json', 'e1p/03_06_2024/response_header_valuation_Deepak_T_2037_1717419735_80.json', 'expediapackage', '2024-06-03 01:02:16', '', 'e00a49836f073f9ebbe40e2d43c010be3237edf8d96009e8e7dfab34701f5a7f', '2037', 'https://beta.astrabookings.com/project_folder/astra_protected/supplier_logs/e1p/03_06_2024/response_valuation_Deepak_T_2037_1717419735_80.json');
[06/03/2024 01:02:18], [file name :-/efsdata/otrams/public_html/beta/book_now.php],INSERT INTO hotel_logs (hotelname, city_name, country_code, agent_id, wh_agent_id, branch_id, site_id, type, create_date,web_service)
			VALUES ('Ibis Dubai Deira City Centre', 'dubai', '138', '7857', '', '23', '', 'hotelratechange', '2024-06-03 :13:02:18','');
[06/03/2024 01:03:04], [file name :-/efsdata/otrams/public_html/beta/hotel_search_list.php],INSERT INTO agent_logs SET  agent_id = '7857' , sub_agent_id = '' , sub_user_id = '0' , wh_agent_id = '' , branch_id = '23' , ip = '43.239.53.130' , city = 'dubai' , service_name = '' , country_of_residence = '106' , service_type = 'hotel' , arrival_date = '2024/06/26' , departure_date = '2024/06/27' , nights = '1' , nationality = '106' , room_types = '2' , room_type='[{"numberOfAdults":2}]' , available='0' , create_date = '2024-06-03 13:03:04' , site_id = '' , country_code = '138' , city_code = '71649' , ratings = '3.0,4.0,5.0,SC' , selected_currency = 'USD' , currency_code = 'USD' , web_service = '0' ;
[06/03/2024 01:03:08], [file name :-/efsdata/otrams/public_html/beta/xml_all.php],UPDATE agent_logs SET
        hotel_count = '377',
        request_path = '/xml_all.php?userid=7857&sessionid=e00a49836f073f9ebbe40e2d43c010be3237edf8d96009e8e7dfab34701f5a7f',
        duration = '3.504',
        merge_duration = '0.753',
        assigned_supplier_count = '2',
        searched_supplier_count = '1',
        system_load_1_min = '31.90',
        system_load_5_min = '23.17',
        system_load_15_min = '17.36',
        system_memory_usage = '93.17',
        memory_usage = (SELECT COALESCE(SUM(memory_used),0) FROM xmllogs WHERE agent_logs_id = '2038') + '23250616',
        parallel_search_count = '',
        mongo_archive_collection = '',
        error_description = '',
        is_cached = 'no'
        WHERE id = '2038';
[06/03/2024 01:03:15], [file name :-/efsdata/otrams/public_html/beta/book_now.php],INSERT INTO autogenerator_reservation (reservation_id, remote_id) VALUES ('1717419795','43.239.53.130');
[06/03/2024 01:03:15], [file name :-/efsdata/otrams/public_html/beta/book_now.php],INSERT INTO xmllogs(reservation_id, type, request_path, response_path, header_path, source_type, create_date, header, session_id, agent_logs_id,file_path) VALUE ('', 'VALUATION', 'e1p/03_06_2024/request_valuation_Deepak_T_2038_1717419795_34.json', 'e1p/03_06_2024/response_valuation_Deepak_T_2038_1717419795_34.json', 'e1p/03_06_2024/response_header_valuation_Deepak_T_2038_1717419795_34.json', 'expediapackage', '2024-06-03 01:03:15', '', 'e00a49836f073f9ebbe40e2d43c010be3237edf8d96009e8e7dfab34701f5a7f', '2038', 'https://beta.astrabookings.com/project_folder/astra_protected/supplier_logs/e1p/03_06_2024/response_valuation_Deepak_T_2038_1717419795_34.json');
[06/03/2024 01:03:15], [file name :-/efsdata/otrams/public_html/beta/book_now.php],INSERT INTO hotel_logs (hotelname, city_name, country_code, agent_id, wh_agent_id, branch_id, site_id, type, create_date,web_service)
			VALUES ('Ibis Dubai Deira City Centre', 'dubai', '138', '7857', '', '23', '', 'hotelratechange', '2024-06-03 :13:03:15','');
[06/03/2024 01:03:49], [file name :-/efsdata/otrams/public_html/beta/book_now.php],INSERT INTO autogenerator_reservation (reservation_id, remote_id) VALUES ('1717419829','43.239.53.130');
[06/03/2024 01:03:50], [file name :-/efsdata/otrams/public_html/beta/confirm_booking.php], insert into bookings set  source_type = 'expediapackage', reservation_id = '4591', create_date = '2024-06-03 13:03:50', agent_id = '7857', parent_agent_id = '7857', agent_ref_no = '', nationality = 'Indian', city_id = 'dubai', country_id = '138', current_status = 'inprocess-booking', booking_branch_id = '23', is_xml = '0', display_room_rate = '39.44', display_currency_code = 'USD', native_room_rate = '35.85', native_currency_code = 'USD', supplier_profile_id = '43', service_type = 'hotel', service_date = '2024/06/26', check_out_date = '2024/06/27', sub_user_id = '', booking_status = '1', leader_title = 'Mr', leader_first_name = 'Sanket', leader_last_name = 'Desai', status_date = '2024-06-03 13:03:50';
[06/03/2024 01:03:50], [file name :-/efsdata/otrams/public_html/beta/confirm_booking.php],INSERT INTO external_mapping_data_tracking (booking_id,search_hotel_name,booked_hotel_name_supplier,hotel_id,master_id,city_id,supplier,date) VALUES ('613','IBIS DUBAI DEIRA CITY CENTRE','NA','2221509','OT000103618','dubai','expediapackage',NOW());
[06/03/2024 01:03:50], [file name :-/efsdata/otrams/public_html/beta/confirm_booking.php],UPDATE
		bookings
		SET
		booking_branch_id= '23'
		WHERE
		id='613'
		;
[06/03/2024 01:03:50], [file name :-/efsdata/otrams/public_html/beta/confirm_booking.php],insert into bookings_details(booking_id,reservation_id,supplier_id,total_rooms,total_adults,total_children,total_infants,rate_description ,rate_code,hotel_id,hotel_name,hotel_address1,hotel_phone,hotel_rating,total_nights,arrival_date,departure_date,room_rate_code,hotel_img)values('613','4591','','1','2','0','-','','','2221509','IBIS DUBAI DEIRA CITY CENTRE','8th Street Opposite Deira City Centre Mall','+97142925000','3.0','1','2024/06/26','2024/06/27','','https://beta.astrabookings.com/cpfv3/images/?image=aHR0cHM6Ly9pLnRyYXZlbGFwaS5jb20vaG90ZWxzLzMwMDAwMDAvMjIzMDAwMC8yMjIxNjAwLzIyMjE1MDkvMDA4ZmI3NTZfYi5qcGc=');
[06/03/2024 01:03:50], [file name :-/efsdata/otrams/public_html/beta/confirm_booking.php], insert into booking_room_detail set  booking_id = '613', booking_detail_id = '1', room_type_code = '', room_name = 'double', room_type_description = 'Standard Double Room, 1 Double Bed , 1 Double Bed , Room Only (Members exclusive price) | Amenities:Free WiFi,Free self parking (Package Deal) <font color=\'red\'>Rate & Availbility May Change</font> ', display_nightly_rates = 'a:1:{i:0;a:3:{s:18:"displayNightlyRate";d:39.439999999999998;s:25:"displayNightlyRateDisplay";s:376:"Supplier Rate - 33.85; ;Agent Commission Part - 0.000000;PerNightNativeCommission - 1.910000;partCommission - 0.000000;Supplier Commission - 1.910000;partCommission Supplier - 0.000000; Currency Multiplier (USD - USD) - 1.000000; Markup Policy : 10%; Markup Amount : 0.000000; Applied Markup Amount : 0.000000; Markup in % : 10.000000; Golang : yes ; Supplier : expediapackage";s:13:"whNightlyRate";d:37.240000000000002;}}', native_nightly_rates = 'a:1:{i:0;a:1:{s:17:"nativeNightlyRate";d:35.850000000000001;}}', native_room_rate_total = '35.85', display_room_rate_total = '39.44', number_of_rooms = '1', room_category = 'Standard Double Room, 1 Double Bed', meal_basis = 'Room Only';
[06/03/2024 01:03:50], [file name :-/efsdata/otrams/public_html/beta/confirm_booking.php], insert into passangers set  booking_id = '613', booking_detail_id = '1', rid = '374', room = '0', salutations = 'Mr', first_name = 'Sanket', last_name = 'Desai', passenger_type = 'adult', age = '';
[06/03/2024 01:03:50], [file name :-/efsdata/otrams/public_html/beta/confirm_booking.php], insert into passangers set  booking_id = '613', booking_detail_id = '1', rid = '374', room = '0', salutations = 'Mr', first_name = 'TBAA', last_name = 'TBAA', passenger_type = 'adult', age = '';
[06/03/2024 01:04:51], [file name :-/efsdata/otrams/public_html/beta/confirm_booking.php],INSERT INTO xmllogs(reservation_id, type, request_path, response_path, header_path, source_type, create_date, header, session_id, agent_logs_id,file_path) VALUE ('', 'RESERVATION', 'e1p/03_06_2024/request_reservation_Deepak_T_2038_1717419890_100.json', 'e1p/03_06_2024/response_reservation_Deepak_T_2038_1717419890_100.json', 'e1p/03_06_2024/response_header_reservation_Deepak_T_2038_1717419890_100.json', 'expediapackage', '2024-06-03 01:04:51', '', 'e00a49836f073f9ebbe40e2d43c010be3237edf8d96009e8e7dfab34701f5a7f', '2038', 'https://beta.astrabookings.com/project_folder/astra_protected/supplier_logs/e1p/03_06_2024/response_reservation_Deepak_T_2038_1717419890_100.json');
[06/03/2024 01:04:51], [file name :-/efsdata/otrams/public_html/beta/confirm_booking.php],update bookings set  special_remark = '', itenirary_id = '7553056217936', confirmation_number = '7553056217936', display_discount = '0', cancellation_policy = ' Cancellation Charges of 39.44 USD applicable if cancelled after 01 Jun 2024 16:03 hrs.<br/>Booking within cancellation – Non Refundable , can’t amend or cancel the booking <br/>No shows and early check-outs are subject to a 100 % cancellation charge of 39.44 USD<br/><b>Amendment Policy</b><br/>
		Please note that most hotels treat changes in pax details, room category and dates as a cancellation of the booking, and charges will apply according to the cancellation policy.
		Late amendment charges may apply if requested after 16:03 on 3rd of June 2024.
		Confirmation of amendments is subject to availability and rates at the time of making the amendment.', supplier_cancellation_policy = ' Cancellation Charges of 35.85 USD applicable if cancelled after 01 Jun 2024 16:03 hrs.<br/>Booking within cancellation – Non Refundable , can’t amend or cancel the booking ', current_status = 'confirmed', expiration_date = '2024-06-01 13:03:00', comment_contract = ' Bed Type Selection is not guaranteed.<br/> Member’s exclusive price <br/><br/><br/><b style=\'color:#2748a3;\'>Property fee due at property 9.99 AED (2.72 USD)</b><br/><span style=\'color: red;\'><strong>Note:</strong> *This conversion is an approximate price based on the current exchange rate and may change before your stay.</span><br/><br/><br/><b>Checkin Start Time :</b> 2:00 PM, <br/><b>Checkin End Time :</b> 1:30 PM, <br/><b>Min Checkin Age :</b> 21, <br/><b>Checkout Time :</b> 12:00 PM,<br/><b>Instructions :</b>   Extra-person charges may apply and vary depending on property policyGovernment-issued photo identification and a credit card, debit card, or cash deposit may be required at check-in for incidental chargesSpecial requests are subject to availability upon check-in and may incur additional charges; special requests cannot be guaranteedThis property accepts credit cards, debit cards, and cashCashless transactions are availableSafety features at this property include a carbon monoxide detector, a fire extinguisher, a smoke detector, a security system, and a first aid kit  ,<br/><b>Special Instructions :</b> This property offers transfers from the airport (surcharges may apply). Guests must contact the property with arrival details before travel, using the contact information on the booking confirmation. Front desk staff will greet guests on arrival.,<br/>The minimum age for a customer to be able to check-in at a property 21.                            <br/><b>Mandatory Fees:</b> You\'ll be asked to pay the following charges at the property: A tax is imposed by the city: AED 10.00 per accommodation, per night We have included all charges provided to us by the property. ,<br/><b>Optional Fees:</b>  Fee for buffet breakfast: approximately AED 55 per personAirport shuttle fee: AED 110 per vehicle (one way) The above list may not be comprehensive. Fees and deposits may not include tax and are subject to change. ,<br/><b>Know Before You Go :</b></br>   One child 15 years old or younger stays free when occupying the parent or guardian\'s room, using existing bedding. Only registered guests are allowed in the guestrooms.  The property has connecting/adjoining rooms, which are subject to availability and can be requested by contacting the property using the number on the booking confirmation. The photos in this description reflect the brand standard and are provided for illustrative purposes only. Cashless payment methods are available for all transactions.Contactless check-in and contactless check-out are available. ,</br></br><b>Sanitization General Information :</b></br>1-Professional property host/manager <b></b><br/>2-Gap period enforced between guest stays - 24 hours <b>24 hours</b><br/>3-Contactless check-out is available <b></b><br/>4-Property confirms they are implementing guest safety measures <b></b><br/>5-Temperature checks are available to guests <b></b><br/>6-Individually-wrapped food options are available <b></b><br/>7-Social distancing measures are in place <b></b><br/>8-Property confirms they are implementing enhanced cleaning measures <b></b><br/>9-Guests are provided with free hand sanitizer <b></b><br/>10-Property is cleaned with disinfectant <b></b><br/>11-Individually-wrapped food options are available for dinner <b></b><br/>12-Cashless transactions are available <b></b><br/>13-Individually-wrapped food options are available through room service <b></b><br/>14-Food service has been amended for enhanced safety <b></b><br/>15-Bed sheets and towels are washed at a temperature of at least 60°C/140°F <b></b><br/>16-Individually-wrapped food options are available for breakfast <b></b><br/>17-Masks are available to guests <b></b><br/>18-Individually-wrapped food options are available for lunch <b></b><br/>19-Contactless check-in is available <b></b><br/>20-Protective clothing is available to guests <b></b><br/>21-Gloves are available to guests <b></b><br/>22-Property follows sanitization practices of Bureau Veritas (3rd party expert - Global) <b></b><br/>23-Green Key <b></b><br/>24-No rollaway/extra beds available <b></b><br/>25-Commonly-touched surfaces are cleaned with disinfectant <b></b><br/><b>Important Note :</b> Agent agree that this rate is being sold with approved transport component.', consultant_id = 'b2btravel', sales_manager_id = '0', admin_booked = '1', email_id = 'sanket.desai@qtechsoftware.com', leader_phone = '9975673747', agent_currency_multiplier = '1.00000', ip_addr = '43.239.53.130', comment_contract = ' Bed Type Selection is not guaranteed.<br/> Member’s exclusive price <br/><br/><br/><b style=\'color:#2748a3;\'>Property fee due at property 9.99 AED (2.72 USD)</b><br/><span style=\'color: red;\'><strong>Note:</strong> *This conversion is an approximate price based on the current exchange rate and may change before your stay.</span><br/><br/><br/><b>Checkin Start Time :</b> 2:00 PM, <br/><b>Checkin End Time :</b> 1:30 PM, <br/><b>Min Checkin Age :</b> 21, <br/><b>Checkout Time :</b> 12:00 PM,<br/><b>Instructions :</b>   Extra-person charges may apply and vary depending on property policyGovernment-issued photo identification and a credit card, debit card, or cash deposit may be required at check-in for incidental chargesSpecial requests are subject to availability upon check-in and may incur additional charges; special requests cannot be guaranteedThis property accepts credit cards, debit cards, and cashCashless transactions are availableSafety features at this property include a carbon monoxide detector, a fire extinguisher, a smoke detector, a security system, and a first aid kit  ,<br/><b>Special Instructions :</b> This property offers transfers from the airport (surcharges may apply). Guests must contact the property with arrival details before travel, using the contact information on the booking confirmation. Front desk staff will greet guests on arrival.,<br/>The minimum age for a customer to be able to check-in at a property 21.                            <br/><b>Mandatory Fees:</b> You\'ll be asked to pay the following charges at the property: A tax is imposed by the city: AED 10.00 per accommodation, per night We have included all charges provided to us by the property. ,<br/><b>Optional Fees:</b>  Fee for buffet breakfast: approximately AED 55 per personAirport shuttle fee: AED 110 per vehicle (one way) The above list may not be comprehensive. Fees and deposits may not include tax and are subject to change. ,<br/><b>Know Before You Go :</b></br>   One child 15 years old or younger stays free when occupying the parent or guardian\'s room, using existing bedding. Only registered guests are allowed in the guestrooms.  The property has connecting/adjoining rooms, which are subject to availability and can be requested by contacting the property using the number on the booking confirmation. The photos in this description reflect the brand standard and are provided for illustrative purposes only. Cashless payment methods are available for all transactions.Contactless check-in and contactless check-out are available. ,</br></br><b>Sanitization General Information :</b></br>1-Professional property host/manager <b></b><br/>2-Gap period enforced between guest stays - 24 hours <b>24 hours</b><br/>3-Contactless check-out is available <b></b><br/>4-Property confirms they are implementing guest safety measures <b></b><br/>5-Temperature checks are available to guests <b></b><br/>6-Individually-wrapped food options are available <b></b><br/>7-Social distancing measures are in place <b></b><br/>8-Property confirms they are implementing enhanced cleaning measures <b></b><br/>9-Guests are provided with free hand sanitizer <b></b><br/>10-Property is cleaned with disinfectant <b></b><br/>11-Individually-wrapped food options are available for dinner <b></b><br/>12-Cashless transactions are available <b></b><br/>13-Individually-wrapped food options are available through room service <b></b><br/>14-Food service has been amended for enhanced safety <b></b><br/>15-Bed sheets and towels are washed at a temperature of at least 60°C/140°F <b></b><br/>16-Individually-wrapped food options are available for breakfast <b></b><br/>17-Masks are available to guests <b></b><br/>18-Individually-wrapped food options are available for lunch <b></b><br/>19-Contactless check-in is available <b></b><br/>20-Protective clothing is available to guests <b></b><br/>21-Gloves are available to guests <b></b><br/>22-Property follows sanitization practices of Bureau Veritas (3rd party expert - Global) <b></b><br/>23-Green Key <b></b><br/>24-No rollaway/extra beds available <b></b><br/>25-Commonly-touched surfaces are cleaned with disinfectant <b></b><br/><b>Important Note :</b> Agent agree that this rate is being sold with approved transport component.', backoffice_user = 'v3alpha', customer_id = '', applied_multiplier='1',  applied_markup='10.01',  agent_markup='10.01',  basecurrency_multiplier='1.00000',  basecurrency_multiplier_native='1.00000',  parent_agent_id='7857',  sub_agent_rate='0',  agent_rate='39.44',  applicable_service_tax='0',  supplier_rate='35.85',  uid='660ebe6b2dc7eb8ebaec86b8d5abec6c'  where id='613';
[06/03/2024 01:04:51], [file name :-/efsdata/otrams/public_html/beta/confirm_booking.php],update bookings_details set touricoRoomResId ='', gta_item_confirm_ref='' , special_request='' where booking_id ='613';
[06/03/2024 01:04:51], [file name :-/efsdata/otrams/public_html/beta/confirm_booking.php],insert into booking_lat_long(booking_id,latitude,longitude) values ('613','25.253920962037','55.33253053373');
[06/03/2024 01:04:51], [file name :-/efsdata/otrams/public_html/beta/confirm_booking.php],insert into `user_logs` set `username`= 'Deepak_T',`create_date`= '2024-06-03 13:04:51',`log_type`= 'Loyalty Tier Accumulated Points',`sql_query`= 'select id,current_status,display_currency_code,agent_rate,sub_agent_rate,display_room_rate,wh_agent_rate,wh_sub_agent_rate  from bookings where id=\&#039;613\&#039;',`log_description`= 'Loyalty Accumulated Points :0 Added For Booking ID -613 And Booking Status - confirmed',`ip`= '43.239.53.130';
[06/03/2024 01:04:51], [file name :-/efsdata/otrams/public_html/beta/confirm_booking.php],insert into user_log_link Set `user_logs_id`='1', `entity`='BookingId', `value`='613' ;
[06/03/2024 01:04:51], [file name :-/efsdata/otrams/public_html/beta/confirm_booking.php],update bookings set invoice_number= 'INV03062400018', voucher_id='sasa',status_date='2024-06-03 13:04:51',current_status='vouchered',voucher_hashcode='70ecec4e0cf589c76e134ed0241e58a757779613',vouchered_by ='' where id='613';
[06/03/2024 01:04:51], [file name :-/efsdata/otrams/public_html/beta/confirm_booking.php],update bookings set is_invoiced='yes',invoice_number= 'INV03062400018' where id='613' and is_invoiced!='yes';
[06/03/2024 01:04:51], [file name :-/efsdata/otrams/public_html/beta/confirm_booking.php],UPDATE agents SET credit_usage=credit_usage+('39.44'),   credit_value= credit_value-('39.44') ,  cd_credit_usage=cd_credit_usage+('39.44') , cd_credit_value=cd_credit_value-('39.44')  WHERE id = '7857';
[06/03/2024 01:04:51], [file name :-/efsdata/otrams/public_html/beta/confirm_booking.php],insert into  agent_credit_log SET agent_id= '7857',credit_value= '2142.530',credit_usage= '-142.530',credit_limit= '2000.000',receipt_id= '',amount= '39.44',booking_id='613',booking_cost= '39.44',receipt_allocation= '',balance= '39.44',ip='43.239.53.130',user_type='User',admin_id='Agent - Deepak  trivedi(CD7857)',temp_credit_limit='',log_type='Add Invoice',note='Add Invoice',create_date='2024-06-03 13:06:51';
[06/03/2024 01:04:51], [file name :-/efsdata/otrams/public_html/beta/confirm_booking.php], insert into booking_rate_info set  booking_id = '613', booking_log = 'Booking Vouchered', create_date = '2024-06-03 13:04:51', supplier_currency ='USD', type = 'Sale', agent_price = '39.44', sub_agent_price ='', supplier_price = '35.850', supplier_id = 'expediapackage', supplier_type = 'online';
[06/03/2024 01:04:53], [file name :-/efsdata/otrams/public_html/beta/confirm_booking.php],INSERT INTO booking_status (visa_id,visa_status,booking_id,status,create_date,memo,agent_id,ip_address,admin,modify_by,crons) VALUES
		('','','613','vouchered-invoiced','2024-06-03 13:04:53','Booking invoiced by Back Office v3alpha on behalf of Agent - Deepak  trivedi(CD7857)','7857','43.239.53.130','','','');
[06/03/2024 01:04:53], [file name :-/efsdata/otrams/public_html/beta/confirm_booking.php],INSERT INTO agent_commission SET booking_id ='613',booking_detail_id ='613',agent_id ='7857',is_sub_agent ='N',parent_id ='',display_commission ='3.588585',display_currency ='USD',paid ='N',type ='hotel',description ='Agent Mark Up Percentage is 10.01 %',create_date ='2024-06-03 13:04:53';
[06/03/2024 01:04:53], [file name :-/efsdata/otrams/public_html/beta/confirm_booking.php],INSERT INTO booking_status (visa_id,visa_status,booking_id,status,create_date,memo,agent_id,ip_address,admin,modify_by,crons) VALUES
		('','','613','vouchered','2024-06-03 13:04:53','Voucherd by Back Office v3alpha on behalf of Agent - Deepak  trivedi(CD7857)','7857','43.239.53.130','','','');
[06/03/2024 01:04:55], [file name :-/efsdata/otrams/public_html/beta/confirm_booking.php],insert into temp(booking_id,mail_send_to)values('613','sujay.raut@qtechsoftware.com');
[06/03/2024 01:04:55], [file name :-/efsdata/otrams/public_html/beta/confirm_booking.php],insert into temp(booking_id,mail_send_to)values('613','rohan.vartak@qtechsoftware.com');
[06/03/2024 01:04:55], [file name :-/efsdata/otrams/public_html/beta/confirm_booking.php],insert into temp(booking_id,mail_send_to)values('613','deepak.trivedi@qtechsoftware.com');
[06/03/2024 01:04:56], [file name :-/efsdata/otrams/public_html/beta/confirm_booking.php],insert into temp(booking_id,mail_send_to)values('613','abcd123@qtechsoftware.com');
[06/03/2024 01:04:56], [file name :-/efsdata/otrams/public_html/beta/confirm_booking.php],INSERT INTO booking_status (reservation_id,booking_id,status,create_date,memo,agent_id,ip_address,admin,modify_by) VALUES ('4591','613','confirmed','2024-06-03 13:04:51','Booking confirmed. Booked by Back Office v3alpha on behalf of Agent - Deepak  trivedi(CD7857)','7857','43.239.53.130','0','7857');
[06/03/2024 01:04:56], [file name :-/efsdata/otrams/public_html/beta/confirm_booking.php],INSERT INTO booking_cancellation_policy(booking_id,from_date,supplier_from_date,to_date,supplier_to_date,supplier_charge,agent_charge,lead_time,create_date,applied_agent_charges)  VALUES('613','2024-06-03 16:03:15','2024-06-03 16:03:15','2024-06-27 00:00:00','2024-06-27 00:00:00','35.85','39.44','0','2024-06-03 13:04:56','39.44');
[06/03/2024 01:04:56], [file name :-/efsdata/otrams/public_html/beta/confirm_booking.php],update posted_bookings set booking_id='613',status='1' where reservation_id='4591' and booking_id ='0';
[06/03/2024 01:04:56], [file name :-/efsdata/otrams/public_html/beta/confirm_booking.php],update xmllogs set reservation_id='613' where agent_logs_id='2038' and source_type='expediapackage';
[06/03/2024 01:04:56], [file name :-/efsdata/otrams/public_html/beta/confirm_booking.php],INSERT INTO booking_commission set agent_commission='',  supplier_commission='1.91',  commission_tax='',  booking_id ='613',  supplier_tax='6.21',  supplier_base_fare='27.64',  supplier_commissionable_fare='1.91'able_fare,  commission_percent='100',  create_date ='2024-06-03 13:04:56';
[06/03/2024 01:04:57], [file name :-/efsdata/otrams/public_html/beta/hotel_search_list.php],INSERT INTO agent_logs SET  agent_id = '7857' , sub_agent_id = '' , sub_user_id = '0' , wh_agent_id = '' , branch_id = '23' , ip = '43.239.53.130' , city = 'dubai' , service_name = '' , country_of_residence = '106' , service_type = 'hotel' , arrival_date = '2024/06/26' , departure_date = '2024/06/27' , nights = '1' , nationality = '106' , room_types = '2' , room_type='[{"numberOfAdults":2}]' , available='0' , create_date = '2024-06-03 13:04:57' , site_id = '' , country_code = '138' , city_code = '71649' , ratings = '3.0,4.0,5.0,SC' , selected_currency = 'USD' , currency_code = 'USD' , web_service = '0' ;
[06/03/2024 01:05:26], [file name :-/efsdata/otrams/public_html/beta/hotel_search_list.php],INSERT INTO agent_logs SET  agent_id = '7857' , sub_agent_id = '' , sub_user_id = '0' , wh_agent_id = '' , branch_id = '23' , ip = '43.239.53.130' , city = 'dubai' , service_name = '' , country_of_residence = '106' , service_type = 'hotel' , arrival_date = '2024/06/26' , departure_date = '2024/06/27' , nights = '1' , nationality = '106' , room_types = '2' , room_type='[{"numberOfAdults":2}]' , available='0' , create_date = '2024-06-03 13:05:26' , site_id = '' , country_code = '138' , city_code = '71649' , ratings = '3.0,4.0,5.0,SC' , selected_currency = 'USD' , currency_code = 'USD' , web_service = '0' ;
[06/03/2024 01:05:30], [file name :-/efsdata/otrams/public_html/beta/xml_all.php],UPDATE agent_logs SET
        hotel_count = '377',
        request_path = '/xml_all.php?userid=7857&sessionid=e00a49836f073f9ebbe40e2d43c010be3237edf8d96009e8e7dfab34701f5a7f',
        duration = '3.535',
        merge_duration = '0.760',
        assigned_supplier_count = '2',
        searched_supplier_count = '1',
        system_load_1_min = '6.76',
        system_load_5_min = '16.27',
        system_load_15_min = '15.62',
        system_memory_usage = '92.94',
        memory_usage = (SELECT COALESCE(SUM(memory_used),0) FROM xmllogs WHERE agent_logs_id = '2040') + '22156408',
        parallel_search_count = '',
        mongo_archive_collection = '',
        error_description = '',
        is_cached = 'no'
        WHERE id = '2040';
[06/03/2024 01:05:38], [file name :-/efsdata/otrams/public_html/beta/book_now.php],INSERT INTO autogenerator_reservation (reservation_id, remote_id) VALUES ('1717419938','43.239.53.130');
[06/03/2024 01:05:38], [file name :-/efsdata/otrams/public_html/beta/book_now.php],INSERT INTO xmllogs(reservation_id, type, request_path, response_path, header_path, source_type, create_date, header, session_id, agent_logs_id,file_path) VALUE ('', 'VALUATION', 'e1p/03_06_2024/request_valuation_Deepak_T_2040_1717419938_77.json', 'e1p/03_06_2024/response_valuation_Deepak_T_2040_1717419938_77.json', 'e1p/03_06_2024/response_header_valuation_Deepak_T_2040_1717419938_77.json', 'expediapackage', '2024-06-03 01:05:38', '', 'e00a49836f073f9ebbe40e2d43c010be3237edf8d96009e8e7dfab34701f5a7f', '2040', 'https://beta.astrabookings.com/project_folder/astra_protected/supplier_logs/e1p/03_06_2024/response_valuation_Deepak_T_2040_1717419938_77.json');
[06/03/2024 01:05:39], [file name :-/efsdata/otrams/public_html/beta/book_now.php],INSERT INTO hotel_logs (hotelname, city_name, country_code, agent_id, wh_agent_id, branch_id, site_id, type, create_date,web_service)
			VALUES ('Ibis Dubai Deira City Centre', 'dubai', '138', '7857', '', '23', '', 'hotelratechange', '2024-06-03 :13:05:39','');
[06/03/2024 01:05:41], [file name :-/efsdata/otrams/public_html/beta/hotel_search_list.php],INSERT INTO agent_logs SET  agent_id = '7857' , sub_agent_id = '' , sub_user_id = '0' , wh_agent_id = '' , branch_id = '23' , ip = '43.239.53.130' , city = 'dubai' , service_name = '' , country_of_residence = '106' , service_type = 'hotel' , arrival_date = '2024/06/26' , departure_date = '2024/06/27' , nights = '1' , nationality = '106' , room_types = '2' , room_type='[{"numberOfAdults":2}]' , available='0' , create_date = '2024-06-03 13:05:41' , site_id = '' , country_code = '138' , city_code = '71649' , ratings = '3.0,4.0,5.0,SC' , selected_currency = 'USD' , currency_code = 'USD' , web_service = '0' ;
[06/03/2024 01:05:45], [file name :-/efsdata/otrams/public_html/beta/xml_all.php],UPDATE agent_logs SET
        hotel_count = '377',
        request_path = '/xml_all.php?userid=7857&sessionid=e00a49836f073f9ebbe40e2d43c010be3237edf8d96009e8e7dfab34701f5a7f',
        duration = '3.589',
        merge_duration = '0.738',
        assigned_supplier_count = '2',
        searched_supplier_count = '1',
        system_load_1_min = '5.26',
        system_load_5_min = '15.47',
        system_load_15_min = '15.36',
        system_memory_usage = '92.98',
        memory_usage = (SELECT COALESCE(SUM(memory_used),0) FROM xmllogs WHERE agent_logs_id = '2041') + '23249056',
        parallel_search_count = '',
        mongo_archive_collection = '',
        error_description = '',
        is_cached = 'no'
        WHERE id = '2041';
[06/03/2024 01:05:54], [file name :-/efsdata/otrams/public_html/beta/book_now.php],INSERT INTO autogenerator_reservation (reservation_id, remote_id) VALUES ('1717419954','43.239.53.130');
[06/03/2024 01:05:55], [file name :-/efsdata/otrams/public_html/beta/book_now.php],INSERT INTO xmllogs(reservation_id, type, request_path, response_path, header_path, source_type, create_date, header, session_id, agent_logs_id,file_path) VALUE ('', 'VALUATION', 'e1p/03_06_2024/request_valuation_Deepak_T_2041_1717419954_11.json', 'e1p/03_06_2024/response_valuation_Deepak_T_2041_1717419954_11.json', 'e1p/03_06_2024/response_header_valuation_Deepak_T_2041_1717419954_11.json', 'expediapackage', '2024-06-03 01:05:55', '', 'e00a49836f073f9ebbe40e2d43c010be3237edf8d96009e8e7dfab34701f5a7f', '2041', 'https://beta.astrabookings.com/project_folder/astra_protected/supplier_logs/e1p/03_06_2024/response_valuation_Deepak_T_2041_1717419954_11.json');
[06/03/2024 01:05:55], [file name :-/efsdata/otrams/public_html/beta/book_now.php],INSERT INTO hotel_logs (hotelname, city_name, country_code, agent_id, wh_agent_id, branch_id, site_id, type, create_date,web_service)
			VALUES ('Ibis Dubai Deira City Centre', 'dubai', '138', '7857', '', '23', '', 'hotelratechange', '2024-06-03 :13:05:55','');
[06/03/2024 01:05:55], [file name :-/efsdata/otrams/public_html/beta/book_now.php],INSERT INTO hotel_logs (hotelname, city_name, country_code, agent_id, wh_agent_id, branch_id, site_id, type, create_date,web_service)
			VALUES ('Ibis Dubai Deira City Centre', 'dubai', '138', '7857', '', '23', '', 'hotelcancellationpolicy', '2024-06-03 :13:05:55','');
[06/03/2024 01:06:05], [file name :-/efsdata/otrams/public_html/beta/book_now.php],INSERT INTO autogenerator_reservation (reservation_id, remote_id) VALUES ('1717419965','43.239.53.130');
[06/03/2024 01:06:06], [file name :-/efsdata/otrams/public_html/beta/book_now.php],INSERT INTO xmllogs(reservation_id, type, request_path, response_path, header_path, source_type, create_date, header, session_id, agent_logs_id,file_path) VALUE ('', 'VALUATION', 'e1p/03_06_2024/request_valuation_Deepak_T_2041_1717419965_47.json', 'e1p/03_06_2024/response_valuation_Deepak_T_2041_1717419965_47.json', 'e1p/03_06_2024/response_header_valuation_Deepak_T_2041_1717419965_47.json', 'expediapackage', '2024-06-03 01:06:06', '', 'e00a49836f073f9ebbe40e2d43c010be3237edf8d96009e8e7dfab34701f5a7f', '2041', 'https://beta.astrabookings.com/project_folder/astra_protected/supplier_logs/e1p/03_06_2024/response_valuation_Deepak_T_2041_1717419965_47.json');
[06/03/2024 01:06:06], [file name :-/efsdata/otrams/public_html/beta/book_now.php],INSERT INTO hotel_logs (hotelname, city_name, country_code, agent_id, wh_agent_id, branch_id, site_id, type, create_date,web_service)
			VALUES ('Ibis Dubai Deira City Centre', 'dubai', '138', '7857', '', '23', '', 'hotelratechange', '2024-06-03 :13:06:06','');
[06/03/2024 01:07:45], [file name :-/efsdata/otrams/public_html/beta/hotel_search_list.php],INSERT INTO agent_logs SET  agent_id = '7857' , sub_agent_id = '' , sub_user_id = '0' , wh_agent_id = '' , branch_id = '23' , ip = '43.239.53.130' , city = 'dubai' , service_name = '' , country_of_residence = '106' , service_type = 'hotel' , arrival_date = '2024/06/26' , departure_date = '2024/06/27' , nights = '1' , nationality = '106' , room_types = '2' , room_type='[{"numberOfAdults":2}]' , available='0' , create_date = '2024-06-03 13:07:45' , site_id = '' , country_code = '138' , city_code = '71649' , ratings = '3.0,4.0,5.0,SC' , selected_currency = 'USD' , currency_code = 'USD' , web_service = '0' ;
[06/03/2024 01:07:53], [file name :-/efsdata/otrams/public_html/beta/xml_all.php],UPDATE agent_logs SET
        hotel_count = '377',
        request_path = '/xml_all.php?userid=7857&sessionid=e00a49836f073f9ebbe40e2d43c010be3237edf8d96009e8e7dfab34701f5a7f',
        duration = '6.378',
        merge_duration = '2.691',
        assigned_supplier_count = '2',
        searched_supplier_count = '1',
        system_load_1_min = '4.73',
        system_load_5_min = '11.09',
        system_load_15_min = '13.73',
        system_memory_usage = '93.73',
        memory_usage = (SELECT COALESCE(SUM(memory_used),0) FROM xmllogs WHERE agent_logs_id = '2042') + '28524320',
        parallel_search_count = '',
        mongo_archive_collection = '',
        error_description = '',
        is_cached = 'no'
        WHERE id = '2042';
[06/03/2024 01:08:02], [file name :-/efsdata/otrams/public_html/beta/book_now.php],INSERT INTO autogenerator_reservation (reservation_id, remote_id) VALUES ('1717420082','43.239.53.130');
[06/03/2024 01:08:03], [file name :-/efsdata/otrams/public_html/beta/book_now.php],INSERT INTO xmllogs(reservation_id, type, request_path, response_path, header_path, source_type, create_date, header, session_id, agent_logs_id,file_path) VALUE ('', 'VALUATION', 'e1p/03_06_2024/request_valuation_Deepak_T_2042_1717420083_75.json', 'e1p/03_06_2024/response_valuation_Deepak_T_2042_1717420083_75.json', 'e1p/03_06_2024/response_header_valuation_Deepak_T_2042_1717420083_75.json', 'expediapackage', '2024-06-03 01:08:03', '', 'e00a49836f073f9ebbe40e2d43c010be3237edf8d96009e8e7dfab34701f5a7f', '2042', 'https://beta.astrabookings.com/project_folder/astra_protected/supplier_logs/e1p/03_06_2024/response_valuation_Deepak_T_2042_1717420083_75.json');
[06/03/2024 01:08:31], [file name :-/efsdata/otrams/public_html/beta/book_now.php],INSERT INTO autogenerator_reservation (reservation_id, remote_id) VALUES ('1717420111','43.239.53.130');
[06/03/2024 01:08:34], [file name :-/efsdata/otrams/public_html/beta/confirm_booking.php], insert into email_trigger set  subject ='Duplicate booking stop',  message='Dear,<br><br>Below agent CD7857(Qtech) is stoped from doing this booking.<br>The booking has been already posted at 2024-06-03 13:03:50<br><b>Earlier Booking Code :</b> HTL00613<br><b>Earlier Booking status :</b> vouchered<br><b>Current booking criteria: </b><br><b>Agent id : </b>7857<br><b>Leader name : </b>Sanket Desai<br><b>Created Date : </b>2024-06-03 13:03:50<br><b>Check In Date : </b>2024/06/26<br><b>Check Out Date : </b>2024/06/27<br><b>Hotel name : </b>IBIS DUBAI DEIRA CITY CENTRE<br><b>Native room rate: </b>33.85USD<br><br><hr>',  email_sent ='yes', create_date ='2024-06-03 13:08:34', email_sent_to ='rohan.vartak@qtechsoftware.com,rohan.vartak@qtechsoftware.com', email_type ='DUPLICATE_BOOKING_EMAIL';
[06/03/2024 01:08:59], [file name :-/efsdata/otrams/public_html/beta/hotel_search_list.php],INSERT INTO agent_logs SET  agent_id = '7857' , sub_agent_id = '' , sub_user_id = '0' , wh_agent_id = '' , branch_id = '23' , ip = '43.239.53.130' , city = 'dubai' , service_name = '' , country_of_residence = '106' , service_type = 'hotel' , arrival_date = '2024/06/26' , departure_date = '2024/06/27' , nights = '1' , nationality = '106' , room_types = '2' , room_type='[{"numberOfAdults":2}]' , available='0' , create_date = '2024-06-03 13:08:59' , site_id = '' , country_code = '138' , city_code = '71649' , ratings = '3.0,4.0,5.0,SC' , selected_currency = 'USD' , currency_code = 'USD' , web_service = '0' ;
[06/03/2024 01:09:04], [file name :-/efsdata/otrams/public_html/beta/xml_all.php],UPDATE agent_logs SET
        hotel_count = '377',
        request_path = '/xml_all.php?userid=7857&sessionid=e00a49836f073f9ebbe40e2d43c010be3237edf8d96009e8e7dfab34701f5a7f',
        duration = '3.793',
        merge_duration = '0.870',
        assigned_supplier_count = '2',
        searched_supplier_count = '1',
        system_load_1_min = '8.71',
        system_load_5_min = '11.04',
        system_load_15_min = '13.53',
        system_memory_usage = '92.68',
        memory_usage = (SELECT COALESCE(SUM(memory_used),0) FROM xmllogs WHERE agent_logs_id = '2043') + '24171272',
        parallel_search_count = '',
        mongo_archive_collection = '',
        error_description = '',
        is_cached = 'no'
        WHERE id = '2043';
[06/03/2024 01:10:05], [file name :-/efsdata/otrams/public_html/beta/hotel_search_list.php],INSERT INTO agent_logs SET  agent_id = '7857' , sub_agent_id = '' , sub_user_id = '0' , wh_agent_id = '' , branch_id = '23' , ip = '43.239.53.130' , city = 'dubai' , service_name = '' , country_of_residence = '106' , service_type = 'hotel' , arrival_date = '2024/06/26' , departure_date = '2024/06/27' , nights = '1' , nationality = '106' , room_types = '2' , room_type='[{"numberOfAdults":2}]' , available='0' , create_date = '2024-06-03 13:10:05' , site_id = '' , country_code = '138' , city_code = '71649' , ratings = '3.0,4.0,5.0,SC' , selected_currency = 'USD' , currency_code = 'USD' , web_service = '0' ;
[06/03/2024 01:10:09], [file name :-/efsdata/otrams/public_html/beta/xml_all.php],UPDATE agent_logs SET
        hotel_count = '377',
        request_path = '/xml_all.php?userid=7857&sessionid=e00a49836f073f9ebbe40e2d43c010be3237edf8d96009e8e7dfab34701f5a7f',
        duration = '3.521',
        merge_duration = '0.751',
        assigned_supplier_count = '2',
        searched_supplier_count = '1',
        system_load_1_min = '3.26',
        system_load_5_min = '8.99',
        system_load_15_min = '12.65',
        system_memory_usage = '92.69',
        memory_usage = (SELECT COALESCE(SUM(memory_used),0) FROM xmllogs WHERE agent_logs_id = '2044') + '20032664',
        parallel_search_count = '',
        mongo_archive_collection = '',
        error_description = '',
        is_cached = 'no'
        WHERE id = '2044';
[06/03/2024 01:11:01], [file name :-/efsdata/otrams/public_html/beta/book_now.php],INSERT INTO autogenerator_reservation (reservation_id, remote_id) VALUES ('1717420261','43.239.53.130');
[06/03/2024 01:11:01], [file name :-/efsdata/otrams/public_html/beta/book_now.php],INSERT INTO xmllogs(reservation_id, type, request_path, response_path, header_path, source_type, create_date, header, session_id, agent_logs_id,file_path) VALUE ('', 'VALUATION', 'e1p/03_06_2024/request_valuation_Deepak_T_2044_1717420261_11.json', 'e1p/03_06_2024/response_valuation_Deepak_T_2044_1717420261_11.json', 'e1p/03_06_2024/response_header_valuation_Deepak_T_2044_1717420261_11.json', 'expediapackage', '2024-06-03 01:11:01', '', 'e00a49836f073f9ebbe40e2d43c010be3237edf8d96009e8e7dfab34701f5a7f', '2044', 'https://beta.astrabookings.com/project_folder/astra_protected/supplier_logs/e1p/03_06_2024/response_valuation_Deepak_T_2044_1717420261_11.json');
[06/03/2024 01:11:01], [file name :-/efsdata/otrams/public_html/beta/book_now.php],INSERT INTO hotel_logs (hotelname, city_name, country_code, agent_id, wh_agent_id, branch_id, site_id, type, create_date,web_service)
			VALUES ('Ibis Dubai Deira City Centre', 'dubai', '138', '7857', '', '23', '', 'hotelcancellationpolicy', '2024-06-03 :13:11:01','');
[06/03/2024 01:11:04], [file name :-/efsdata/otrams/public_html/beta/book_now.php],INSERT INTO autogenerator_reservation (reservation_id, remote_id) VALUES ('1717420264','43.239.53.130');
[06/03/2024 01:11:05], [file name :-/efsdata/otrams/public_html/beta/book_now.php],INSERT INTO xmllogs(reservation_id, type, request_path, response_path, header_path, source_type, create_date, header, session_id, agent_logs_id,file_path) VALUE ('', 'VALUATION', 'e1p/03_06_2024/request_valuation_Deepak_T_2044_1717420264_41.json', 'e1p/03_06_2024/response_valuation_Deepak_T_2044_1717420264_41.json', 'e1p/03_06_2024/response_header_valuation_Deepak_T_2044_1717420264_41.json', 'expediapackage', '2024-06-03 01:11:05', '', 'e00a49836f073f9ebbe40e2d43c010be3237edf8d96009e8e7dfab34701f5a7f', '2044', 'https://beta.astrabookings.com/project_folder/astra_protected/supplier_logs/e1p/03_06_2024/response_valuation_Deepak_T_2044_1717420264_41.json');
[06/03/2024 01:11:32], [file name :-/efsdata/otrams/public_html/beta/hotel_search_list.php],INSERT INTO agent_logs SET  agent_id = '7857' , sub_agent_id = '' , sub_user_id = '0' , wh_agent_id = '' , branch_id = '23' , ip = '43.239.53.130' , city = 'dubai' , service_name = '' , country_of_residence = '106' , service_type = 'hotel' , arrival_date = '2024/06/26' , departure_date = '2024/06/27' , nights = '1' , nationality = '106' , room_types = '2' , room_type='[{"numberOfAdults":2}]' , available='0' , create_date = '2024-06-03 13:11:32' , site_id = '' , country_code = '138' , city_code = '71649' , ratings = '3.0,4.0,5.0,SC' , selected_currency = 'USD' , currency_code = 'USD' , web_service = '0' ;
[06/03/2024 01:11:36], [file name :-/efsdata/otrams/public_html/beta/xml_all.php],UPDATE agent_logs SET
        hotel_count = '377',
        request_path = '/xml_all.php?userid=7857&sessionid=e00a49836f073f9ebbe40e2d43c010be3237edf8d96009e8e7dfab34701f5a7f',
        duration = '3.606',
        merge_duration = '0.758',
        assigned_supplier_count = '2',
        searched_supplier_count = '1',
        system_load_1_min = '1.62',
        system_load_5_min = '6.93',
        system_load_15_min = '11.58',
        system_memory_usage = '92.97',
        memory_usage = (SELECT COALESCE(SUM(memory_used),0) FROM xmllogs WHERE agent_logs_id = '2045') + '24456000',
        parallel_search_count = '',
        mongo_archive_collection = '',
        error_description = '',
        is_cached = 'no'
        WHERE id = '2045';
[06/03/2024 01:12:36], [file name :-/efsdata/otrams/public_html/beta/book_now.php],INSERT INTO autogenerator_reservation (reservation_id, remote_id) VALUES ('1717420356','43.239.53.130');
[06/03/2024 01:12:36], [file name :-/efsdata/otrams/public_html/beta/book_now.php],INSERT INTO xmllogs(reservation_id, type, request_path, response_path, header_path, source_type, create_date, header, session_id, agent_logs_id,file_path) VALUE ('', 'VALUATION', 'e1p/03_06_2024/request_valuation_Deepak_T_2045_1717420356_90.json', 'e1p/03_06_2024/response_valuation_Deepak_T_2045_1717420356_90.json', 'e1p/03_06_2024/response_header_valuation_Deepak_T_2045_1717420356_90.json', 'expediapackage', '2024-06-03 01:12:36', '', 'e00a49836f073f9ebbe40e2d43c010be3237edf8d96009e8e7dfab34701f5a7f', '2045', 'https://beta.astrabookings.com/project_folder/astra_protected/supplier_logs/e1p/03_06_2024/response_valuation_Deepak_T_2045_1717420356_90.json');
[06/03/2024 01:12:36], [file name :-/efsdata/otrams/public_html/beta/book_now.php],INSERT INTO hotel_logs (hotelname, city_name, country_code, agent_id, wh_agent_id, branch_id, site_id, type, create_date,web_service)
			VALUES ('Ibis Dubai Deira City Centre', 'dubai', '138', '7857', '', '23', '', 'hotelratechange', '2024-06-03 :13:12:36','');
[06/03/2024 01:13:11], [file name :-/efsdata/otrams/public_html/beta/book_now.php],INSERT INTO autogenerator_reservation (reservation_id, remote_id) VALUES ('1717420391','43.239.53.130');
[06/03/2024 01:13:13], [file name :-/efsdata/otrams/public_html/beta/confirm_booking.php], insert into bookings set  source_type = 'expediapackage', reservation_id = '4600', create_date = '2024-06-03 13:13:13', agent_id = '7857', parent_agent_id = '7857', agent_ref_no = '', nationality = 'Indian', city_id = 'dubai', country_id = '138', current_status = 'inprocess-booking', booking_branch_id = '23', is_xml = '0', display_room_rate = '39.44', display_currency_code = 'USD', native_room_rate = '35.85', native_currency_code = 'USD', supplier_profile_id = '43', service_type = 'hotel', service_date = '2024/06/26', check_out_date = '2024/06/27', sub_user_id = '', booking_status = '1', leader_title = 'Mr', leader_first_name = 'Paresh', leader_last_name = 'Naik', status_date = '2024-06-03 13:13:13';
[06/03/2024 01:13:13], [file name :-/efsdata/otrams/public_html/beta/confirm_booking.php],INSERT INTO external_mapping_data_tracking (booking_id,search_hotel_name,booked_hotel_name_supplier,hotel_id,master_id,city_id,supplier,date) VALUES ('614','IBIS DUBAI DEIRA CITY CENTRE','NA','2221509','OT000103618','dubai','expediapackage',NOW());
[06/03/2024 01:13:13], [file name :-/efsdata/otrams/public_html/beta/confirm_booking.php],UPDATE
		bookings
		SET
		booking_branch_id= '23'
		WHERE
		id='614'
		;
[06/03/2024 01:13:13], [file name :-/efsdata/otrams/public_html/beta/confirm_booking.php],insert into bookings_details(booking_id,reservation_id,supplier_id,total_rooms,total_adults,total_children,total_infants,rate_description ,rate_code,hotel_id,hotel_name,hotel_address1,hotel_phone,hotel_rating,total_nights,arrival_date,departure_date,room_rate_code,hotel_img)values('614','4600','','1','2','0','-','','','2221509','IBIS DUBAI DEIRA CITY CENTRE','8th Street Opposite Deira City Centre Mall','+97142925000','3.0','1','2024/06/26','2024/06/27','','https://beta.astrabookings.com/cpfv3/images/?image=aHR0cHM6Ly9pLnRyYXZlbGFwaS5jb20vaG90ZWxzLzMwMDAwMDAvMjIzMDAwMC8yMjIxNjAwLzIyMjE1MDkvMDA4ZmI3NTZfYi5qcGc=');
[06/03/2024 01:13:13], [file name :-/efsdata/otrams/public_html/beta/confirm_booking.php], insert into booking_room_detail set  booking_id = '614', booking_detail_id = '1', room_type_code = '', room_name = 'double', room_type_description = 'Standard Double Room, 1 Double Bed , 1 Double Bed , Room Only (Members exclusive price) | Amenities:Free WiFi,Free self parking (Package Deal) <font color=\'red\'>Rate & Availbility May Change</font> ', display_nightly_rates = 'a:1:{i:0;a:3:{s:18:"displayNightlyRate";d:39.439999999999998;s:25:"displayNightlyRateDisplay";s:376:"Supplier Rate - 33.85; ;Agent Commission Part - 0.000000;PerNightNativeCommission - 1.910000;partCommission - 0.000000;Supplier Commission - 1.910000;partCommission Supplier - 0.000000; Currency Multiplier (USD - USD) - 1.000000; Markup Policy : 10%; Markup Amount : 0.000000; Applied Markup Amount : 0.000000; Markup in % : 10.000000; Golang : yes ; Supplier : expediapackage";s:13:"whNightlyRate";d:37.240000000000002;}}', native_nightly_rates = 'a:1:{i:0;a:1:{s:17:"nativeNightlyRate";d:35.850000000000001;}}', native_room_rate_total = '35.85', display_room_rate_total = '39.44', number_of_rooms = '1', room_category = 'Standard Double Room, 1 Double Bed', meal_basis = 'Room Only';
[06/03/2024 01:13:13], [file name :-/efsdata/otrams/public_html/beta/confirm_booking.php], insert into passangers set  booking_id = '614', booking_detail_id = '1', rid = '375', room = '0', salutations = 'Mr', first_name = 'Paresh', last_name = 'Naik', passenger_type = 'adult', age = '';
[06/03/2024 01:13:13], [file name :-/efsdata/otrams/public_html/beta/confirm_booking.php], insert into passangers set  booking_id = '614', booking_detail_id = '1', rid = '375', room = '0', salutations = 'Mr', first_name = 'TBAA', last_name = 'TBAA', passenger_type = 'adult', age = '';
[06/03/2024 01:14:13], [file name :-/efsdata/otrams/public_html/beta/confirm_booking.php],INSERT INTO xmllogs(reservation_id, type, request_path, response_path, header_path, source_type, create_date, header, session_id, agent_logs_id,file_path) VALUE ('', 'RESERVATION', 'e1p/03_06_2024/request_reservation_Deepak_T_2045_1717420453_40.json', 'e1p/03_06_2024/response_reservation_Deepak_T_2045_1717420453_40.json', 'e1p/03_06_2024/response_header_reservation_Deepak_T_2045_1717420453_40.json', 'expediapackage', '2024-06-03 01:14:13', '', 'e00a49836f073f9ebbe40e2d43c010be3237edf8d96009e8e7dfab34701f5a7f', '2045', 'https://beta.astrabookings.com/project_folder/astra_protected/supplier_logs/e1p/03_06_2024/response_reservation_Deepak_T_2045_1717420453_40.json');
[06/03/2024 01:14:13], [file name :-/efsdata/otrams/public_html/beta/confirm_booking.php],update bookings set  special_remark = '', itenirary_id = '7055681390410', confirmation_number = '7055681390410', display_discount = '0', cancellation_policy = ' Cancellation Charges of 39.44 USD applicable if cancelled after 01 Jun 2024 16:12 hrs.<br/>Booking within cancellation – Non Refundable , can’t amend or cancel the booking <br/>No shows and early check-outs are subject to a 100 % cancellation charge of 39.44 USD<br/><b>Amendment Policy</b><br/>
		Please note that most hotels treat changes in pax details, room category and dates as a cancellation of the booking, and charges will apply according to the cancellation policy.
		Late amendment charges may apply if requested after 16:12 on 3rd of June 2024.
		Confirmation of amendments is subject to availability and rates at the time of making the amendment.', supplier_cancellation_policy = ' Cancellation Charges of 35.85 USD applicable if cancelled after 01 Jun 2024 16:12 hrs.<br/>Booking within cancellation – Non Refundable , can’t amend or cancel the booking ', current_status = 'confirmed', expiration_date = '2024-06-01 13:13:00', comment_contract = ' Bed Type Selection is not guaranteed.<br/> Member’s exclusive price <br/><br/><br/><b style=\'color:#2748a3;\'>Property fee due at property 9.99 AED (2.72 USD)</b><br/><span style=\'color: red;\'><strong>Note:</strong> *This conversion is an approximate price based on the current exchange rate and may change before your stay.</span><br/><br/><br/><b>Checkin Start Time :</b> 2:00 PM, <br/><b>Checkin End Time :</b> 1:30 PM, <br/><b>Min Checkin Age :</b> 21, <br/><b>Checkout Time :</b> 12:00 PM,<br/><b>Instructions :</b>   Extra-person charges may apply and vary depending on property policyGovernment-issued photo identification and a credit card, debit card, or cash deposit may be required at check-in for incidental chargesSpecial requests are subject to availability upon check-in and may incur additional charges; special requests cannot be guaranteedThis property accepts credit cards, debit cards, and cashCashless transactions are availableSafety features at this property include a carbon monoxide detector, a fire extinguisher, a smoke detector, a security system, and a first aid kit  ,<br/><b>Special Instructions :</b> This property offers transfers from the airport (surcharges may apply). Guests must contact the property with arrival details before travel, using the contact information on the booking confirmation. Front desk staff will greet guests on arrival.,<br/>The minimum age for a customer to be able to check-in at a property 21.                            <br/><b>Mandatory Fees:</b> You\'ll be asked to pay the following charges at the property: A tax is imposed by the city: AED 10.00 per accommodation, per night We have included all charges provided to us by the property. ,<br/><b>Optional Fees:</b>  Fee for buffet breakfast: approximately AED 55 per personAirport shuttle fee: AED 110 per vehicle (one way) The above list may not be comprehensive. Fees and deposits may not include tax and are subject to change. ,<br/><b>Know Before You Go :</b></br>   One child 15 years old or younger stays free when occupying the parent or guardian\'s room, using existing bedding. Only registered guests are allowed in the guestrooms.  The property has connecting/adjoining rooms, which are subject to availability and can be requested by contacting the property using the number on the booking confirmation. The photos in this description reflect the brand standard and are provided for illustrative purposes only. Cashless payment methods are available for all transactions.Contactless check-in and contactless check-out are available. ,</br></br><b>Sanitization General Information :</b></br>1-Professional property host/manager <b></b><br/>2-Gap period enforced between guest stays - 24 hours <b>24 hours</b><br/>3-Contactless check-out is available <b></b><br/>4-Property confirms they are implementing guest safety measures <b></b><br/>5-Temperature checks are available to guests <b></b><br/>6-Individually-wrapped food options are available <b></b><br/>7-Social distancing measures are in place <b></b><br/>8-Property confirms they are implementing enhanced cleaning measures <b></b><br/>9-Guests are provided with free hand sanitizer <b></b><br/>10-Property is cleaned with disinfectant <b></b><br/>11-Individually-wrapped food options are available for dinner <b></b><br/>12-Cashless transactions are available <b></b><br/>13-Individually-wrapped food options are available through room service <b></b><br/>14-Food service has been amended for enhanced safety <b></b><br/>15-Bed sheets and towels are washed at a temperature of at least 60°C/140°F <b></b><br/>16-Individually-wrapped food options are available for breakfast <b></b><br/>17-Masks are available to guests <b></b><br/>18-Individually-wrapped food options are available for lunch <b></b><br/>19-Contactless check-in is available <b></b><br/>20-Protective clothing is available to guests <b></b><br/>21-Gloves are available to guests <b></b><br/>22-Property follows sanitization practices of Bureau Veritas (3rd party expert - Global) <b></b><br/>23-Green Key <b></b><br/>24-No rollaway/extra beds available <b></b><br/>25-Commonly-touched surfaces are cleaned with disinfectant <b></b><br/><b>Important Note :</b> Agent agree that this rate is being sold with approved transport component.', consultant_id = 'b2btravel', sales_manager_id = '0', admin_booked = '1', email_id = 'sanket.desai@qtechsoftware.com', leader_phone = '9975673747', agent_currency_multiplier = '1.00000', ip_addr = '43.239.53.130', comment_contract = ' Bed Type Selection is not guaranteed.<br/> Member’s exclusive price <br/><br/><br/><b style=\'color:#2748a3;\'>Property fee due at property 9.99 AED (2.72 USD)</b><br/><span style=\'color: red;\'><strong>Note:</strong> *This conversion is an approximate price based on the current exchange rate and may change before your stay.</span><br/><br/><br/><b>Checkin Start Time :</b> 2:00 PM, <br/><b>Checkin End Time :</b> 1:30 PM, <br/><b>Min Checkin Age :</b> 21, <br/><b>Checkout Time :</b> 12:00 PM,<br/><b>Instructions :</b>   Extra-person charges may apply and vary depending on property policyGovernment-issued photo identification and a credit card, debit card, or cash deposit may be required at check-in for incidental chargesSpecial requests are subject to availability upon check-in and may incur additional charges; special requests cannot be guaranteedThis property accepts credit cards, debit cards, and cashCashless transactions are availableSafety features at this property include a carbon monoxide detector, a fire extinguisher, a smoke detector, a security system, and a first aid kit  ,<br/><b>Special Instructions :</b> This property offers transfers from the airport (surcharges may apply). Guests must contact the property with arrival details before travel, using the contact information on the booking confirmation. Front desk staff will greet guests on arrival.,<br/>The minimum age for a customer to be able to check-in at a property 21.                            <br/><b>Mandatory Fees:</b> You\'ll be asked to pay the following charges at the property: A tax is imposed by the city: AED 10.00 per accommodation, per night We have included all charges provided to us by the property. ,<br/><b>Optional Fees:</b>  Fee for buffet breakfast: approximately AED 55 per personAirport shuttle fee: AED 110 per vehicle (one way) The above list may not be comprehensive. Fees and deposits may not include tax and are subject to change. ,<br/><b>Know Before You Go :</b></br>   One child 15 years old or younger stays free when occupying the parent or guardian\'s room, using existing bedding. Only registered guests are allowed in the guestrooms.  The property has connecting/adjoining rooms, which are subject to availability and can be requested by contacting the property using the number on the booking confirmation. The photos in this description reflect the brand standard and are provided for illustrative purposes only. Cashless payment methods are available for all transactions.Contactless check-in and contactless check-out are available. ,</br></br><b>Sanitization General Information :</b></br>1-Professional property host/manager <b></b><br/>2-Gap period enforced between guest stays - 24 hours <b>24 hours</b><br/>3-Contactless check-out is available <b></b><br/>4-Property confirms they are implementing guest safety measures <b></b><br/>5-Temperature checks are available to guests <b></b><br/>6-Individually-wrapped food options are available <b></b><br/>7-Social distancing measures are in place <b></b><br/>8-Property confirms they are implementing enhanced cleaning measures <b></b><br/>9-Guests are provided with free hand sanitizer <b></b><br/>10-Property is cleaned with disinfectant <b></b><br/>11-Individually-wrapped food options are available for dinner <b></b><br/>12-Cashless transactions are available <b></b><br/>13-Individually-wrapped food options are available through room service <b></b><br/>14-Food service has been amended for enhanced safety <b></b><br/>15-Bed sheets and towels are washed at a temperature of at least 60°C/140°F <b></b><br/>16-Individually-wrapped food options are available for breakfast <b></b><br/>17-Masks are available to guests <b></b><br/>18-Individually-wrapped food options are available for lunch <b></b><br/>19-Contactless check-in is available <b></b><br/>20-Protective clothing is available to guests <b></b><br/>21-Gloves are available to guests <b></b><br/>22-Property follows sanitization practices of Bureau Veritas (3rd party expert - Global) <b></b><br/>23-Green Key <b></b><br/>24-No rollaway/extra beds available <b></b><br/>25-Commonly-touched surfaces are cleaned with disinfectant <b></b><br/><b>Important Note :</b> Agent agree that this rate is being sold with approved transport component.', backoffice_user = 'v3alpha', customer_id = '', applied_multiplier='1',  applied_markup='10.01',  agent_markup='10.01',  basecurrency_multiplier='1.00000',  basecurrency_multiplier_native='1.00000',  parent_agent_id='7857',  sub_agent_rate='0',  agent_rate='39.44',  applicable_service_tax='0',  supplier_rate='35.85',  uid='06c451b63dd4bee20197d1ec3697a181'  where id='614';
[06/03/2024 01:14:13], [file name :-/efsdata/otrams/public_html/beta/confirm_booking.php],update bookings_details set touricoRoomResId ='', gta_item_confirm_ref='' , special_request='' where booking_id ='614';
[06/03/2024 01:14:13], [file name :-/efsdata/otrams/public_html/beta/confirm_booking.php],insert into booking_lat_long(booking_id,latitude,longitude) values ('614','25.253920962037','55.33253053373');
[06/03/2024 01:14:13], [file name :-/efsdata/otrams/public_html/beta/confirm_booking.php],insert into `user_logs` set `username`= 'Deepak_T',`create_date`= '2024-06-03 13:14:13',`log_type`= 'Loyalty Tier Accumulated Points',`sql_query`= 'select id,current_status,display_currency_code,agent_rate,sub_agent_rate,display_room_rate,wh_agent_rate,wh_sub_agent_rate  from bookings where id=\&#039;614\&#039;',`log_description`= 'Loyalty Accumulated Points :0 Added For Booking ID -614 And Booking Status - confirmed',`ip`= '43.239.53.130';
[06/03/2024 01:14:13], [file name :-/efsdata/otrams/public_html/beta/confirm_booking.php],insert into user_log_link Set `user_logs_id`='1', `entity`='BookingId', `value`='614' ;
[06/03/2024 01:14:13], [file name :-/efsdata/otrams/public_html/beta/confirm_booking.php],update bookings set invoice_number= 'INV03062400019', voucher_id='sasasa',status_date='2024-06-03 13:14:13',current_status='vouchered',voucher_hashcode='0202bcaf9a6e92557338ff8b2038797856481614',vouchered_by ='' where id='614';
[06/03/2024 01:14:13], [file name :-/efsdata/otrams/public_html/beta/confirm_booking.php],update bookings set is_invoiced='yes',invoice_number= 'INV03062400019' where id='614' and is_invoiced!='yes';
[06/03/2024 01:14:13], [file name :-/efsdata/otrams/public_html/beta/confirm_booking.php],UPDATE agents SET credit_usage=credit_usage+('39.44'),   credit_value= credit_value-('39.44') ,  cd_credit_usage=cd_credit_usage+('39.44') , cd_credit_value=cd_credit_value-('39.44')  WHERE id = '7857';
[06/03/2024 01:14:13], [file name :-/efsdata/otrams/public_html/beta/confirm_booking.php],insert into  agent_credit_log SET agent_id= '7857',credit_value= '2103.090',credit_usage= '-103.090',credit_limit= '2000.000',receipt_id= '',amount= '39.44',booking_id='614',booking_cost= '39.44',receipt_allocation= '',balance= '39.44',ip='43.239.53.130',user_type='User',admin_id='Agent - Deepak  trivedi(CD7857)',temp_credit_limit='',log_type='Add Invoice',note='Add Invoice',create_date='2024-06-03 13:06:13';
[06/03/2024 01:14:13], [file name :-/efsdata/otrams/public_html/beta/confirm_booking.php], insert into booking_rate_info set  booking_id = '614', booking_log = 'Booking Vouchered', create_date = '2024-06-03 13:14:13', supplier_currency ='USD', type = 'Sale', agent_price = '39.44', sub_agent_price ='', supplier_price = '35.850', supplier_id = 'expediapackage', supplier_type = 'online';
[06/03/2024 01:14:19], [file name :-/efsdata/otrams/public_html/beta/confirm_booking.php],INSERT INTO booking_status (visa_id,visa_status,booking_id,status,create_date,memo,agent_id,ip_address,admin,modify_by,crons) VALUES
		('','','614','vouchered-invoiced','2024-06-03 13:14:19','Booking invoiced by Back Office v3alpha on behalf of Agent - Deepak  trivedi(CD7857)','7857','43.239.53.130','','','');
[06/03/2024 01:14:19], [file name :-/efsdata/otrams/public_html/beta/confirm_booking.php],INSERT INTO agent_commission SET booking_id ='614',booking_detail_id ='614',agent_id ='7857',is_sub_agent ='N',parent_id ='',display_commission ='3.588585',display_currency ='USD',paid ='N',type ='hotel',description ='Agent Mark Up Percentage is 10.01 %',create_date ='2024-06-03 13:14:19';
[06/03/2024 01:14:19], [file name :-/efsdata/otrams/public_html/beta/confirm_booking.php],INSERT INTO booking_status (visa_id,visa_status,booking_id,status,create_date,memo,agent_id,ip_address,admin,modify_by,crons) VALUES
		('','','614','vouchered','2024-06-03 13:14:19','Voucherd by Back Office v3alpha on behalf of Agent - Deepak  trivedi(CD7857)','7857','43.239.53.130','','','');
[06/03/2024 01:14:21], [file name :-/efsdata/otrams/public_html/beta/confirm_booking.php],insert into temp(booking_id,mail_send_to)values('614','sujay.raut@qtechsoftware.com');
[06/03/2024 01:14:21], [file name :-/efsdata/otrams/public_html/beta/confirm_booking.php],insert into temp(booking_id,mail_send_to)values('614','rohan.vartak@qtechsoftware.com');
[06/03/2024 01:14:21], [file name :-/efsdata/otrams/public_html/beta/confirm_booking.php],insert into temp(booking_id,mail_send_to)values('614','deepak.trivedi@qtechsoftware.com');
[06/03/2024 01:14:22], [file name :-/efsdata/otrams/public_html/beta/confirm_booking.php],insert into temp(booking_id,mail_send_to)values('614','abcd123@qtechsoftware.com');
[06/03/2024 01:14:22], [file name :-/efsdata/otrams/public_html/beta/confirm_booking.php],INSERT INTO booking_status (reservation_id,booking_id,status,create_date,memo,agent_id,ip_address,admin,modify_by) VALUES ('4600','614','confirmed','2024-06-03 13:14:13','Booking confirmed. Booked by Back Office v3alpha on behalf of Agent - Deepak  trivedi(CD7857)','7857','43.239.53.130','0','7857');
[06/03/2024 01:14:22], [file name :-/efsdata/otrams/public_html/beta/confirm_booking.php],INSERT INTO booking_cancellation_policy(booking_id,from_date,supplier_from_date,to_date,supplier_to_date,supplier_charge,agent_charge,lead_time,create_date,applied_agent_charges)  VALUES('614','2024-06-03 16:12:36','2024-06-03 16:12:36','2024-06-27 00:00:00','2024-06-27 00:00:00','35.85','39.44','0','2024-06-03 13:14:22','39.44');
[06/03/2024 01:14:22], [file name :-/efsdata/otrams/public_html/beta/confirm_booking.php],update posted_bookings set booking_id='614',status='1' where reservation_id='4600' and booking_id ='0';
[06/03/2024 01:14:22], [file name :-/efsdata/otrams/public_html/beta/confirm_booking.php],update xmllogs set reservation_id='614' where agent_logs_id='2045' and source_type='expediapackage';
[06/03/2024 01:14:22], [file name :-/efsdata/otrams/public_html/beta/confirm_booking.php],INSERT INTO booking_commission set agent_commission='',  supplier_commission='1.91',  commission_tax='',  booking_id ='614',  supplier_tax='6.21',  supplier_base_fare='27.64',  supplier_commissionable_fare='1.91'able_fare,  commission_percent='100',  create_date ='2024-06-03 13:14:22';
[06/03/2024 01:26:05], [file name :-/efsdata/otrams/public_html/beta/hotel_search_list.php],INSERT INTO agent_logs SET  agent_id = '7857' , sub_agent_id = '' , sub_user_id = '0' , wh_agent_id = '' , branch_id = '23' , ip = '43.239.53.130' , city = 'dubai' , service_name = '' , country_of_residence = '106' , service_type = 'hotel' , arrival_date = '2024/06/26' , departure_date = '2024/06/27' , nights = '1' , nationality = '106' , room_types = '2' , room_type='[{"numberOfAdults":2}]' , available='0' , create_date = '2024-06-03 13:26:05' , site_id = '' , country_code = '138' , city_code = '71649' , ratings = '3.0,4.0,5.0,SC' , selected_currency = 'USD' , currency_code = 'USD' , web_service = '0' ;
[06/03/2024 01:26:10], [file name :-/efsdata/otrams/public_html/beta/xml_all.php],UPDATE agent_logs SET
        hotel_count = '377',
        request_path = '/xml_all.php?userid=7857&sessionid=e00a49836f073f9ebbe40e2d43c010be3237edf8d96009e8e7dfab34701f5a7f',
        duration = '4.295',
        merge_duration = '0.766',
        assigned_supplier_count = '2',
        searched_supplier_count = '1',
        system_load_1_min = '24.49',
        system_load_5_min = '22.73',
        system_load_15_min = '19.89',
        system_memory_usage = '95.17',
        memory_usage = (SELECT COALESCE(SUM(memory_used),0) FROM xmllogs WHERE agent_logs_id = '2046') + '24471048',
        parallel_search_count = '',
        mongo_archive_collection = '',
        error_description = '',
        is_cached = 'no'
        WHERE id = '2046';
