[07/22/2024 11:24:35], [file name :-/efsdata/otrams/public_html/beta/agent_login.php],update agents set last_login_date = '2024-07-22 11:24:35',login_attempt=0 where id = '7877';
[07/22/2024 11:24:35], [file name :-/efsdata/otrams/public_html/beta/agent_login.php],INSERT INTO psa_login_log  SET username = 'Pranali_WL', user_type = 'A', branch_id = '32', login_datetime = '2024-07-22 11:24:35', ip = '103.104.226.130', action = 'Login' ;
[07/22/2024 11:24:48], [file name :-/efsdata/otrams/public_html/beta/booking_list.php],update messages set mssg_status='R' where booking_id=?;
[07/22/2024 11:28:00], [file name :-/efsdata/otrams/public_html/beta/agent_login.php],update agents set last_login_date = '2024-07-22 11:28:00',login_attempt=0 where id = '7851';
[07/22/2024 11:28:00], [file name :-/efsdata/otrams/public_html/beta/agent_login.php],INSERT INTO psa_login_log  SET username = 'Viator_test', user_type = 'A', branch_id = '27', login_datetime = '2024-07-22 11:28:00', ip = '43.239.53.130', action = 'Login' ;
[07/22/2024 11:30:56], [file name :-/efsdata/otrams/public_html/beta/agent_login.php],update agents set last_login_date = '2024-07-22 11:30:56',login_attempt=0 where id = '7877';
[07/22/2024 11:30:56], [file name :-/efsdata/otrams/public_html/beta/agent_login.php],INSERT INTO psa_login_log  SET username = 'Pranali_WL', user_type = 'A', branch_id = '32', login_datetime = '2024-07-22 11:30:56', ip = '43.239.53.130', action = 'Login' ;
[07/22/2024 11:32:18], [file name :-/efsdata/otrams/public_html/beta/hotel_search_list.php],INSERT INTO agent_logs SET  agent_id = '7867' , sub_agent_id = '' , sub_user_id = '0' , wh_agent_id = '7877' , branch_id = '32' , ip = '43.239.53.130' , city = 'dubai' , service_name = '' , country_of_residence = '138' , service_type = 'hotel' , arrival_date = '2024/07/30' , departure_date = '2024/07/31' , nights = '1' , nationality = '138' , room_types = '1' , room_type='[{"numberOfAdults":1}]' , available='0' , create_date = '2024-07-22 11:32:18' , site_id = '21' , country_code = '138' , city_code = '71649' , ratings = '3.0,4.0,5.0,SC' , selected_currency = 'INR' , currency_code = 'INR' , wh_applied_markup = '2.0' , web_service = '0' ;
[07/22/2024 11:32:24], [file name :-/efsdata/otrams/public_html/beta/xml_all.php],UPDATE agent_logs SET
        hotel_count = '373',
        request_path = '/xml_all.php?userid=7867&sessionid=1e540ac82bdc52d7cb782093ccc8bd06da9e3b8d8936f83266f4df80fef0a655',
        duration = '4.489',
        merge_duration = '0.873',
        assigned_supplier_count = '2',
        searched_supplier_count = '1',
        system_load_1_min = '0.79',
        system_load_5_min = '0.99',
        system_load_15_min = '1.36',
        system_memory_usage = '38.06',
        memory_usage = (SELECT COALESCE(SUM(memory_used),0) FROM xmllogs WHERE agent_logs_id = '2675') + '22826536',
        parallel_search_count = '',
        mongo_archive_collection = '',
        error_description = '',
        is_cached = 'no'
        WHERE id = '2675';
[07/22/2024 11:32:35], [file name :-/efsdata/otrams/public_html/beta/book_now.php],INSERT INTO autogenerator_reservation (reservation_id, remote_id) VALUES ('1721647955','43.239.53.130');
[07/22/2024 11:32:36], [file name :-/efsdata/otrams/public_html/beta/book_now.php],INSERT INTO xmllogs(reservation_id, type, request_path, response_path, header_path, source_type, create_date, header, session_id, agent_logs_id,file_path) VALUE ('', 'AVAILABILITY', 'e1p/22_07_2024/request_availability_hotel_yards_2675_1721647955_14.json', 'e1p/22_07_2024/response_availability_hotel_yards_2675_1721647955_14.json', 'e1p/22_07_2024/response_header_availability_hotel_yards_2675_1721647955_14.json', 'expediapackage', '2024-07-22 11:32:36', '', '1e540ac82bdc52d7cb782093ccc8bd06da9e3b8d8936f83266f4df80fef0a655', '2675', 'https://hotelyards.astrabookings.com/project_folder/astra_protected/supplier_logs/e1p/22_07_2024/response_availability_hotel_yards_2675_1721647955_14.json');
[07/22/2024 11:32:36], [file name :-/efsdata/otrams/public_html/beta/book_now.php],INSERT INTO xmllogs(reservation_id, type, request_path, response_path, header_path, source_type, create_date, header, session_id, agent_logs_id,file_path) VALUE ('', 'VALUATION', 'e1p/22_07_2024/request_valuation_hotel_yards_2675_1721647956_22.json', 'e1p/22_07_2024/response_valuation_hotel_yards_2675_1721647956_22.json', 'e1p/22_07_2024/response_header_valuation_hotel_yards_2675_1721647956_22.json', 'expediapackage', '2024-07-22 11:32:36', '', '1e540ac82bdc52d7cb782093ccc8bd06da9e3b8d8936f83266f4df80fef0a655', '2675', 'https://hotelyards.astrabookings.com/project_folder/astra_protected/supplier_logs/e1p/22_07_2024/response_valuation_hotel_yards_2675_1721647956_22.json');
[07/22/2024 11:33:26], [file name :-/efsdata/otrams/public_html/beta/book_now.php],INSERT INTO autogenerator_reservation (reservation_id, remote_id) VALUES ('1721648006','43.239.53.130');
[07/22/2024 11:33:27], [file name :-/efsdata/otrams/public_html/beta/book_now.php],INSERT INTO xmllogs(reservation_id, type, request_path, response_path, header_path, source_type, create_date, header, session_id, agent_logs_id,file_path) VALUE ('', 'AVAILABILITY', 'e1p/22_07_2024/request_availability_hotel_yards_2675_1721648006_71.json', 'e1p/22_07_2024/response_availability_hotel_yards_2675_1721648006_71.json', 'e1p/22_07_2024/response_header_availability_hotel_yards_2675_1721648006_71.json', 'expediapackage', '2024-07-22 11:33:27', '', '1e540ac82bdc52d7cb782093ccc8bd06da9e3b8d8936f83266f4df80fef0a655', '2675', 'https://hotelyards.astrabookings.com/project_folder/astra_protected/supplier_logs/e1p/22_07_2024/response_availability_hotel_yards_2675_1721648006_71.json');
[07/22/2024 11:33:27], [file name :-/efsdata/otrams/public_html/beta/book_now.php],INSERT INTO xmllogs(reservation_id, type, request_path, response_path, header_path, source_type, create_date, header, session_id, agent_logs_id,file_path) VALUE ('', 'VALUATION', 'e1p/22_07_2024/request_valuation_hotel_yards_2675_1721648007_75.json', 'e1p/22_07_2024/response_valuation_hotel_yards_2675_1721648007_75.json', 'e1p/22_07_2024/response_header_valuation_hotel_yards_2675_1721648007_75.json', 'expediapackage', '2024-07-22 11:33:27', '', '1e540ac82bdc52d7cb782093ccc8bd06da9e3b8d8936f83266f4df80fef0a655', '2675', 'https://hotelyards.astrabookings.com/project_folder/astra_protected/supplier_logs/e1p/22_07_2024/response_valuation_hotel_yards_2675_1721648007_75.json');
[07/22/2024 11:36:41], [file name :-/efsdata/otrams/public_html/beta/book_now.php],INSERT INTO autogenerator_reservation (reservation_id, remote_id) VALUES ('1721648201','43.239.53.130');
[07/22/2024 11:36:44], [file name :-/efsdata/otrams/public_html/beta/confirm_booking.php], insert into bookings set  source_type = 'expediapackage', reservation_id = '5002', create_date = '2024-07-22 11:36:44', agent_id = '7867', parent_agent_id = '7867', agent_ref_no = '', nationality = 'Emirati', city_id = 'dubai', country_id = '138', current_status = 'inprocess-booking', booking_branch_id = '32', is_xml = '0', display_room_rate = '1609.7', display_currency_code = 'INR', native_room_rate = '26.75', native_currency_code = 'USD', supplier_profile_id = '43', service_type = 'hotel', service_date = '2024/07/30', check_out_date = '2024/07/31', sub_user_id = '', booking_status = '1', leader_title = 'Ms', leader_first_name = 'pranali', leader_last_name = 'mhatre', status_date = '2024-07-22 11:36:44';
[07/22/2024 11:36:44], [file name :-/efsdata/otrams/public_html/beta/confirm_booking.php],INSERT INTO external_mapping_data_tracking (booking_id,search_hotel_name,booked_hotel_name_supplier,hotel_id,master_id,city_id,supplier,date) VALUES ('675','REFLECTIONS HOTEL DUBAI','NA','9062916','OT000412971','dubai','expediapackage',NOW());
[07/22/2024 11:36:44], [file name :-/efsdata/otrams/public_html/beta/confirm_booking.php],UPDATE
		bookings
		SET
		booking_branch_id= '32'
		WHERE
		id='675'
		;
[07/22/2024 11:36:44], [file name :-/efsdata/otrams/public_html/beta/confirm_booking.php],insert into bookings_details(booking_id,reservation_id,supplier_id,total_rooms,total_adults,total_children,total_infants,rate_description ,rate_code,hotel_id,hotel_name,hotel_address1,hotel_phone,hotel_rating,total_nights,arrival_date,departure_date,room_rate_code,hotel_img)values('675','5002','','1','1','0','-','','','9062916','REFLECTIONS HOTEL DUBAI','Al Jaddaf 1 P.O. Box: 30531','+97145089600','4.0','1','2024/07/30','2024/07/31','','https://beta.astrabookings.com/cpfv3/images/?image=aHR0cHM6Ly9pLnRyYXZlbGFwaS5jb20vaG90ZWxzLzEwMDAwMDAwLzkwNzAwMDAvOTA2MzAwMC85MDYyOTE2LzAzMzVkNDNkX2IuanBn');
[07/22/2024 11:36:44], [file name :-/efsdata/otrams/public_html/beta/confirm_booking.php], insert into booking_room_detail set  booking_id = '675', booking_detail_id = '1', room_type_code = '', room_name = 'single', room_type_description = 'Deluxe Double - King , 1 King Bed , Room Only (Members exclusive price) | Amenities:Free WiFi,Free self parking (Package Deal)', display_nightly_rates = 'a:1:{i:0;a:3:{s:18:"displayNightlyRate";d:1609.7;s:25:"displayNightlyRateDisplay";s:373:"Supplier Rate - 26.75; ;Agent Commission Part - 0.000000;PerNightNativeCommission - 1.780000;partCommission - 0.000000;Supplier Commission - 1.780000;partCommission Supplier - 0.000000; Currency Multiplier (USD - INR) - 60.175800; Markup Policy : ; Markup Amount : 0.000000; Applied Markup Amount : 0.000000; Markup in % : 0.000000; Golang : yes ; Supplier : expediapackage";s:13:"whNightlyRate";d:1641.8900000000001;}}', native_nightly_rates = 'a:1:{i:0;a:1:{s:17:"nativeNightlyRate";d:26.75;}}', native_room_rate_total = '26.75', wh_room_rate_total = '1641.89', display_room_rate_total = '1609.7', number_of_rooms = '1';
[07/22/2024 11:36:44], [file name :-/efsdata/otrams/public_html/beta/confirm_booking.php], insert into passangers set  booking_id = '675', booking_detail_id = '1', rid = '491', room = '0', salutations = 'Ms', first_name = 'pranali', last_name = 'mhatre', passenger_type = 'adult', age = '';
[07/22/2024 11:36:45], [file name :-/efsdata/otrams/public_html/beta/confirm_booking.php],INSERT INTO xmllogs(reservation_id, type, request_path, response_path, header_path, source_type, create_date, header, session_id, agent_logs_id,file_path) VALUE ('', 'RESERVATION', 'e1p/22_07_2024/request_reservation_hotel_yards_2675_1721648204_39.json', 'e1p/22_07_2024/response_reservation_hotel_yards_2675_1721648204_39.json', 'e1p/22_07_2024/response_header_reservation_hotel_yards_2675_1721648204_39.json', 'expediapackage', '2024-07-22 11:36:45', '', '1e540ac82bdc52d7cb782093ccc8bd06da9e3b8d8936f83266f4df80fef0a655', '2675', 'https://hotelyards.astrabookings.com/project_folder/astra_protected/supplier_logs/e1p/22_07_2024/response_reservation_hotel_yards_2675_1721648204_39.json');
[07/22/2024 11:36:45], [file name :-/efsdata/otrams/public_html/beta/confirm_booking.php],update bookings set  special_remark = '', itenirary_id = '7015725018654', confirmation_number = '7015725018654', display_discount = '0', cancellation_policy = '<br>If you cancel between 2023-07-27 18:00:00 and 2024-07-30 00:00:00 , you will be charged 1547.37 INR<br>No show or early checkouts is subject to a 100% cancellation charge<br><br/><b>Amendment Policy</b><br/>
		Please note that most hotels treat changes in pax details, room category and dates as a cancellation of the booking, and charges will apply according to the cancellation policy.
		Late amendment charges may apply if requested after 18:00 on 27th of July 2023.
		Confirmation of amendments is subject to availability and rates at the time of making the amendment.', supplier_cancellation_policy = '', current_status = 'confirmed', expiration_date = '2023-07-27 16:00:00', comment_contract = ' Bed Type Selection is not guaranteed.<br/> Member’s exclusive price <br/><br/><b style=\'color:#2748a3;\'>Property fee due at property 14.99 AED (4.08 USD)</b><br/><span style=\'color: red;\'><strong>Note:</strong> *This conversion is an approximate price based on the current exchange rate and may change before your stay.</span><br/><br/><br/><b>Checkin Start Time :</b> 2:00 PM<br/><b>Checkin End Time :</b> 5:30 AM<br/><b>Min Checkin Age :</b> 18<br/><b>Checkout Time :</b> 12:00 PM<br/><b>Instructions :</b>   Extra-person charges may apply and vary depending on property policyGovernment-issued photo identification and a credit card, debit card, or cash deposit may be required at check-in for incidental chargesSpecial requests are subject to availability upon check-in and may incur additional charges; special requests cannot be guaranteedThis property only accepts cashCashless transactions are availableSafety features at this property include a fire extinguisher, a smoke detector, a security system, and a first aid kit  <br/><b>Special Instructions :</b> This property offers transfers from the train station. Guests must contact the property with arrival details before travel, using the contact information on the booking confirmation. Front desk staff will greet guests on arrival.<br/>The minimum age for a customer to be able to check-in at a property 18. <br/><b>Mandatory Fees:</b> You\'ll be asked to pay the following charges at the property: A tax is imposed by the city: AED 15.00 per accommodation, per night We have included all charges provided to us by the property. <br/><b>Optional Fees:</b>  Fee for continental breakfast: approximately AED 35 per personEarly check-in is available for a fee (subject to availability) The above list may not be comprehensive. Fees and deposits may not include tax and are subject to change. <br/><b>Know Before You Go :</b></br>  Only registered guests are allowed in the guestrooms.  No pets and no service animals are allowed at this property. Cashless payment methods are available for all transactions.Contactless check-out is available. </br></br><b>Sanitization General Information :</b></br>1-Professional property host/manager <b></b><br/>2-Gap period enforced between guest stays - 24 hours <b>24 hours</b><br/>3-Contactless check-out is available <b></b><br/>4-Shield between guests and staff in main contact areas <b></b><br/>5-Property follows sanitization practices of Safe Travels (WTTC - Global) <b></b><br/>6-Property confirms they are implementing guest safety measures <b></b><br/>7-Temperature checks are available to guests <b></b><br/>8-Guest accommodation is sealed after cleaning <b></b><br/>9-Social distancing measures are in place <b></b><br/>10-Staff temperature checks are conducted regularly <b></b><br/>11-Property confirms they are implementing enhanced cleaning measures <b></b><br/>12-Guests are provided with free hand sanitizer <b></b><br/>13-Property is cleaned with disinfectant <b></b><br/>14-Cashless transactions are available <b></b><br/>15-Staff wears personal protective equipment <b></b><br/>16-Food service has been amended for enhanced safety <b></b><br/>17-Bed sheets and towels are washed at a temperature of at least 60°C/140°F <b></b><br/>18-Masks are compulsory at the property <b></b><br/>19-Commonly-touched surfaces are cleaned with disinfectant <b></b><br/><b>Important Note :</b> This Should be a part of package and should not sold as Standalone.', consultant_id = 'hotelyards', sales_manager_id = '0', admin_booked = '1', email_id = 'dsfhdsgfjh@gmail.com', leader_phone = '9898989890', agent_currency_multiplier = '0.01662', ip_addr = '43.239.53.130', comment_contract = ' Bed Type Selection is not guaranteed.<br/> Member’s exclusive price <br/><br/><b style=\'color:#2748a3;\'>Property fee due at property 14.99 AED (4.08 USD)</b><br/><span style=\'color: red;\'><strong>Note:</strong> *This conversion is an approximate price based on the current exchange rate and may change before your stay.</span><br/><br/><br/><b>Checkin Start Time :</b> 2:00 PM<br/><b>Checkin End Time :</b> 5:30 AM<br/><b>Min Checkin Age :</b> 18<br/><b>Checkout Time :</b> 12:00 PM<br/><b>Instructions :</b>   Extra-person charges may apply and vary depending on property policyGovernment-issued photo identification and a credit card, debit card, or cash deposit may be required at check-in for incidental chargesSpecial requests are subject to availability upon check-in and may incur additional charges; special requests cannot be guaranteedThis property only accepts cashCashless transactions are availableSafety features at this property include a fire extinguisher, a smoke detector, a security system, and a first aid kit  <br/><b>Special Instructions :</b> This property offers transfers from the train station. Guests must contact the property with arrival details before travel, using the contact information on the booking confirmation. Front desk staff will greet guests on arrival.<br/>The minimum age for a customer to be able to check-in at a property 18. <br/><b>Mandatory Fees:</b> You\'ll be asked to pay the following charges at the property: A tax is imposed by the city: AED 15.00 per accommodation, per night We have included all charges provided to us by the property. <br/><b>Optional Fees:</b>  Fee for continental breakfast: approximately AED 35 per personEarly check-in is available for a fee (subject to availability) The above list may not be comprehensive. Fees and deposits may not include tax and are subject to change. <br/><b>Know Before You Go :</b></br>  Only registered guests are allowed in the guestrooms.  No pets and no service animals are allowed at this property. Cashless payment methods are available for all transactions.Contactless check-out is available. </br></br><b>Sanitization General Information :</b></br>1-Professional property host/manager <b></b><br/>2-Gap period enforced between guest stays - 24 hours <b>24 hours</b><br/>3-Contactless check-out is available <b></b><br/>4-Shield between guests and staff in main contact areas <b></b><br/>5-Property follows sanitization practices of Safe Travels (WTTC - Global) <b></b><br/>6-Property confirms they are implementing guest safety measures <b></b><br/>7-Temperature checks are available to guests <b></b><br/>8-Guest accommodation is sealed after cleaning <b></b><br/>9-Social distancing measures are in place <b></b><br/>10-Staff temperature checks are conducted regularly <b></b><br/>11-Property confirms they are implementing enhanced cleaning measures <b></b><br/>12-Guests are provided with free hand sanitizer <b></b><br/>13-Property is cleaned with disinfectant <b></b><br/>14-Cashless transactions are available <b></b><br/>15-Staff wears personal protective equipment <b></b><br/>16-Food service has been amended for enhanced safety <b></b><br/>17-Bed sheets and towels are washed at a temperature of at least 60°C/140°F <b></b><br/>18-Masks are compulsory at the property <b></b><br/>19-Commonly-touched surfaces are cleaned with disinfectant <b></b><br/><b>Important Note :</b> This Should be a part of package and should not sold as Standalone.', backoffice_user = 'hotelyards', customer_id = '', applied_multiplier='60.1758',  wh_applied_markup='2.0',  wh_agent_currency_multiplier='1.00000',  wh_agent_markup='2.0',  wh_agent_rate='1641.89',  wh_sub_agent_rate='0',  wh_parent_agent_id='7877',  wh_agent_id='7877',  wh_basecurrency_multiplier_native='1.00000',  wh_basecurrency_multiplier='0.01662',  site_id='21',  applied_markup='0',  agent_markup='0',  basecurrency_multiplier='0.01662',  basecurrency_multiplier_native='1.00000',  parent_agent_id='7867',  sub_agent_rate='0',  agent_rate='1609.7',  applicable_service_tax='0',  supplier_rate='26.75',  uid='6b4af6f26e659c9ed539efebac593ba5'  where id='675';
[07/22/2024 11:36:45], [file name :-/efsdata/otrams/public_html/beta/confirm_booking.php],update bookings_details set touricoRoomResId ='', gta_item_confirm_ref='' , special_request='' where booking_id ='675';
[07/22/2024 11:36:45], [file name :-/efsdata/otrams/public_html/beta/confirm_booking.php], INSERT INTO booking_special_request set booking_id = '675' , sr_id = '4' ;
[07/22/2024 11:36:45], [file name :-/efsdata/otrams/public_html/beta/confirm_booking.php],insert into booking_lat_long(booking_id,latitude,longitude) values ('675','25.219755','55.323653');
[07/22/2024 11:36:45], [file name :-/efsdata/otrams/public_html/beta/confirm_booking.php],insert into `user_logs` set `username`= 'hotel_yards',`create_date`= '2024-07-22 11:36:45',`log_type`= 'Loyalty Tier Accumulated Points',`sql_query`= 'select id,current_status,display_currency_code,agent_rate,sub_agent_rate,display_room_rate,wh_agent_rate,wh_sub_agent_rate  from bookings where id=\&#039;675\&#039;',`log_description`= 'Loyalty Accumulated Points :0 Added For Booking ID -675 And Booking Status - confirmed',`ip`= '43.239.53.130';
[07/22/2024 11:36:45], [file name :-/efsdata/otrams/public_html/beta/confirm_booking.php],insert into user_log_link Set `user_logs_id`='1', `entity`='BookingId', `value`='675' ;
[07/22/2024 11:36:45], [file name :-/efsdata/otrams/public_html/beta/confirm_booking.php],update bookings set invoice_number= '2024/00122', voucher_id='vchr12121',status_date='2024-07-22 11:36:45',current_status='vouchered',voucher_hashcode='54f98c4c955620e03b3783ecba74641597497675',vouchered_by ='' where id='675';
[07/22/2024 11:36:45], [file name :-/efsdata/otrams/public_html/beta/confirm_booking.php],update bookings set is_invoiced='yes',invoice_number= '2024/00123' where id='675' and is_invoiced!='yes';
[07/22/2024 11:36:45], [file name :-/efsdata/otrams/public_html/beta/confirm_booking.php],UPDATE agents SET credit_usage=credit_usage+('26.753214'),   credit_value= credit_value-('26.753214') ,  cd_credit_usage=cd_credit_usage+('26.753214') , cd_credit_value=cd_credit_value-('26.753214')  WHERE id = '7867';
[07/22/2024 11:36:45], [file name :-/efsdata/otrams/public_html/beta/confirm_booking.php],insert into  agent_credit_log SET agent_id= '7867',credit_value= '99994522.537',credit_usage= '5476.463',credit_limit= '99999999.000',receipt_id= '',amount= '26.753214',booking_id='675',booking_cost= '1609.7',receipt_allocation= '',balance= '1609.7',ip='43.239.53.130',user_type='User',admin_id='Agent - Rajendra deepak chaursiya(CD7867)',temp_credit_limit='',log_type='Add Invoice',note='Add Invoice',create_date='2024-07-22 11:07:45';
[07/22/2024 11:36:45], [file name :-/efsdata/otrams/public_html/beta/confirm_booking.php],UPDATE agents  SET credit_usage=credit_usage+('1641.89'),   credit_value= credit_value-('1641.89') ,  cd_credit_usage=cd_credit_usage+('1641.89') , cd_credit_value=cd_credit_value-('1641.89')  WHERE id = '7877';
[07/22/2024 11:36:45], [file name :-/efsdata/otrams/public_html/beta/confirm_booking.php],insert into  agent_credit_log SET agent_id= '7877',credit_value= '203398.738',credit_usage= '271866.262',credit_limit= '475265.000',receipt_id= '',amount= '1641.89',booking_id='675',booking_cost= '1609.7',receipt_allocation= '',balance= '1609.7',ip='43.239.53.130',user_type='User',admin_id='Agent - Rajendra deepak chaursiya(CD7867)',temp_credit_limit='',log_type='Add Invoice',note='Add Invoice',create_date='2024-07-22 11:07:45';
[07/22/2024 11:36:45], [file name :-/efsdata/otrams/public_html/beta/confirm_booking.php], insert into wh_booking_rate_info set  booking_id = '675', booking_log = 'Booking Vouchered', create_date = '2024-07-22 11:36:45', type = 'Sale', agent_price = '1641.890', sub_agent_price = '0.000', supplier_price = '1609.700';
[07/22/2024 11:36:45], [file name :-/efsdata/otrams/public_html/beta/confirm_booking.php], insert into booking_rate_info set  booking_id = '675', booking_log = 'Booking Vouchered', create_date = '2024-07-22 11:36:45', supplier_currency ='USD', type = 'Sale', agent_price = '1609.7', sub_agent_price ='', supplier_price = '26.750', supplier_id = 'expediapackage', supplier_type = 'online';
[07/22/2024 11:36:49], [file name :-/efsdata/otrams/public_html/beta/confirm_booking.php],INSERT INTO booking_status (visa_id,visa_status,booking_id,status,create_date,memo,agent_id,ip_address,admin,modify_by,crons) VALUES
		('','','675','vouchered-invoiced','2024-07-22 11:36:49','Booking invoiced by Back Office hotelyards on behalf of Agent - Rajendra deepak chaursiya(CD7867)','7867','43.239.53.130','','','');
[07/22/2024 11:36:49], [file name :-/efsdata/otrams/public_html/beta/confirm_booking.php],INSERT INTO agent_commission SET booking_id ='675',booking_detail_id ='675',agent_id ='7867',is_sub_agent ='N',parent_id ='',display_commission ='0',display_currency ='INR',paid ='N',type ='hotel',description ='Agent Mark Up Percentage is 0 %',create_date ='2024-07-22 11:36:49';
[07/22/2024 11:36:49], [file name :-/efsdata/otrams/public_html/beta/confirm_booking.php],INSERT INTO booking_status (visa_id,visa_status,booking_id,status,create_date,memo,agent_id,ip_address,admin,modify_by,crons) VALUES
		('','','675','vouchered','2024-07-22 11:36:49','Voucherd by Back Office hotelyards on behalf of Agent - Rajendra deepak chaursiya(CD7867)','7867','43.239.53.130','','','');
[07/22/2024 11:36:51], [file name :-/efsdata/otrams/public_html/beta/confirm_booking.php],insert into temp(booking_id,mail_send_to)values('675','pranali.mhatre@qtechsoftware.com');
[07/22/2024 11:36:51], [file name :-/efsdata/otrams/public_html/beta/confirm_booking.php],insert into temp(booking_id,mail_send_to)values('675','gajendra.rajpurohit@qtechsoftware.com');
[07/22/2024 11:36:52], [file name :-/efsdata/otrams/public_html/beta/confirm_booking.php],insert into temp(booking_id,mail_send_to)values('675','gajendra.rajpurohit@qtechsoftware.com');
[07/22/2024 11:36:52], [file name :-/efsdata/otrams/public_html/beta/confirm_booking.php],insert into temp(booking_id,mail_send_to)values('675','gajendra.rajpurohit@qtechsoftware.com');
[07/22/2024 11:36:54], [file name :-/efsdata/otrams/public_html/beta/confirm_booking.php],insert into temp(booking_id,mail_send_to)values('675','gajendra.rajpurohit@qtechsoftware.com');
[07/22/2024 11:36:54], [file name :-/efsdata/otrams/public_html/beta/confirm_booking.php],INSERT INTO booking_status (reservation_id,booking_id,status,create_date,memo,agent_id,ip_address,admin,modify_by) VALUES ('5002','675','confirmed','2024-07-22 11:36:45','Booking confirmed. Booked by Back Office hotelyards on behalf of Agent - Rajendra deepak chaursiya(CD7867)','7867','43.239.53.130','0','7867');
[07/22/2024 11:36:54], [file name :-/efsdata/otrams/public_html/beta/confirm_booking.php],INSERT INTO booking_cancellation_policy(booking_id,from_date,supplier_from_date,to_date,supplier_to_date,supplier_charge,agent_charge,lead_time,create_date,applied_agent_charges)  VALUES('675','2023-07-27 18:00:00','2024-07-26 18:00:00','2024-07-30 00:00:00','2025-07-30 00:00:00','25.21','1547.37','8760','2024-07-22 11:36:54','1641.89');
[07/22/2024 11:36:54], [file name :-/efsdata/otrams/public_html/beta/confirm_booking.php],INSERT INTO booking_cancellation_policy(booking_id,from_date,supplier_from_date,to_date,supplier_to_date,supplier_charge,agent_charge,lead_time,create_date,applied_agent_charges)  VALUES('675','2024-07-30 00:00:00','2025-07-30 00:00:00','2024-07-31 00:00:00','2025-07-31 00:00:00','26.75','1641.89','8760','2024-07-22 11:36:54','1641.89');
[07/22/2024 11:36:54], [file name :-/efsdata/otrams/public_html/beta/confirm_booking.php],update posted_bookings set booking_id='675',status='1' where reservation_id='5002' and booking_id ='0';
[07/22/2024 11:36:54], [file name :-/efsdata/otrams/public_html/beta/confirm_booking.php],update xmllogs set reservation_id='675' where agent_logs_id='2675' and source_type='expediapackage';
[07/22/2024 11:36:54], [file name :-/efsdata/otrams/public_html/beta/confirm_booking.php],INSERT INTO booking_commission set agent_commission='',  supplier_commission='1.78',  commission_tax='',  booking_id ='675',  create_date ='2024-07-22 11:36:54';
[07/22/2024 11:53:18], [file name :-/efsdata/otrams/public_html/beta/tms/bookings_modification.php],INSERT INTO history_bookings set history_booking_id ='675', agent_id ='7867', itenirary_id ='7015725018654', confirmation_number ='7015725018654', payment_confirmation_no ='', voucher_id ='vchr12121', voucher_hashcode ='54f98c4c955620e03b3783ecba74641597497675', email_id ='dsfhdsgfjh@gmail.com', leader_title ='Ms', leader_first_name ='pranali', leader_last_name ='mhatre', city_id ='dubai', country_id ='138', display_room_rate ='1609.700', native_room_rate ='26.750', native_currency_code ='USD', additional_charge ='0.000', cancellation_policy ='<br>If you cancel between 2023-07-27 18:00:00 and 2024-07-30 00:00:00 , you will be charged 1547.37 INR<br>No show or early checkouts is subject to a 100% cancellation charge<br><br/><b>Amendment Policy</b><br/>
		Please note that most hotels treat changes in pax details, room category and dates as a cancellation of the booking, and charges will apply according to the cancellation policy.
		Late amendment charges may apply if requested after 18:00 on 27th of July 2023.
		Confirmation of amendments is subject to availability and rates at the time of making the amendment.', supplier_cancellation_policy ='', current_status ='vouchered', booking_status ='1', status_date ='2024-07-22 11:36:45', create_date ='2024-07-22 11:36:44', source_type ='expediapackage', expiration_date ='2023-07-27 16:00:00', comment_contract =' Bed Type Selection is not guaranteed.<br/> Member’s exclusive price <br/><br/><b style=\'color:#2748a3;\'>Property fee due at property 14.99 AED (4.08 USD)</b><br/><span style=\'color: red;\'><strong>Note:</strong> *This conversion is an approximate price based on the current exchange rate and may change before your stay.</span><br/><br/><br/><b>Checkin Start Time :</b> 2:00 PM<br/><b>Checkin End Time :</b> 5:30 AM<br/><b>Min Checkin Age :</b> 18<br/><b>Checkout Time :</b> 12:00 PM<br/><b>Instructions :</b>   Extra-person charges may apply and vary depending on property policyGovernment-issued photo identification and a credit card, debit card, or cash deposit may be required at check-in for incidental chargesSpecial requests are subject to availability upon check-in and may incur additional charges; special requests cannot be guaranteedThis property only accepts cashCashless transactions are availableSafety features at this property include a fire extinguisher, a smoke detector, a security system, and a first aid kit  <br/><b>Special Instructions :</b> This property offers transfers from the train station. Guests must contact the property with arrival details before travel, using the contact information on the booking confirmation. Front desk staff will greet guests on arrival.<br/>The minimum age for a customer to be able to check-in at a property 18. <br/><b>Mandatory Fees:</b> You\'ll be asked to pay the following charges at the property: A tax is imposed by the city: AED 15.00 per accommodation, per night We have included all charges provided to us by the property. <br/><b>Optional Fees:</b>  Fee for continental breakfast: approximately AED 35 per personEarly check-in is available for a fee (subject to availability) The above list may not be comprehensive. Fees and deposits may not include tax and are subject to change. <br/><b>Know Before You Go :</b></br>  Only registered guests are allowed in the guestrooms.  No pets and no service animals are allowed at this property. Cashless payment methods are available for all transactions.Contactless check-out is available. </br></br><b>Sanitization General Information :</b></br>1-Professional property host/manager <b></b><br/>2-Gap period enforced between guest stays - 24 hours <b>24 hours</b><br/>3-Contactless check-out is available <b></b><br/>4-Shield between guests and staff in main contact areas <b></b><br/>5-Property follows sanitization practices of Safe Travels (WTTC - Global) <b></b><br/>6-Property confirms they are implementing guest safety measures <b></b><br/>7-Temperature checks are available to guests <b></b><br/>8-Guest accommodation is sealed after cleaning <b></b><br/>9-Social distancing measures are in place <b></b><br/>10-Staff temperature checks are conducted regularly <b></b><br/>11-Property confirms they are implementing enhanced cleaning measures <b></b><br/>12-Guests are provided with free hand sanitizer <b></b><br/>13-Property is cleaned with disinfectant <b></b><br/>14-Cashless transactions are available <b></b><br/>15-Staff wears personal protective equipment <b></b><br/>16-Food service has been amended for enhanced safety <b></b><br/>17-Bed sheets and towels are washed at a temperature of at least 60°C/140°F <b></b><br/>18-Masks are compulsory at the property <b></b><br/>19-Commonly-touched surfaces are cleaned with disinfectant <b></b><br/><b>Important Note :</b> This Should be a part of package and should not sold as Standalone.', admin_note ='', is_payment_gateway ='0', service_type ='hotel', service_type_detail ='', native_rate ='', display_rate ='', agent_rate ='1609.700', wh_sub_agent_rate ='0.000', wh_agent_rate ='1641.890', supplier_rate ='26.750', special_comment ='', special_remark ='', sms_status ='', is_xml ='0', consultant_id ='hotelyards', admin_booked ='1', emailed_status ='0', applied_multiplier ='60.1758', applied_markup ='0', wh_applied_markup ='2.000', original_voucher ='', subagent_markup ='', agent_markup ='0', wh_agent_markup ='2.000', basecurrency_multiplier ='0.01662', wh_basecurrency_multiplier ='0.01662', basecurrency_multiplier_native ='1.00000', wh_basecurrency_multiplier_native ='1.00000', agent_currency_multiplier ='0.01662', wh_agent_currency_multiplier ='1.00000', modified_datetime ='2024-07-22 11:53:18', modified_by ='hotelyards', display_currency_code ='INR', created_datetime ='2024-07-22 11:53:18', sub_agent_rate ='0.000', created_by ='hotelyards', site_id ='21', applicable_service_tax ='0.000', wh_parent_agent_id ='7877', wh_agent_id ='7877', nationality ='Emirati', ip_addr ='43.239.53.130';
[07/22/2024 11:53:18], [file name :-/efsdata/otrams/public_html/beta/tms/bookings_modification.php],INSERT INTO history_bookings_details  set  history_booking_detail_id ='315', old_reff_id ='220', booking_id ='675', supplier_id ='', total_nights ='1', arrival_date ='2024/07/30', departure_date ='2024/07/31', hotel_id ='9062916', hotel_name ='REFLECTIONS HOTEL DUBAI', hotel_address1 ='Al Jaddaf 1 P.O. Box: 30531', hotel_phone ='+97145089600', hotel_rating ='4.0', rate_code ='', touricoRoomResId ='', gta_item_confirm_ref ='', channel_manager ='', reservation_pushed ='0', gtaToken ='';
[07/22/2024 11:53:18], [file name :-/efsdata/otrams/public_html/beta/tms/bookings_modification.php],INSERT INTO history_passangers set history_passenger_id = '942', old_reff_id = '220', booking_id = '675', booking_detail_id = '1', salutations = 'Ms', room = '0', rid = '491', first_name = 'pranali', last_name = 'mhatre' ,passenger_type = 'adult' ,age = '';
[07/22/2024 11:53:18], [file name :-/efsdata/otrams/public_html/beta/tms/bookings_modification.php],delete from passangers WHERE booking_id=?;
[07/22/2024 11:53:18], [file name :-/efsdata/otrams/public_html/beta/tms/bookings_modification.php],INSERT INTO history_booking_room_detail set rid = '491', old_reff_id = '220', booking_id = '675', booking_detail_id = '1', room_type_code = '', room_name = 'single', room_type_description = 'Deluxe Double - King , 1 King Bed , Room Only (Members exclusive price) | Amenities:Free WiFi,Free self parking (Package Deal)', display_nightly_rates = 'a:1:{i:0;a:3:{s:18:"displayNightlyRate";d:1609.7;s:25:"displayNightlyRateDisplay";s:373:"Supplier Rate - 26.75; ;Agent Commission Part - 0.000000;PerNightNativeCommission - 1.780000;partCommission - 0.000000;Supplier Commission - 1.780000;partCommission Supplier - 0.000000; Currency Multiplier (USD - INR) - 60.175800; Markup Policy : ; Markup Amount : 0.000000; Applied Markup Amount : 0.000000; Markup in % : 0.000000; Golang : yes ; Supplier : expediapackage";s:13:"whNightlyRate";d:1641.8900000000001;}}' ,native_nightly_rates = 'a:1:{i:0;a:1:{s:17:"nativeNightlyRate";d:26.75;}}' ,native_room_rate_total = '26.75' ,display_room_rate_total = '1609.7' ,wh_room_rate_total = '1641.89' ,number_of_rooms = '1';
[07/22/2024 11:53:18], [file name :-/efsdata/otrams/public_html/beta/tms/bookings_modification.php],delete from booking_room_detail WHERE booking_id=?;
[07/22/2024 11:53:18], [file name :-/efsdata/otrams/public_html/beta/tms/bookings_modification.php],delete from passangers WHERE booking_id=?;
[07/22/2024 11:53:18], [file name :-/efsdata/otrams/public_html/beta/tms/bookings_modification.php],INSERT INTO booking_room_detail set booking_id = '675', booking_detail_id = '315', room_type_code = '', room_name = 'single', room_type_description = 'Deluxe Double - King , 1 King Bed , Room Only (Members exclusive price) | Amenities:Free WiFi,Free self parking (Package Deal)', display_nightly_rates = 'a:1:{i:0;a:2:{s:18:"displayNightlyRate";s:4:"1700";s:13:"whNightlyRate";s:4:"1734";}}' ,native_nightly_rates = 'a:1:{i:0;a:1:{s:17:"nativeNightlyRate";s:5:"26.75";}}' ,native_room_rate_total = '26.75' ,display_room_rate_total = '1700' ,number_of_rooms = '1';
[07/22/2024 11:53:18], [file name :-/efsdata/otrams/public_html/beta/tms/bookings_modification.php],INSERT INTO passangers set booking_id = '675', booking_detail_id = '315', salutations = 'Ms', room = '', rid = '492', first_name = 'pranali', last_name = 'mhatre' ,age = '';
[07/22/2024 11:53:18], [file name :-/efsdata/otrams/public_html/beta/tms/bookings_modification.php],UPDATE bookings SET confirmation_number='7015725018654',cancellation_policy='						&lt;br&gt;If you cancel between 2023-07-27 18:00:00 and 2024-07-30 00:00:00 , you will be charged 1547.37 INR&lt;br&gt;No show or early checkouts is subject to a 100% cancellation charge&lt;br&gt;&lt;br/&gt;&lt;b&gt;Amendment Policy&lt;/b&gt;&lt;br/&gt;
		Please note that most hotels treat changes in pax details, room category and dates as a cancellation of the booking, and charges will apply according to the cancellation policy.
		Late amendment charges may apply if requested after 18:00 on 27th of July 2023.
		Confirmation of amendments is subject to availability and rates at the time of making the amendment.
											',supplier_cancellation_policy='',applied_multiplier='60.1758',applied_markup='5.6095670837095',agent_markup='5.6095670837095',consultant_id='hotelyards',basecurrency_multiplier='0.01662',basecurrency_multiplier_native='1.00000',agent_currency_multiplier='0.01662',current_status='vouchered',status_date='2024-07-22 11:53:18',service_date='2024-07-30',check_out_date='2024-07-31',display_room_rate= '1700',display_discount='0',modified_datetime='2024-07-22 11:53:18',modified_by ='hotelyards',native_room_rate='26.75',native_discount='0.000',additional_charge='0.000',applicable_service_tax='',leader_title='Ms',leader_first_name='pranali',leader_last_name='mhatre',nationality ='Emirati',booking_type ='online',supplier_profile_id ='43',expiration_date= '2023-07-27 16:00:00',source_type='expediapackage',special_comment='',admin_note='',comment_contract=' Bed Type Selection is not guaranteed.&lt;br/&gt; Member&rsquo;s exclusive price &lt;br/&gt;&lt;br/&gt;&lt;b style=\&#039;color:#2748a3;\&#039;&gt;Property fee due at property 14.99 AED (4.08 USD)&lt;/b&gt;&lt;br/&gt;&lt;span style=\&#039;color: red;\&#039;&gt;&lt;strong&gt;Note:&lt;/strong&gt; *This conversion is an approximate price based on the current exchange rate and may change before your stay.&lt;/span&gt;&lt;br/&gt;&lt;br/&gt;&lt;br/&gt;&lt;b&gt;Checkin Start Time :&lt;/b&gt; 2:00 PM&lt;br/&gt;&lt;b&gt;Checkin End Time :&lt;/b&gt; 5:30 AM&lt;br/&gt;&lt;b&gt;Min Checkin Age :&lt;/b&gt; 18&lt;br/&gt;&lt;b&gt;Checkout Time :&lt;/b&gt; 12:00 PM&lt;br/&gt;&lt;b&gt;Instructions :&lt;/b&gt;   Extra-person charges may apply and vary depending on property policyGovernment-issued photo identification and a credit card, debit card, or cash deposit may be required at check-in for incidental chargesSpecial requests are subject to availability upon check-in and may incur additional charges; special requests cannot be guaranteedThis property only accepts cashCashless transactions are availableSafety features at this property include a fire extinguisher, a smoke detector, a security system, and a first aid kit  &lt;br/&gt;&lt;b&gt;Special Instructions :&lt;/b&gt; This property offers transfers from the train station. Guests must contact the property with arrival details before travel, using the contact information on the booking confirmation. Front desk staff will greet guests on arrival.&lt;br/&gt;The minimum age for a customer to be able to check-in at a property 18. &lt;br/&gt;&lt;b&gt;Mandatory Fees:&lt;/b&gt; You\&#039;ll be asked to pay the following charges at the property: A tax is imposed by the city: AED 15.00 per accommodation, per night We have included all charges provided to us by the property. &lt;br/&gt;&lt;b&gt;Optional Fees:&lt;/b&gt;  Fee for continental breakfast: approximately AED 35 per personEarly check-in is available for a fee (subject to availability) The above list may not be comprehensive. Fees and deposits may not include tax and are subject to change. &lt;br/&gt;&lt;b&gt;Know Before You Go :&lt;/b&gt;&lt;/br&gt;  Only registered guests are allowed in the guestrooms.  No pets and no service animals are allowed at this property. Cashless payment methods are available for all transactions.Contactless check-out is available. &lt;/br&gt;&lt;/br&gt;&lt;b&gt;Sanitization General Information :&lt;/b&gt;&lt;/br&gt;1-Professional property host/manager &lt;b&gt;&lt;/b&gt;&lt;br/&gt;2-Gap period enforced between guest stays - 24 hours &lt;b&gt;24 hours&lt;/b&gt;&lt;br/&gt;3-Contactless check-out is available &lt;b&gt;&lt;/b&gt;&lt;br/&gt;4-Shield between guests and staff in main contact areas &lt;b&gt;&lt;/b&gt;&lt;br/&gt;5-Property follows sanitization practices of Safe Travels (WTTC - Global) &lt;b&gt;&lt;/b&gt;&lt;br/&gt;6-Property confirms they are implementing guest safety measures &lt;b&gt;&lt;/b&gt;&lt;br/&gt;7-Temperature checks are available to guests &lt;b&gt;&lt;/b&gt;&lt;br/&gt;8-Guest accommodation is sealed after cleaning &lt;b&gt;&lt;/b&gt;&lt;br/&gt;9-Social distancing measures are in place &lt;b&gt;&lt;/b&gt;&lt;br/&gt;10-Staff temperature checks are conducted regularly &lt;b&gt;&lt;/b&gt;&lt;br/&gt;11-Property confirms they are implementing enhanced cleaning measures &lt;b&gt;&lt;/b&gt;&lt;br/&gt;12-Guests are provided with free hand sanitizer &lt;b&gt;&lt;/b&gt;&lt;br/&gt;13-Property is cleaned with disinfectant &lt;b&gt;&lt;/b&gt;&lt;br/&gt;14-Cashless transactions are available &lt;b&gt;&lt;/b&gt;&lt;br/&gt;15-Staff wears personal protective equipment &lt;b&gt;&lt;/b&gt;&lt;br/&gt;16-Food service has been amended for enhanced safety &lt;b&gt;&lt;/b&gt;&lt;br/&gt;17-Bed sheets and towels are washed at a temperature of at least 60&deg;C/140&deg;F &lt;b&gt;&lt;/b&gt;&lt;br/&gt;18-Masks are compulsory at the property &lt;b&gt;&lt;/b&gt;&lt;br/&gt;19-Commonly-touched surfaces are cleaned with disinfectant &lt;b&gt;&lt;/b&gt;&lt;br/&gt;&lt;b&gt;Important Note :&lt;/b&gt; This Should be a part of package and should not sold as Standalone.',booking_repushti='4' WHERE id='675';
[07/22/2024 11:53:18], [file name :-/efsdata/otrams/public_html/beta/tms/bookings_modification.php],update bookings set  parent_agent_id='7867', sub_agent_rate='', agent_rate='1700', agent_markup='5.6095670837095', supplier_rate='26.75', wh_sub_agent_rate='', wh_agent_rate='1734' where id='675';
[07/22/2024 11:53:18], [file name :-/efsdata/otrams/public_html/beta/tms/bookings_modification.php], insert into booking_rate_info set  booking_id = '675', booking_log = 'Booking Modified', create_date = '2024-07-22 11:53:18', supplier_currency ='USD', type = 'Ammended', agent_price = '90.3', sub_agent_price ='', supplier_price = '', supplier_id = 'expediapackage', supplier_type = 'online';
[07/22/2024 11:53:18], [file name :-/efsdata/otrams/public_html/beta/tms/bookings_modification.php], update wh_booking_rate_info set  booking_id = '675', booking_log = 'Booking Modified', create_date = '2024-07-22 11:53:18', agent_price = '1734.000', sub_agent_price = '0.000', supplier_price = '1700.000' where booking_id = '675'  and type = "Sale";
[07/22/2024 11:53:18], [file name :-/efsdata/otrams/public_html/beta/tms/bookings_modification.php],UPDATE agents SET credit_usage=credit_usage+('1.500786'),   credit_value= credit_value-('1.500786') ,  cd_credit_usage=cd_credit_usage+('1.500786') , cd_credit_value=cd_credit_value-('1.500786')  WHERE id = '7867';
[07/22/2024 11:53:18], [file name :-/efsdata/otrams/public_html/beta/tms/bookings_modification.php],insert into  agent_credit_log SET agent_id= '7867',credit_value= '99994521.036',credit_usage= '5477.964',credit_limit= '99999999.000',receipt_id= '',amount= '1.500786',booking_id='675',booking_cost= '1700',receipt_allocation= '',balance= '1700',ip='43.239.53.130',user_type='admin',admin_id='hotelyards',temp_credit_limit='',log_type='Booking Modified',note='Booking Modified',create_date='2024-07-22 11:07:18';
[07/22/2024 11:53:18], [file name :-/efsdata/otrams/public_html/beta/tms/bookings_modification.php],UPDATE agents  SET credit_usage=credit_usage+('92.11'),   credit_value= credit_value-('92.11') ,  cd_credit_usage=cd_credit_usage+('92.11') , cd_credit_value=cd_credit_value-('92.11')  WHERE id = '7877';
[07/22/2024 11:53:18], [file name :-/efsdata/otrams/public_html/beta/tms/bookings_modification.php],insert into  agent_credit_log SET agent_id= '7877',credit_value= '203306.628',credit_usage= '271958.372',credit_limit= '475265.000',receipt_id= '',amount= '92.11',booking_id='675',booking_cost= '1700',receipt_allocation= '',balance= '1700',ip='43.239.53.130',user_type='admin',admin_id='hotelyards',temp_credit_limit='',log_type='Booking Modified',note='Booking Modified',create_date='2024-07-22 11:07:18';
[07/22/2024 11:53:18], [file name :-/efsdata/otrams/public_html/beta/tms/bookings_modification.php],delete from  agent_commission   WHERE booking_id='675';
[07/22/2024 11:53:18], [file name :-/efsdata/otrams/public_html/beta/tms/bookings_modification.php],INSERT INTO agent_commission SET booking_id ='675',booking_detail_id ='675',agent_id ='7867',is_sub_agent ='N',parent_id ='',display_commission ='90.29735',display_currency ='INR',paid ='N',type ='hotel',description ='Agent Mark Up Percentage is 5.6095670837095 %',create_date ='2024-07-22 11:53:18';
[07/22/2024 11:53:18], [file name :-/efsdata/otrams/public_html/beta/tms/bookings_modification.php],update bookings_details set total_nights='1' , supplier_id= 'expediapackage' , total_rooms= '1', arrival_date='2024/07/30', departure_date='2024/07/31', rate_code='~', hotel_address1='Al Jaddaf 1 P.O. Box: 30531', hotel_name='REFLECTIONS HOTEL DUBAI', hotel_phone='+97145089600' where booking_id ='675';
[07/22/2024 11:53:18], [file name :-/efsdata/otrams/public_html/beta/tms/bookings_modification.php],INSERT INTO booking_status (visa_id,visa_status,booking_id,status,create_date,memo,agent_id,ip_address,admin,modify_by,crons) VALUES
		('','','675','vouchered','2024-07-22 11:53:18','Booking Modified by hotelyards','hotelyards','43.239.53.130','hotelyards','','');
[07/22/2024 11:53:22], [file name :-/efsdata/otrams/public_html/beta/get_cancellation_fee_sight.php],INSERT INTO xmllogs(reservation_id, type, request_path, response_path, header_path, source_type, create_date, header,file_path) VALUE('668', 'SIGHT_CANCELLATION_FEE', 'v1/22_07_2024/request_sight_cancellation_fee_Viator_test_668_11_53_21_1721649201.json', 'v1/22_07_2024/response_sight_cancellation_fee_Viator_test_668_11_53_21_1721649201.json', 'v1/22_07_2024/response_header_sight_cancellation_fee_Viator_test_668_11_53_21_1721649201.json', 'viator', '2024-07-22 11:53:22', '','https://beta.astrabookings.com/project_folder/astra_protected/supplier_logs/v1/22_07_2024/response_sight_cancellation_fee_Viator_test_668_11_53_21_1721649201.json');
[07/22/2024 11:54:34], [file name :-/efsdata/otrams/public_html/beta/tms/bookings_modification.php],INSERT INTO history_bookings set history_booking_id ='675', agent_id ='7867', itenirary_id ='7015725018654', confirmation_number ='7015725018654', payment_confirmation_no ='', voucher_id ='vchr12121', voucher_hashcode ='54f98c4c955620e03b3783ecba74641597497675', email_id ='dsfhdsgfjh@gmail.com', leader_title ='Ms', leader_first_name ='pranali', leader_last_name ='mhatre', city_id ='dubai', country_id ='138', display_room_rate ='1700.000', native_room_rate ='26.750', native_currency_code ='USD', additional_charge ='0.000', cancellation_policy ='						&lt;br&gt;If you cancel between 2023-07-27 18:00:00 and 2024-07-30 00:00:00 , you will be charged 1547.37 INR&lt;br&gt;No show or early checkouts is subject to a 100% cancellation charge&lt;br&gt;&lt;br/&gt;&lt;b&gt;Amendment Policy&lt;/b&gt;&lt;br/&gt;
		Please note that most hotels treat changes in pax details, room category and dates as a cancellation of the booking, and charges will apply according to the cancellation policy.
		Late amendment charges may apply if requested after 18:00 on 27th of July 2023.
		Confirmation of amendments is subject to availability and rates at the time of making the amendment.
											', supplier_cancellation_policy ='', current_status ='vouchered', booking_status ='1', status_date ='2024-07-22 11:53:18', create_date ='2024-07-22 11:36:44', source_type ='expediapackage', expiration_date ='2023-07-27 16:00:00', comment_contract =' Bed Type Selection is not guaranteed.&lt;br/&gt; Member&rsquo;s exclusive price &lt;br/&gt;&lt;br/&gt;&lt;b style=\\&#039;color:#2748a3;\\&#039;&gt;Property fee due at property 14.99 AED (4.08 USD)&lt;/b&gt;&lt;br/&gt;&lt;span style=\\&#039;color: red;\\&#039;&gt;&lt;strong&gt;Note:&lt;/strong&gt; *This conversion is an approximate price based on the current exchange rate and may change before your stay.&lt;/span&gt;&lt;br/&gt;&lt;br/&gt;&lt;br/&gt;&lt;b&gt;Checkin Start Time :&lt;/b&gt; 2:00 PM&lt;br/&gt;&lt;b&gt;Checkin End Time :&lt;/b&gt; 5:30 AM&lt;br/&gt;&lt;b&gt;Min Checkin Age :&lt;/b&gt; 18&lt;br/&gt;&lt;b&gt;Checkout Time :&lt;/b&gt; 12:00 PM&lt;br/&gt;&lt;b&gt;Instructions :&lt;/b&gt;   Extra-person charges may apply and vary depending on property policyGovernment-issued photo identification and a credit card, debit card, or cash deposit may be required at check-in for incidental chargesSpecial requests are subject to availability upon check-in and may incur additional charges; special requests cannot be guaranteedThis property only accepts cashCashless transactions are availableSafety features at this property include a fire extinguisher, a smoke detector, a security system, and a first aid kit  &lt;br/&gt;&lt;b&gt;Special Instructions :&lt;/b&gt; This property offers transfers from the train station. Guests must contact the property with arrival details before travel, using the contact information on the booking confirmation. Front desk staff will greet guests on arrival.&lt;br/&gt;The minimum age for a customer to be able to check-in at a property 18. &lt;br/&gt;&lt;b&gt;Mandatory Fees:&lt;/b&gt; You\\&#039;ll be asked to pay the following charges at the property: A tax is imposed by the city: AED 15.00 per accommodation, per night We have included all charges provided to us by the property. &lt;br/&gt;&lt;b&gt;Optional Fees:&lt;/b&gt;  Fee for continental breakfast: approximately AED 35 per personEarly check-in is available for a fee (subject to availability) The above list may not be comprehensive. Fees and deposits may not include tax and are subject to change. &lt;br/&gt;&lt;b&gt;Know Before You Go :&lt;/b&gt;&lt;/br&gt;  Only registered guests are allowed in the guestrooms.  No pets and no service animals are allowed at this property. Cashless payment methods are available for all transactions.Contactless check-out is available. &lt;/br&gt;&lt;/br&gt;&lt;b&gt;Sanitization General Information :&lt;/b&gt;&lt;/br&gt;1-Professional property host/manager &lt;b&gt;&lt;/b&gt;&lt;br/&gt;2-Gap period enforced between guest stays - 24 hours &lt;b&gt;24 hours&lt;/b&gt;&lt;br/&gt;3-Contactless check-out is available &lt;b&gt;&lt;/b&gt;&lt;br/&gt;4-Shield between guests and staff in main contact areas &lt;b&gt;&lt;/b&gt;&lt;br/&gt;5-Property follows sanitization practices of Safe Travels (WTTC - Global) &lt;b&gt;&lt;/b&gt;&lt;br/&gt;6-Property confirms they are implementing guest safety measures &lt;b&gt;&lt;/b&gt;&lt;br/&gt;7-Temperature checks are available to guests &lt;b&gt;&lt;/b&gt;&lt;br/&gt;8-Guest accommodation is sealed after cleaning &lt;b&gt;&lt;/b&gt;&lt;br/&gt;9-Social distancing measures are in place &lt;b&gt;&lt;/b&gt;&lt;br/&gt;10-Staff temperature checks are conducted regularly &lt;b&gt;&lt;/b&gt;&lt;br/&gt;11-Property confirms they are implementing enhanced cleaning measures &lt;b&gt;&lt;/b&gt;&lt;br/&gt;12-Guests are provided with free hand sanitizer &lt;b&gt;&lt;/b&gt;&lt;br/&gt;13-Property is cleaned with disinfectant &lt;b&gt;&lt;/b&gt;&lt;br/&gt;14-Cashless transactions are available &lt;b&gt;&lt;/b&gt;&lt;br/&gt;15-Staff wears personal protective equipment &lt;b&gt;&lt;/b&gt;&lt;br/&gt;16-Food service has been amended for enhanced safety &lt;b&gt;&lt;/b&gt;&lt;br/&gt;17-Bed sheets and towels are washed at a temperature of at least 60&deg;C/140&deg;F &lt;b&gt;&lt;/b&gt;&lt;br/&gt;18-Masks are compulsory at the property &lt;b&gt;&lt;/b&gt;&lt;br/&gt;19-Commonly-touched surfaces are cleaned with disinfectant &lt;b&gt;&lt;/b&gt;&lt;br/&gt;&lt;b&gt;Important Note :&lt;/b&gt; This Should be a part of package and should not sold as Standalone.', admin_note ='', is_payment_gateway ='0', service_type ='hotel', service_type_detail ='', native_rate ='', display_rate ='', agent_rate ='1700.000', wh_sub_agent_rate ='0.000', wh_agent_rate ='1734.000', supplier_rate ='26.750', special_comment ='', special_remark ='', sms_status ='', is_xml ='0', consultant_id ='hotelyards', admin_booked ='1', emailed_status ='0', applied_multiplier ='60.1758', applied_markup ='5.6095670837095', wh_applied_markup ='2.000', original_voucher ='', subagent_markup ='', agent_markup ='5.6095670837095', wh_agent_markup ='2.000', basecurrency_multiplier ='0.01662', wh_basecurrency_multiplier ='0.01662', basecurrency_multiplier_native ='1.00000', wh_basecurrency_multiplier_native ='1.00000', agent_currency_multiplier ='0.01662', wh_agent_currency_multiplier ='1.00000', modified_datetime ='2024-07-22 11:54:34', modified_by ='hotelyards', display_currency_code ='INR', created_datetime ='2024-07-22 11:54:34', sub_agent_rate ='0.000', created_by ='hotelyards', site_id ='21', applicable_service_tax ='0.000', wh_parent_agent_id ='7877', wh_agent_id ='7877', nationality ='Emirati', ip_addr ='43.239.53.130';
[07/22/2024 11:54:34], [file name :-/efsdata/otrams/public_html/beta/tms/bookings_modification.php],INSERT INTO history_bookings_details  set  history_booking_detail_id ='315', old_reff_id ='221', booking_id ='675', supplier_id ='expediapack', total_nights ='1', arrival_date ='2024/07/30', departure_date ='2024/07/31', hotel_id ='9062916', hotel_name ='REFLECTIONS HOTEL DUBAI', hotel_address1 ='Al Jaddaf 1 P.O. Box: 30531', hotel_phone ='+97145089600', hotel_rating ='4.0', rate_code ='~', touricoRoomResId ='', gta_item_confirm_ref ='', channel_manager ='', reservation_pushed ='0', gtaToken ='';
[07/22/2024 11:54:34], [file name :-/efsdata/otrams/public_html/beta/tms/bookings_modification.php],INSERT INTO history_passangers set history_passenger_id = '943', old_reff_id = '221', booking_id = '675', booking_detail_id = '315', salutations = 'Ms', room = '0', rid = '492', first_name = 'pranali', last_name = 'mhatre' ,passenger_type = 'adult' ,age = '';
[07/22/2024 11:54:34], [file name :-/efsdata/otrams/public_html/beta/tms/bookings_modification.php],delete from passangers WHERE booking_id=?;
[07/22/2024 11:54:34], [file name :-/efsdata/otrams/public_html/beta/tms/bookings_modification.php],INSERT INTO history_booking_room_detail set rid = '492', old_reff_id = '221', booking_id = '675', booking_detail_id = '315', room_type_code = '', room_name = 'single', room_type_description = 'Deluxe Double - King , 1 King Bed , Room Only (Members exclusive price) | Amenities:Free WiFi,Free self parking (Package Deal)', display_nightly_rates = 'a:1:{i:0;a:2:{s:18:"displayNightlyRate";s:4:"1700";s:13:"whNightlyRate";s:4:"1734";}}' ,native_nightly_rates = 'a:1:{i:0;a:1:{s:17:"nativeNightlyRate";s:5:"26.75";}}' ,native_room_rate_total = '26.75' ,display_room_rate_total = '1700' ,wh_room_rate_total = '' ,number_of_rooms = '1';
[07/22/2024 11:54:34], [file name :-/efsdata/otrams/public_html/beta/tms/bookings_modification.php],delete from booking_room_detail WHERE booking_id=?;
[07/22/2024 11:54:34], [file name :-/efsdata/otrams/public_html/beta/tms/bookings_modification.php],delete from passangers WHERE booking_id=?;
[07/22/2024 11:54:34], [file name :-/efsdata/otrams/public_html/beta/tms/bookings_modification.php],INSERT INTO booking_room_detail set booking_id = '675', booking_detail_id = '315', room_type_code = '', room_name = 'single', room_type_description = 'Deluxe Double - King , 1 King Bed , Room Only (Members exclusive price) | Amenities:Free WiFi,Free self parking (Package Deal)', display_nightly_rates = 'a:1:{i:0;a:2:{s:18:"displayNightlyRate";s:4:"1700";s:13:"whNightlyRate";s:4:"1734";}}' ,native_nightly_rates = 'a:1:{i:0;a:1:{s:17:"nativeNightlyRate";s:5:"26.75";}}' ,native_room_rate_total = '26.75' ,display_room_rate_total = '1700' ,number_of_rooms = '1';
[07/22/2024 11:54:34], [file name :-/efsdata/otrams/public_html/beta/tms/bookings_modification.php],INSERT INTO passangers set booking_id = '675', booking_detail_id = '315', salutations = 'Ms', room = '', rid = '493', first_name = 'pranali', last_name = 'mhatre' ,age = '';
[07/22/2024 11:54:34], [file name :-/efsdata/otrams/public_html/beta/tms/bookings_modification.php],UPDATE bookings SET confirmation_number='7015725018654',cancellation_policy='												&lt;br&gt;If you cancel between 2023-07-27 18:00:00 and 2024-07-30 00:00:00 , you will be charged 1547.37 INR&lt;br&gt;No show or early checkouts is subject to a 100% cancellation charge&lt;br&gt;&lt;br/&gt;&lt;b&gt;Amendment Policy&lt;/b&gt;&lt;br/&gt;
		Please note that most hotels treat changes in pax details, room category and dates as a cancellation of the booking, and charges will apply according to the cancellation policy.
		Late amendment charges may apply if requested after 18:00 on 27th of July 2023.
		Confirmation of amendments is subject to availability and rates at the time of making the amendment.
											
											',supplier_cancellation_policy='',applied_multiplier='60.1758',applied_markup='5.6095670837095',agent_markup='5.6095670837095',consultant_id='hotelyards',basecurrency_multiplier='0.01662',basecurrency_multiplier_native='1.00000',agent_currency_multiplier='0.01662',current_status='vouchered',status_date='2024-07-22 11:54:34',service_date='2024-07-30',check_out_date='2024-07-31',display_room_rate= '1700',display_discount='0',modified_datetime='2024-07-22 11:54:34',modified_by ='hotelyards',native_room_rate='26.75',native_discount='0.000',additional_charge='10',applicable_service_tax='',leader_title='Ms',leader_first_name='pranali',leader_last_name='mhatre',nationality ='Emirati',booking_type ='online',supplier_profile_id ='43',expiration_date= '2023-07-27 16:00:00',source_type='expediapackage',special_comment='',admin_note='',comment_contract=' Bed Type Selection is not guaranteed.&lt;br/&gt; Member&rsquo;s exclusive price &lt;br/&gt;&lt;br/&gt;&lt;b style=\&#039;color:#2748a3;\&#039;&gt;Property fee due at property 14.99 AED (4.08 USD)&lt;/b&gt;&lt;br/&gt;&lt;span style=\&#039;color: red;\&#039;&gt;&lt;strong&gt;Note:&lt;/strong&gt; *This conversion is an approximate price based on the current exchange rate and may change before your stay.&lt;/span&gt;&lt;br/&gt;&lt;br/&gt;&lt;br/&gt;&lt;b&gt;Checkin Start Time :&lt;/b&gt; 2:00 PM&lt;br/&gt;&lt;b&gt;Checkin End Time :&lt;/b&gt; 5:30 AM&lt;br/&gt;&lt;b&gt;Min Checkin Age :&lt;/b&gt; 18&lt;br/&gt;&lt;b&gt;Checkout Time :&lt;/b&gt; 12:00 PM&lt;br/&gt;&lt;b&gt;Instructions :&lt;/b&gt;   Extra-person charges may apply and vary depending on property policyGovernment-issued photo identification and a credit card, debit card, or cash deposit may be required at check-in for incidental chargesSpecial requests are subject to availability upon check-in and may incur additional charges; special requests cannot be guaranteedThis property only accepts cashCashless transactions are availableSafety features at this property include a fire extinguisher, a smoke detector, a security system, and a first aid kit  &lt;br/&gt;&lt;b&gt;Special Instructions :&lt;/b&gt; This property offers transfers from the train station. Guests must contact the property with arrival details before travel, using the contact information on the booking confirmation. Front desk staff will greet guests on arrival.&lt;br/&gt;The minimum age for a customer to be able to check-in at a property 18. &lt;br/&gt;&lt;b&gt;Mandatory Fees:&lt;/b&gt; You\&#039;ll be asked to pay the following charges at the property: A tax is imposed by the city: AED 15.00 per accommodation, per night We have included all charges provided to us by the property. &lt;br/&gt;&lt;b&gt;Optional Fees:&lt;/b&gt;  Fee for continental breakfast: approximately AED 35 per personEarly check-in is available for a fee (subject to availability) The above list may not be comprehensive. Fees and deposits may not include tax and are subject to change. &lt;br/&gt;&lt;b&gt;Know Before You Go :&lt;/b&gt;&lt;/br&gt;  Only registered guests are allowed in the guestrooms.  No pets and no service animals are allowed at this property. Cashless payment methods are available for all transactions.Contactless check-out is available. &lt;/br&gt;&lt;/br&gt;&lt;b&gt;Sanitization General Information :&lt;/b&gt;&lt;/br&gt;1-Professional property host/manager &lt;b&gt;&lt;/b&gt;&lt;br/&gt;2-Gap period enforced between guest stays - 24 hours &lt;b&gt;24 hours&lt;/b&gt;&lt;br/&gt;3-Contactless check-out is available &lt;b&gt;&lt;/b&gt;&lt;br/&gt;4-Shield between guests and staff in main contact areas &lt;b&gt;&lt;/b&gt;&lt;br/&gt;5-Property follows sanitization practices of Safe Travels (WTTC - Global) &lt;b&gt;&lt;/b&gt;&lt;br/&gt;6-Property confirms they are implementing guest safety measures &lt;b&gt;&lt;/b&gt;&lt;br/&gt;7-Temperature checks are available to guests &lt;b&gt;&lt;/b&gt;&lt;br/&gt;8-Guest accommodation is sealed after cleaning &lt;b&gt;&lt;/b&gt;&lt;br/&gt;9-Social distancing measures are in place &lt;b&gt;&lt;/b&gt;&lt;br/&gt;10-Staff temperature checks are conducted regularly &lt;b&gt;&lt;/b&gt;&lt;br/&gt;11-Property confirms they are implementing enhanced cleaning measures &lt;b&gt;&lt;/b&gt;&lt;br/&gt;12-Guests are provided with free hand sanitizer &lt;b&gt;&lt;/b&gt;&lt;br/&gt;13-Property is cleaned with disinfectant &lt;b&gt;&lt;/b&gt;&lt;br/&gt;14-Cashless transactions are available &lt;b&gt;&lt;/b&gt;&lt;br/&gt;15-Staff wears personal protective equipment &lt;b&gt;&lt;/b&gt;&lt;br/&gt;16-Food service has been amended for enhanced safety &lt;b&gt;&lt;/b&gt;&lt;br/&gt;17-Bed sheets and towels are washed at a temperature of at least 60&deg;C/140&deg;F &lt;b&gt;&lt;/b&gt;&lt;br/&gt;18-Masks are compulsory at the property &lt;b&gt;&lt;/b&gt;&lt;br/&gt;19-Commonly-touched surfaces are cleaned with disinfectant &lt;b&gt;&lt;/b&gt;&lt;br/&gt;&lt;b&gt;Important Note :&lt;/b&gt; This Should be a part of package and should not sold as Standalone.',booking_repushti='4' WHERE id='675';
[07/22/2024 11:54:34], [file name :-/efsdata/otrams/public_html/beta/tms/bookings_modification.php],update bookings set  parent_agent_id='7867', sub_agent_rate='', agent_rate='1700', agent_markup='5.6095670837095', supplier_rate='26.75', wh_sub_agent_rate='', wh_agent_rate='1734' where id='675';
[07/22/2024 11:54:34], [file name :-/efsdata/otrams/public_html/beta/tms/bookings_modification.php], insert into booking_rate_info set  booking_id = '675', booking_log = 'Booking Modified', create_date = '2024-07-22 11:54:34', supplier_currency ='USD', type = 'Ammended', agent_price = '', sub_agent_price ='', supplier_price = '', supplier_id = 'expediapack', supplier_type = 'online';
[07/22/2024 11:54:34], [file name :-/efsdata/otrams/public_html/beta/tms/bookings_modification.php], insert into booking_rate_info set  booking_id = '675', booking_log = 'Booking Modified', create_date = '2024-07-22 11:54:34', supplier_currency ='USD', type = 'Ammended', agent_price = '', sub_agent_price ='', supplier_price = '26.750', supplier_id = 'expediapackage', supplier_type = 'online';
[07/22/2024 11:54:34], [file name :-/efsdata/otrams/public_html/beta/tms/bookings_modification.php],update bookings_details set total_nights='1' , supplier_id= 'expediapackage' , total_rooms= '1', arrival_date='2024/07/30', departure_date='2024/07/31', rate_code='~', hotel_address1='Al Jaddaf 1 P.O. Box: 30531', hotel_name='REFLECTIONS HOTEL DUBAI', hotel_phone='+97145089600' where booking_id ='675';
[07/22/2024 11:54:35], [file name :-/efsdata/otrams/public_html/beta/tms/bookings_modification.php],INSERT INTO booking_status (visa_id,visa_status,booking_id,status,create_date,memo,agent_id,ip_address,admin,modify_by,crons) VALUES
		('','','675','vouchered','2024-07-22 11:54:35','Booking Modified by hotelyards','hotelyards','43.239.53.130','hotelyards','','');
[07/22/2024 11:55:11], [file name :-/efsdata/otrams/public_html/beta/agent_login.php],update agents set last_login_date = '2024-07-22 11:55:11',login_attempt=0 where id = '7877';
[07/22/2024 11:55:11], [file name :-/efsdata/otrams/public_html/beta/agent_login.php],INSERT INTO psa_login_log  SET username = 'Pranali_WL', user_type = 'A', branch_id = '32', login_datetime = '2024-07-22 11:55:11', ip = '43.239.53.130', action = 'Login' ;
[07/22/2024 11:56:04], [file name :-/efsdata/otrams/public_html/beta/hotel_search_list.php],INSERT INTO agent_logs SET  agent_id = '7867' , sub_agent_id = '' , sub_user_id = '0' , wh_agent_id = '7877' , branch_id = '32' , ip = '43.239.53.130' , city = 'dubai' , service_name = '' , country_of_residence = '138' , service_type = 'hotel' , arrival_date = '2024/08/12' , departure_date = '2024/08/17' , nights = '5' , nationality = '138' , room_types = '2' , room_type='[{"numberOfAdults":2}]' , available='0' , create_date = '2024-07-22 11:56:04' , site_id = '21' , country_code = '138' , city_code = '71649' , ratings = '3.0,4.0,5.0,SC' , selected_currency = 'INR' , currency_code = 'INR' , wh_applied_markup = '2.0' , web_service = '0' ;
[07/22/2024 11:56:10], [file name :-/efsdata/otrams/public_html/beta/xml_all.php],UPDATE agent_logs SET
        hotel_count = '378',
        request_path = '/xml_all.php?userid=7867&sessionid=1e540ac82bdc52d7cb782093ccc8bd06da9e3b8d8936f83266f4df80fef0a655',
        duration = '5.753',
        merge_duration = '1.226',
        assigned_supplier_count = '2',
        searched_supplier_count = '1',
        system_load_1_min = '0.79',
        system_load_5_min = '0.78',
        system_load_15_min = '1.09',
        system_memory_usage = '38.83',
        memory_usage = (SELECT COALESCE(SUM(memory_used),0) FROM xmllogs WHERE agent_logs_id = '2676') + '37571216',
        parallel_search_count = '',
        mongo_archive_collection = '',
        error_description = '',
        is_cached = 'no'
        WHERE id = '2676';
[07/22/2024 11:56:31], [file name :-/efsdata/otrams/public_html/beta/book_now.php],INSERT INTO autogenerator_reservation (reservation_id, remote_id) VALUES ('1721649391','43.239.53.130');
[07/22/2024 11:56:32], [file name :-/efsdata/otrams/public_html/beta/book_now.php],INSERT INTO xmllogs(reservation_id, type, request_path, response_path, header_path, source_type, create_date, header, session_id, agent_logs_id,file_path) VALUE ('', 'AVAILABILITY', 'e1p/22_07_2024/request_availability_hotel_yards_2676_1721649391_71.json', 'e1p/22_07_2024/response_availability_hotel_yards_2676_1721649391_71.json', 'e1p/22_07_2024/response_header_availability_hotel_yards_2676_1721649391_71.json', 'expediapackage', '2024-07-22 11:56:32', '', '1e540ac82bdc52d7cb782093ccc8bd06da9e3b8d8936f83266f4df80fef0a655', '2676', 'https://hotelyards.astrabookings.com/project_folder/astra_protected/supplier_logs/e1p/22_07_2024/response_availability_hotel_yards_2676_1721649391_71.json');
[07/22/2024 11:56:32], [file name :-/efsdata/otrams/public_html/beta/book_now.php],INSERT INTO xmllogs(reservation_id, type, request_path, response_path, header_path, source_type, create_date, header, session_id, agent_logs_id,file_path) VALUE ('', 'VALUATION', 'e1p/22_07_2024/request_valuation_hotel_yards_2676_1721649392_36.json', 'e1p/22_07_2024/response_valuation_hotel_yards_2676_1721649392_36.json', 'e1p/22_07_2024/response_header_valuation_hotel_yards_2676_1721649392_36.json', 'expediapackage', '2024-07-22 11:56:32', '', '1e540ac82bdc52d7cb782093ccc8bd06da9e3b8d8936f83266f4df80fef0a655', '2676', 'https://hotelyards.astrabookings.com/project_folder/astra_protected/supplier_logs/e1p/22_07_2024/response_valuation_hotel_yards_2676_1721649392_36.json');
[07/22/2024 11:56:37], [file name :-/efsdata/otrams/public_html/beta/book_now.php],INSERT INTO autogenerator_reservation (reservation_id, remote_id) VALUES ('1721649397','43.239.53.130');
[07/22/2024 11:56:38], [file name :-/efsdata/otrams/public_html/beta/book_now.php],INSERT INTO xmllogs(reservation_id, type, request_path, response_path, header_path, source_type, create_date, header, session_id, agent_logs_id,file_path) VALUE ('', 'AVAILABILITY', 'e1p/22_07_2024/request_availability_hotel_yards_2676_1721649397_75.json', 'e1p/22_07_2024/response_availability_hotel_yards_2676_1721649397_75.json', 'e1p/22_07_2024/response_header_availability_hotel_yards_2676_1721649397_75.json', 'expediapackage', '2024-07-22 11:56:38', '', '1e540ac82bdc52d7cb782093ccc8bd06da9e3b8d8936f83266f4df80fef0a655', '2676', 'https://hotelyards.astrabookings.com/project_folder/astra_protected/supplier_logs/e1p/22_07_2024/response_availability_hotel_yards_2676_1721649397_75.json');
[07/22/2024 11:56:39], [file name :-/efsdata/otrams/public_html/beta/book_now.php],INSERT INTO xmllogs(reservation_id, type, request_path, response_path, header_path, source_type, create_date, header, session_id, agent_logs_id,file_path) VALUE ('', 'VALUATION', 'e1p/22_07_2024/request_valuation_hotel_yards_2676_1721649398_2.json', 'e1p/22_07_2024/response_valuation_hotel_yards_2676_1721649398_2.json', 'e1p/22_07_2024/response_header_valuation_hotel_yards_2676_1721649398_2.json', 'expediapackage', '2024-07-22 11:56:39', '', '1e540ac82bdc52d7cb782093ccc8bd06da9e3b8d8936f83266f4df80fef0a655', '2676', 'https://hotelyards.astrabookings.com/project_folder/astra_protected/supplier_logs/e1p/22_07_2024/response_valuation_hotel_yards_2676_1721649398_2.json');
[07/22/2024 11:57:05], [file name :-/efsdata/otrams/public_html/beta/book_now.php],INSERT INTO autogenerator_reservation (reservation_id, remote_id) VALUES ('1721649425','43.239.53.130');
[07/22/2024 11:57:07], [file name :-/efsdata/otrams/public_html/beta/confirm_booking.php], insert into bookings set  source_type = 'expediapackage', reservation_id = '5005', create_date = '2024-07-22 11:57:07', agent_id = '7867', parent_agent_id = '7867', agent_ref_no = '', nationality = 'Emirati', city_id = 'dubai', country_id = '138', current_status = 'inprocess-booking', booking_branch_id = '32', is_xml = '0', display_room_rate = '9380.19', display_currency_code = 'INR', native_room_rate = '155.88', native_currency_code = 'USD', supplier_profile_id = '43', service_type = 'hotel', service_date = '2024/08/12', check_out_date = '2024/08/17', sub_user_id = '', booking_status = '1', leader_title = 'Mr', leader_first_name = 'pranali', leader_last_name = 'mhatre', status_date = '2024-07-22 11:57:07';
[07/22/2024 11:57:07], [file name :-/efsdata/otrams/public_html/beta/confirm_booking.php],INSERT INTO external_mapping_data_tracking (booking_id,search_hotel_name,booked_hotel_name_supplier,hotel_id,master_id,city_id,supplier,date) VALUES ('676','IBIS DUBAI AL BARSHA','NA','2266468','OT000144443','dubai','expediapackage',NOW());
[07/22/2024 11:57:07], [file name :-/efsdata/otrams/public_html/beta/confirm_booking.php],UPDATE
		bookings
		SET
		booking_branch_id= '32'
		WHERE
		id='676'
		;
[07/22/2024 11:57:07], [file name :-/efsdata/otrams/public_html/beta/confirm_booking.php],insert into bookings_details(booking_id,reservation_id,supplier_id,total_rooms,total_adults,total_children,total_infants,rate_description ,rate_code,hotel_id,hotel_name,hotel_address1,hotel_phone,hotel_rating,total_nights,arrival_date,departure_date,room_rate_code,hotel_img)values('676','5005','','1','2','0','-','','','2266468','IBIS DUBAI AL BARSHA','Sheikh Zayed Road Al Barsha','+97143996699','3.0','5','2024/08/12','2024/08/17','','https://beta.astrabookings.com/cpfv3/images/?image=aHR0cHM6Ly9pLnRyYXZlbGFwaS5jb20vaG90ZWxzLzMwMDAwMDAvMjI3MDAwMC8yMjY2NTAwLzIyNjY0NjgvNjVjYTU4ODlfYi5qcGc=');
[07/22/2024 11:57:07], [file name :-/efsdata/otrams/public_html/beta/confirm_booking.php], insert into booking_room_detail set  booking_id = '676', booking_detail_id = '1', room_type_code = '', room_name = 'double', room_type_description = 'Double Room, 1 Double Bed , 1 Double Bed , Room Only | Amenities:Free WiFi,Free self parking (Package Deal)', display_nightly_rates = 'a:5:{i:0;a:3:{s:18:"displayNightlyRate";d:2488.8699999999999;s:25:"displayNightlyRateDisplay";s:373:"Supplier Rate - 41.36; ;Agent Commission Part - 0.000000;PerNightNativeCommission - 1.300000;partCommission - 0.000000;Supplier Commission - 1.300000;partCommission Supplier - 0.000000; Currency Multiplier (USD - INR) - 60.175800; Markup Policy : ; Markup Amount : 0.000000; Applied Markup Amount : 0.000000; Markup in % : 0.000000; Golang : yes ; Supplier : expediapackage";s:13:"whNightlyRate";d:2538.6500000000001;}i:1;a:3:{s:18:"displayNightlyRate";d:1722.8299999999999;s:25:"displayNightlyRateDisplay";s:373:"Supplier Rate - 28.63; ;Agent Commission Part - 0.000000;PerNightNativeCommission - 1.300000;partCommission - 0.000000;Supplier Commission - 1.300000;partCommission Supplier - 0.000000; Currency Multiplier (USD - INR) - 60.175800; Markup Policy : ; Markup Amount : 0.000000; Applied Markup Amount : 0.000000; Markup in % : 0.000000; Golang : yes ; Supplier : expediapackage";s:13:"whNightlyRate";d:1757.29;}i:2;a:3:{s:18:"displayNightlyRate";d:1722.8299999999999;s:25:"displayNightlyRateDisplay";s:373:"Supplier Rate - 28.63; ;Agent Commission Part - 0.000000;PerNightNativeCommission - 1.300000;partCommission - 0.000000;Supplier Commission - 1.300000;partCommission Supplier - 0.000000; Currency Multiplier (USD - INR) - 60.175800; Markup Policy : ; Markup Amount : 0.000000; Applied Markup Amount : 0.000000; Markup in % : 0.000000; Golang : yes ; Supplier : expediapackage";s:13:"whNightlyRate";d:1757.29;}i:3;a:3:{s:18:"displayNightlyRate";d:1722.8299999999999;s:25:"displayNightlyRateDisplay";s:373:"Supplier Rate - 28.63; ;Agent Commission Part - 0.000000;PerNightNativeCommission - 1.300000;partCommission - 0.000000;Supplier Commission - 1.300000;partCommission Supplier - 0.000000; Currency Multiplier (USD - INR) - 60.175800; Markup Policy : ; Markup Amount : 0.000000; Applied Markup Amount : 0.000000; Markup in % : 0.000000; Golang : yes ; Supplier : expediapackage";s:13:"whNightlyRate";d:1757.29;}i:4;a:3:{s:18:"displayNightlyRate";d:1722.8299999999999;s:25:"displayNightlyRateDisplay";s:373:"Supplier Rate - 28.63; ;Agent Commission Part - 0.000000;PerNightNativeCommission - 1.300000;partCommission - 0.000000;Supplier Commission - 1.300000;partCommission Supplier - 0.000000; Currency Multiplier (USD - INR) - 60.175800; Markup Policy : ; Markup Amount : 0.000000; Applied Markup Amount : 0.000000; Markup in % : 0.000000; Golang : yes ; Supplier : expediapackage";s:13:"whNightlyRate";d:1757.29;}}', native_nightly_rates = 'a:5:{i:0;a:1:{s:17:"nativeNightlyRate";d:41.359999999999999;}i:1;a:1:{s:17:"nativeNightlyRate";d:28.629999999999999;}i:2;a:1:{s:17:"nativeNightlyRate";d:28.629999999999999;}i:3;a:1:{s:17:"nativeNightlyRate";d:28.629999999999999;}i:4;a:1:{s:17:"nativeNightlyRate";d:28.629999999999999;}}', native_room_rate_total = '155.88', wh_room_rate_total = '9567.79', display_room_rate_total = '9380.19', number_of_rooms = '1';
[07/22/2024 11:57:07], [file name :-/efsdata/otrams/public_html/beta/confirm_booking.php], insert into passangers set  booking_id = '676', booking_detail_id = '1', rid = '494', room = '0', salutations = 'Mr', first_name = 'pranali', last_name = 'mhatre', passenger_type = 'adult', age = '';
[07/22/2024 11:57:07], [file name :-/efsdata/otrams/public_html/beta/confirm_booking.php], insert into passangers set  booking_id = '676', booking_detail_id = '1', rid = '494', room = '0', salutations = 'Mr', first_name = 'TBAA', last_name = 'TBAA', passenger_type = 'adult', age = '';
[07/22/2024 11:57:08], [file name :-/efsdata/otrams/public_html/beta/confirm_booking.php],INSERT INTO xmllogs(reservation_id, type, request_path, response_path, header_path, source_type, create_date, header, session_id, agent_logs_id,file_path) VALUE ('', 'RESERVATION', 'e1p/22_07_2024/request_reservation_hotel_yards_2676_1721649427_59.json', 'e1p/22_07_2024/response_reservation_hotel_yards_2676_1721649427_59.json', 'e1p/22_07_2024/response_header_reservation_hotel_yards_2676_1721649427_59.json', 'expediapackage', '2024-07-22 11:57:08', '', '1e540ac82bdc52d7cb782093ccc8bd06da9e3b8d8936f83266f4df80fef0a655', '2676', 'https://hotelyards.astrabookings.com/project_folder/astra_protected/supplier_logs/e1p/22_07_2024/response_reservation_hotel_yards_2676_1721649427_59.json');
[07/22/2024 11:57:08], [file name :-/efsdata/otrams/public_html/beta/confirm_booking.php],update bookings set  special_remark = '', itenirary_id = '7155303203691', confirmation_number = '7155303203691', display_discount = '0', cancellation_policy = '<br>If you cancel between 2023-07-22 13:56:39 and 2024-08-12 00:00:00 , you will be charged 9567.8 INR<br>No show or early checkouts is subject to a 100% cancellation charge<br><br/><b>Amendment Policy</b><br/>
		Please note that most hotels treat changes in pax details, room category and dates as a cancellation of the booking, and charges will apply according to the cancellation policy.
		Late amendment charges may apply if requested after 13:56 on 22nd of July 2023.
		Confirmation of amendments is subject to availability and rates at the time of making the amendment.', supplier_cancellation_policy = '', current_status = 'confirmed', expiration_date = '2023-07-22 11:57:00', comment_contract = ' Bed Type Selection is not guaranteed.<br/><br/><br/><b style=\'color:#2748a3;\'>Property fee due at property 49.99 AED (13.61 USD)</b><br/><span style=\'color: red;\'><strong>Note:</strong> *This conversion is an approximate price based on the current exchange rate and may change before your stay.</span><br/><br/><br/><b>Checkin Start Time :</b> 2:00 PM<br/><b>Checkin End Time :</b> midnight<br/><b>Min Checkin Age :</b> 18<br/><b>Checkout Time :</b> 12:00 PM<br/><b>Instructions :</b>   Extra-person charges may apply and vary depending on property policyGovernment-issued photo identification and a credit card, debit card, or cash deposit may be required at check-in for incidental chargesSpecial requests are subject to availability upon check-in and may incur additional charges; special requests cannot be guaranteedThe name on the credit card used at check-in to pay for incidentals must be the primary name on the guestroom reservationThis property accepts credit cards, debit cards, and cashThis property affirms that it follows the cleaning and disinfection practices of ALLSAFE (Accor Hotels)  <br/><b>Special Instructions :</b> Front desk staff will greet guests on arrival.<br/>The minimum age for a customer to be able to check-in at a property 18. <br/><b>Mandatory Fees:</b> You\'ll be asked to pay the following charges at the property: A tax is imposed by the city: AED 10.00 per accommodation, per night We have included all charges provided to us by the property. <br/><b>Optional Fees:</b>  Fee for buffet breakfast: approximately AED 60 per personAirport shuttle fee: AED 150 per vehicle (one way) The above list may not be comprehensive. Fees and deposits may not include tax and are subject to change. <br/><b>Know Before You Go :</b></br>  Only registered guests are allowed in the guestrooms.  The property has connecting/adjoining rooms, which are subject to availability and can be requested by contacting the property using the number on the booking confirmation. The photos in this description reflect the brand standard and are provided for illustrative purposes only. Contactless check-out is available. </br></br><b>Sanitization General Information :</b></br>1-Gap period enforced between guest stays - 24 hours <b>24 hours</b><br/>2-Property follows a brand or regulatory agency\'s sanitization guidelines ALLSAFE (Accor Hotels) <b>ALLSAFE (Accor Hotels)</b><br/>3-Contactless check-out is available <b></b><br/>4-Shield between guests and staff in main contact areas <b></b><br/>5-Property confirms they are implementing guest safety measures <b></b><br/>6-Temperature checks are available to guests <b></b><br/>7-Social distancing measures are in place <b></b><br/>8-Staff temperature checks are conducted regularly <b></b><br/>9-Property confirms they are implementing enhanced cleaning measures <b></b><br/>10-Guests are provided with free hand sanitizer <b></b><br/>11-Property is cleaned with disinfectant <b></b><br/>12-Staff wears personal protective equipment <b></b><br/>13-Food service has been amended for enhanced safety <b></b><br/>14-Bed sheets and towels are washed at a temperature of at least 60°C/140°F <b></b><br/>15-Property follows sanitization practices of Bureau Veritas (3rd party expert - Global) <b></b><br/>16-Masks are compulsory at the property <b></b><br/>17-No cribs (infant beds) available <b></b><br/>18-Green Key <b></b><br/>19-No rollaway/extra beds available <b></b><br/>20-Commonly-touched surfaces are cleaned with disinfectant <b></b><br/><b>Important Note :</b> This Should be a part of package and should not sold as Standalone.', consultant_id = 'hotelyards', sales_manager_id = '0', admin_booked = '1', email_id = 'pranali.mhatre@qtechsoftware.com', leader_phone = '9898989890', agent_currency_multiplier = '0.01662', ip_addr = '43.239.53.130', comment_contract = ' Bed Type Selection is not guaranteed.<br/><br/><br/><b style=\'color:#2748a3;\'>Property fee due at property 49.99 AED (13.61 USD)</b><br/><span style=\'color: red;\'><strong>Note:</strong> *This conversion is an approximate price based on the current exchange rate and may change before your stay.</span><br/><br/><br/><b>Checkin Start Time :</b> 2:00 PM<br/><b>Checkin End Time :</b> midnight<br/><b>Min Checkin Age :</b> 18<br/><b>Checkout Time :</b> 12:00 PM<br/><b>Instructions :</b>   Extra-person charges may apply and vary depending on property policyGovernment-issued photo identification and a credit card, debit card, or cash deposit may be required at check-in for incidental chargesSpecial requests are subject to availability upon check-in and may incur additional charges; special requests cannot be guaranteedThe name on the credit card used at check-in to pay for incidentals must be the primary name on the guestroom reservationThis property accepts credit cards, debit cards, and cashThis property affirms that it follows the cleaning and disinfection practices of ALLSAFE (Accor Hotels)  <br/><b>Special Instructions :</b> Front desk staff will greet guests on arrival.<br/>The minimum age for a customer to be able to check-in at a property 18. <br/><b>Mandatory Fees:</b> You\'ll be asked to pay the following charges at the property: A tax is imposed by the city: AED 10.00 per accommodation, per night We have included all charges provided to us by the property. <br/><b>Optional Fees:</b>  Fee for buffet breakfast: approximately AED 60 per personAirport shuttle fee: AED 150 per vehicle (one way) The above list may not be comprehensive. Fees and deposits may not include tax and are subject to change. <br/><b>Know Before You Go :</b></br>  Only registered guests are allowed in the guestrooms.  The property has connecting/adjoining rooms, which are subject to availability and can be requested by contacting the property using the number on the booking confirmation. The photos in this description reflect the brand standard and are provided for illustrative purposes only. Contactless check-out is available. </br></br><b>Sanitization General Information :</b></br>1-Gap period enforced between guest stays - 24 hours <b>24 hours</b><br/>2-Property follows a brand or regulatory agency\'s sanitization guidelines ALLSAFE (Accor Hotels) <b>ALLSAFE (Accor Hotels)</b><br/>3-Contactless check-out is available <b></b><br/>4-Shield between guests and staff in main contact areas <b></b><br/>5-Property confirms they are implementing guest safety measures <b></b><br/>6-Temperature checks are available to guests <b></b><br/>7-Social distancing measures are in place <b></b><br/>8-Staff temperature checks are conducted regularly <b></b><br/>9-Property confirms they are implementing enhanced cleaning measures <b></b><br/>10-Guests are provided with free hand sanitizer <b></b><br/>11-Property is cleaned with disinfectant <b></b><br/>12-Staff wears personal protective equipment <b></b><br/>13-Food service has been amended for enhanced safety <b></b><br/>14-Bed sheets and towels are washed at a temperature of at least 60°C/140°F <b></b><br/>15-Property follows sanitization practices of Bureau Veritas (3rd party expert - Global) <b></b><br/>16-Masks are compulsory at the property <b></b><br/>17-No cribs (infant beds) available <b></b><br/>18-Green Key <b></b><br/>19-No rollaway/extra beds available <b></b><br/>20-Commonly-touched surfaces are cleaned with disinfectant <b></b><br/><b>Important Note :</b> This Should be a part of package and should not sold as Standalone.', backoffice_user = 'hotelyards', customer_id = '', applied_multiplier='60.1758',  wh_applied_markup='2.0',  wh_agent_currency_multiplier='1.00000',  wh_agent_markup='2.0',  wh_agent_rate='9567.79',  wh_sub_agent_rate='0',  wh_parent_agent_id='7877',  wh_agent_id='7877',  wh_basecurrency_multiplier_native='1.00000',  wh_basecurrency_multiplier='0.01662',  site_id='21',  applied_markup='0',  agent_markup='0',  basecurrency_multiplier='0.01662',  basecurrency_multiplier_native='1.00000',  parent_agent_id='7867',  sub_agent_rate='0',  agent_rate='9380.19',  applicable_service_tax='0',  supplier_rate='155.88',  uid='4e26166b7431881b4997b2b0281c9776'  where id='676';
[07/22/2024 11:57:08], [file name :-/efsdata/otrams/public_html/beta/confirm_booking.php],update bookings_details set touricoRoomResId ='', gta_item_confirm_ref='' , special_request='' where booking_id ='676';
[07/22/2024 11:57:08], [file name :-/efsdata/otrams/public_html/beta/confirm_booking.php], INSERT INTO booking_special_request set booking_id = '676' , sr_id = '4' ;
[07/22/2024 11:57:08], [file name :-/efsdata/otrams/public_html/beta/confirm_booking.php],insert into booking_lat_long(booking_id,latitude,longitude) values ('676','25.108829662635','55.183290839195');
[07/22/2024 11:57:08], [file name :-/efsdata/otrams/public_html/beta/confirm_booking.php],insert into `user_logs` set `username`= 'hotel_yards',`create_date`= '2024-07-22 11:57:08',`log_type`= 'Loyalty Tier Accumulated Points',`sql_query`= 'select id,current_status,display_currency_code,agent_rate,sub_agent_rate,display_room_rate,wh_agent_rate,wh_sub_agent_rate  from bookings where id=\&#039;676\&#039;',`log_description`= 'Loyalty Accumulated Points :0 Added For Booking ID -676 And Booking Status - confirmed',`ip`= '43.239.53.130';
[07/22/2024 11:57:08], [file name :-/efsdata/otrams/public_html/beta/confirm_booking.php],insert into user_log_link Set `user_logs_id`='1', `entity`='BookingId', `value`='676' ;
[07/22/2024 11:57:08], [file name :-/efsdata/otrams/public_html/beta/confirm_booking.php],update bookings set invoice_number= '2024/00124', voucher_id='vchr5454',status_date='2024-07-22 11:57:08',current_status='vouchered',voucher_hashcode='cbcbd4ed0de88338aee0b669cb87720d14402676',vouchered_by ='' where id='676';
[07/22/2024 11:57:08], [file name :-/efsdata/otrams/public_html/beta/confirm_booking.php],update bookings set is_invoiced='yes',invoice_number= '2024/00125' where id='676' and is_invoiced!='yes';
[07/22/2024 11:57:08], [file name :-/efsdata/otrams/public_html/beta/confirm_booking.php],UPDATE agents SET credit_usage=credit_usage+('155.8987578'),   credit_value= credit_value-('155.8987578') ,  cd_credit_usage=cd_credit_usage+('155.8987578') , cd_credit_value=cd_credit_value-('155.8987578')  WHERE id = '7867';
[07/22/2024 11:57:08], [file name :-/efsdata/otrams/public_html/beta/confirm_booking.php],insert into  agent_credit_log SET agent_id= '7867',credit_value= '99994365.137',credit_usage= '5633.863',credit_limit= '99999999.000',receipt_id= '',amount= '155.8987578',booking_id='676',booking_cost= '9380.19',receipt_allocation= '',balance= '9380.19',ip='43.239.53.130',user_type='User',admin_id='Agent - Rajendra deepak chaursiya(CD7867)',temp_credit_limit='',log_type='Add Invoice',note='Add Invoice',create_date='2024-07-22 11:07:08';
[07/22/2024 11:57:08], [file name :-/efsdata/otrams/public_html/beta/confirm_booking.php],UPDATE agents  SET credit_usage=credit_usage+('9567.79'),   credit_value= credit_value-('9567.79') ,  cd_credit_usage=cd_credit_usage+('9567.79') , cd_credit_value=cd_credit_value-('9567.79')  WHERE id = '7877';
[07/22/2024 11:57:08], [file name :-/efsdata/otrams/public_html/beta/confirm_booking.php],insert into  agent_credit_log SET agent_id= '7877',credit_value= '193738.838',credit_usage= '281526.162',credit_limit= '475265.000',receipt_id= '',amount= '9567.79',booking_id='676',booking_cost= '9380.19',receipt_allocation= '',balance= '9380.19',ip='43.239.53.130',user_type='User',admin_id='Agent - Rajendra deepak chaursiya(CD7867)',temp_credit_limit='',log_type='Add Invoice',note='Add Invoice',create_date='2024-07-22 11:07:08';
[07/22/2024 11:57:08], [file name :-/efsdata/otrams/public_html/beta/confirm_booking.php], insert into wh_booking_rate_info set  booking_id = '676', booking_log = 'Booking Vouchered', create_date = '2024-07-22 11:57:08', type = 'Sale', agent_price = '9567.790', sub_agent_price = '0.000', supplier_price = '9380.190';
[07/22/2024 11:57:08], [file name :-/efsdata/otrams/public_html/beta/confirm_booking.php], insert into booking_rate_info set  booking_id = '676', booking_log = 'Booking Vouchered', create_date = '2024-07-22 11:57:08', supplier_currency ='USD', type = 'Sale', agent_price = '9380.19', sub_agent_price ='', supplier_price = '155.880', supplier_id = 'expediapackage', supplier_type = 'online';
[07/22/2024 11:57:13], [file name :-/efsdata/otrams/public_html/beta/confirm_booking.php],INSERT INTO booking_status (visa_id,visa_status,booking_id,status,create_date,memo,agent_id,ip_address,admin,modify_by,crons) VALUES
		('','','676','vouchered-invoiced','2024-07-22 11:57:13','Booking invoiced by Back Office hotelyards on behalf of Agent - Rajendra deepak chaursiya(CD7867)','7867','43.239.53.130','','','');
[07/22/2024 11:57:13], [file name :-/efsdata/otrams/public_html/beta/confirm_booking.php],INSERT INTO agent_commission SET booking_id ='676',booking_detail_id ='676',agent_id ='7867',is_sub_agent ='N',parent_id ='',display_commission ='0',display_currency ='INR',paid ='N',type ='hotel',description ='Agent Mark Up Percentage is 0 %',create_date ='2024-07-22 11:57:13';
[07/22/2024 11:57:13], [file name :-/efsdata/otrams/public_html/beta/confirm_booking.php],INSERT INTO booking_status (visa_id,visa_status,booking_id,status,create_date,memo,agent_id,ip_address,admin,modify_by,crons) VALUES
		('','','676','vouchered','2024-07-22 11:57:13','Voucherd by Back Office hotelyards on behalf of Agent - Rajendra deepak chaursiya(CD7867)','7867','43.239.53.130','','','');
[07/22/2024 11:57:14], [file name :-/efsdata/otrams/public_html/beta/confirm_booking.php],insert into temp(booking_id,mail_send_to)values('676','pranali.mhatre@qtechsoftware.com');
[07/22/2024 11:57:14], [file name :-/efsdata/otrams/public_html/beta/confirm_booking.php],insert into temp(booking_id,mail_send_to)values('676','gajendra.rajpurohit@qtechsoftware.com');
[07/22/2024 11:57:16], [file name :-/efsdata/otrams/public_html/beta/confirm_booking.php],insert into temp(booking_id,mail_send_to)values('676','gajendra.rajpurohit@qtechsoftware.com');
[07/22/2024 11:57:16], [file name :-/efsdata/otrams/public_html/beta/confirm_booking.php],insert into temp(booking_id,mail_send_to)values('676','gajendra.rajpurohit@qtechsoftware.com');
[07/22/2024 11:57:17], [file name :-/efsdata/otrams/public_html/beta/confirm_booking.php],insert into temp(booking_id,mail_send_to)values('676','gajendra.rajpurohit@qtechsoftware.com');
[07/22/2024 11:57:17], [file name :-/efsdata/otrams/public_html/beta/confirm_booking.php],INSERT INTO booking_status (reservation_id,booking_id,status,create_date,memo,agent_id,ip_address,admin,modify_by) VALUES ('5005','676','confirmed','2024-07-22 11:57:08','Booking confirmed. Booked by Back Office hotelyards on behalf of Agent - Rajendra deepak chaursiya(CD7867)','7867','43.239.53.130','0','7867');
[07/22/2024 11:57:17], [file name :-/efsdata/otrams/public_html/beta/confirm_booking.php],INSERT INTO booking_cancellation_policy(booking_id,from_date,supplier_from_date,to_date,supplier_to_date,supplier_charge,agent_charge,lead_time,create_date,applied_agent_charges)  VALUES('676','2023-07-22 13:56:39','2024-07-21 13:56:39','2024-08-12 00:00:00','2025-08-12 00:00:00','155.88','9567.8','8760','2024-07-22 11:57:17','9567.8');
[07/22/2024 11:57:17], [file name :-/efsdata/otrams/public_html/beta/confirm_booking.php],INSERT INTO booking_cancellation_policy(booking_id,from_date,supplier_from_date,to_date,supplier_to_date,supplier_charge,agent_charge,lead_time,create_date,applied_agent_charges)  VALUES('676','2024-08-12 00:00:00','2025-08-12 00:00:00','2024-08-17 00:00:00','2025-08-17 00:00:00','155.88','9567.8','8760','2024-07-22 11:57:17','9567.8');
[07/22/2024 11:57:17], [file name :-/efsdata/otrams/public_html/beta/confirm_booking.php],update posted_bookings set booking_id='676',status='1' where reservation_id='5005' and booking_id ='0';
[07/22/2024 11:57:17], [file name :-/efsdata/otrams/public_html/beta/confirm_booking.php],update xmllogs set reservation_id='676' where agent_logs_id='2676' and source_type='expediapackage';
[07/22/2024 11:57:17], [file name :-/efsdata/otrams/public_html/beta/confirm_booking.php],INSERT INTO booking_commission set agent_commission='',  supplier_commission='6.5',  commission_tax='',  booking_id ='676',  create_date ='2024-07-22 11:57:17';
[07/22/2024 11:58:17], [file name :-/efsdata/otrams/public_html/beta/tms/bookings_modification.php],INSERT INTO history_bookings set history_booking_id ='676', agent_id ='7867', itenirary_id ='7155303203691', confirmation_number ='7155303203691', payment_confirmation_no ='', voucher_id ='vchr5454', voucher_hashcode ='cbcbd4ed0de88338aee0b669cb87720d14402676', email_id ='pranali.mhatre@qtechsoftware.com', leader_title ='Mr', leader_first_name ='pranali', leader_last_name ='mhatre', city_id ='dubai', country_id ='138', display_room_rate ='9380.190', native_room_rate ='155.880', native_currency_code ='USD', additional_charge ='0.000', cancellation_policy ='<br>If you cancel between 2023-07-22 13:56:39 and 2024-08-12 00:00:00 , you will be charged 9567.8 INR<br>No show or early checkouts is subject to a 100% cancellation charge<br><br/><b>Amendment Policy</b><br/>
		Please note that most hotels treat changes in pax details, room category and dates as a cancellation of the booking, and charges will apply according to the cancellation policy.
		Late amendment charges may apply if requested after 13:56 on 22nd of July 2023.
		Confirmation of amendments is subject to availability and rates at the time of making the amendment.', supplier_cancellation_policy ='', current_status ='vouchered', booking_status ='1', status_date ='2024-07-22 11:57:08', create_date ='2024-07-22 11:57:07', source_type ='expediapackage', expiration_date ='2023-07-22 11:57:00', comment_contract =' Bed Type Selection is not guaranteed.<br/><br/><br/><b style=\'color:#2748a3;\'>Property fee due at property 49.99 AED (13.61 USD)</b><br/><span style=\'color: red;\'><strong>Note:</strong> *This conversion is an approximate price based on the current exchange rate and may change before your stay.</span><br/><br/><br/><b>Checkin Start Time :</b> 2:00 PM<br/><b>Checkin End Time :</b> midnight<br/><b>Min Checkin Age :</b> 18<br/><b>Checkout Time :</b> 12:00 PM<br/><b>Instructions :</b>   Extra-person charges may apply and vary depending on property policyGovernment-issued photo identification and a credit card, debit card, or cash deposit may be required at check-in for incidental chargesSpecial requests are subject to availability upon check-in and may incur additional charges; special requests cannot be guaranteedThe name on the credit card used at check-in to pay for incidentals must be the primary name on the guestroom reservationThis property accepts credit cards, debit cards, and cashThis property affirms that it follows the cleaning and disinfection practices of ALLSAFE (Accor Hotels)  <br/><b>Special Instructions :</b> Front desk staff will greet guests on arrival.<br/>The minimum age for a customer to be able to check-in at a property 18. <br/><b>Mandatory Fees:</b> You\'ll be asked to pay the following charges at the property: A tax is imposed by the city: AED 10.00 per accommodation, per night We have included all charges provided to us by the property. <br/><b>Optional Fees:</b>  Fee for buffet breakfast: approximately AED 60 per personAirport shuttle fee: AED 150 per vehicle (one way) The above list may not be comprehensive. Fees and deposits may not include tax and are subject to change. <br/><b>Know Before You Go :</b></br>  Only registered guests are allowed in the guestrooms.  The property has connecting/adjoining rooms, which are subject to availability and can be requested by contacting the property using the number on the booking confirmation. The photos in this description reflect the brand standard and are provided for illustrative purposes only. Contactless check-out is available. </br></br><b>Sanitization General Information :</b></br>1-Gap period enforced between guest stays - 24 hours <b>24 hours</b><br/>2-Property follows a brand or regulatory agency\'s sanitization guidelines ALLSAFE (Accor Hotels) <b>ALLSAFE (Accor Hotels)</b><br/>3-Contactless check-out is available <b></b><br/>4-Shield between guests and staff in main contact areas <b></b><br/>5-Property confirms they are implementing guest safety measures <b></b><br/>6-Temperature checks are available to guests <b></b><br/>7-Social distancing measures are in place <b></b><br/>8-Staff temperature checks are conducted regularly <b></b><br/>9-Property confirms they are implementing enhanced cleaning measures <b></b><br/>10-Guests are provided with free hand sanitizer <b></b><br/>11-Property is cleaned with disinfectant <b></b><br/>12-Staff wears personal protective equipment <b></b><br/>13-Food service has been amended for enhanced safety <b></b><br/>14-Bed sheets and towels are washed at a temperature of at least 60°C/140°F <b></b><br/>15-Property follows sanitization practices of Bureau Veritas (3rd party expert - Global) <b></b><br/>16-Masks are compulsory at the property <b></b><br/>17-No cribs (infant beds) available <b></b><br/>18-Green Key <b></b><br/>19-No rollaway/extra beds available <b></b><br/>20-Commonly-touched surfaces are cleaned with disinfectant <b></b><br/><b>Important Note :</b> This Should be a part of package and should not sold as Standalone.', admin_note ='', is_payment_gateway ='0', service_type ='hotel', service_type_detail ='', native_rate ='', display_rate ='', agent_rate ='9380.190', wh_sub_agent_rate ='0.000', wh_agent_rate ='9567.790', supplier_rate ='155.880', special_comment ='', special_remark ='', sms_status ='', is_xml ='0', consultant_id ='hotelyards', admin_booked ='1', emailed_status ='0', applied_multiplier ='60.1758', applied_markup ='0', wh_applied_markup ='2.000', original_voucher ='', subagent_markup ='', agent_markup ='0', wh_agent_markup ='2.000', basecurrency_multiplier ='0.01662', wh_basecurrency_multiplier ='0.01662', basecurrency_multiplier_native ='1.00000', wh_basecurrency_multiplier_native ='1.00000', agent_currency_multiplier ='0.01662', wh_agent_currency_multiplier ='1.00000', modified_datetime ='2024-07-22 11:58:17', modified_by ='hotelyards', display_currency_code ='INR', created_datetime ='2024-07-22 11:58:17', sub_agent_rate ='0.000', created_by ='hotelyards', site_id ='21', applicable_service_tax ='0.000', wh_parent_agent_id ='7877', wh_agent_id ='7877', nationality ='Emirati', ip_addr ='43.239.53.130';
[07/22/2024 11:58:17], [file name :-/efsdata/otrams/public_html/beta/tms/bookings_modification.php],INSERT INTO history_bookings_details  set  history_booking_detail_id ='316', old_reff_id ='222', booking_id ='676', supplier_id ='', total_nights ='5', arrival_date ='2024/08/12', departure_date ='2024/08/17', hotel_id ='2266468', hotel_name ='IBIS DUBAI AL BARSHA', hotel_address1 ='Sheikh Zayed Road Al Barsha', hotel_phone ='+97143996699', hotel_rating ='3.0', rate_code ='', touricoRoomResId ='', gta_item_confirm_ref ='', channel_manager ='', reservation_pushed ='0', gtaToken ='';
[07/22/2024 11:58:17], [file name :-/efsdata/otrams/public_html/beta/tms/bookings_modification.php],INSERT INTO history_passangers set history_passenger_id = '945', old_reff_id = '222', booking_id = '676', booking_detail_id = '1', salutations = 'Mr', room = '0', rid = '494', first_name = 'pranali', last_name = 'mhatre' ,passenger_type = 'adult' ,age = '';
[07/22/2024 11:58:17], [file name :-/efsdata/otrams/public_html/beta/tms/bookings_modification.php],INSERT INTO history_passangers set history_passenger_id = '946', old_reff_id = '222', booking_id = '676', booking_detail_id = '1', salutations = 'Mr', room = '0', rid = '494', first_name = 'TBAA', last_name = 'TBAA' ,passenger_type = 'adult' ,age = '';
[07/22/2024 11:58:17], [file name :-/efsdata/otrams/public_html/beta/tms/bookings_modification.php],delete from passangers WHERE booking_id=?;
[07/22/2024 11:58:17], [file name :-/efsdata/otrams/public_html/beta/tms/bookings_modification.php],INSERT INTO history_booking_room_detail set rid = '494', old_reff_id = '222', booking_id = '676', booking_detail_id = '1', room_type_code = '', room_name = 'double', room_type_description = 'Double Room, 1 Double Bed , 1 Double Bed , Room Only | Amenities:Free WiFi,Free self parking (Package Deal)', display_nightly_rates = 'a:5:{i:0;a:3:{s:18:"displayNightlyRate";d:2488.8699999999999;s:25:"displayNightlyRateDisplay";s:373:"Supplier Rate - 41.36; ;Agent Commission Part - 0.000000;PerNightNativeCommission - 1.300000;partCommission - 0.000000;Supplier Commission - 1.300000;partCommission Supplier - 0.000000; Currency Multiplier (USD - INR) - 60.175800; Markup Policy : ; Markup Amount : 0.000000; Applied Markup Amount : 0.000000; Markup in % : 0.000000; Golang : yes ; Supplier : expediapackage";s:13:"whNightlyRate";d:2538.6500000000001;}i:1;a:3:{s:18:"displayNightlyRate";d:1722.8299999999999;s:25:"displayNightlyRateDisplay";s:373:"Supplier Rate - 28.63; ;Agent Commission Part - 0.000000;PerNightNativeCommission - 1.300000;partCommission - 0.000000;Supplier Commission - 1.300000;partCommission Supplier - 0.000000; Currency Multiplier (USD - INR) - 60.175800; Markup Policy : ; Markup Amount : 0.000000; Applied Markup Amount : 0.000000; Markup in % : 0.000000; Golang : yes ; Supplier : expediapackage";s:13:"whNightlyRate";d:1757.29;}i:2;a:3:{s:18:"displayNightlyRate";d:1722.8299999999999;s:25:"displayNightlyRateDisplay";s:373:"Supplier Rate - 28.63; ;Agent Commission Part - 0.000000;PerNightNativeCommission - 1.300000;partCommission - 0.000000;Supplier Commission - 1.300000;partCommission Supplier - 0.000000; Currency Multiplier (USD - INR) - 60.175800; Markup Policy : ; Markup Amount : 0.000000; Applied Markup Amount : 0.000000; Markup in % : 0.000000; Golang : yes ; Supplier : expediapackage";s:13:"whNightlyRate";d:1757.29;}i:3;a:3:{s:18:"displayNightlyRate";d:1722.8299999999999;s:25:"displayNightlyRateDisplay";s:373:"Supplier Rate - 28.63; ;Agent Commission Part - 0.000000;PerNightNativeCommission - 1.300000;partCommission - 0.000000;Supplier Commission - 1.300000;partCommission Supplier - 0.000000; Currency Multiplier (USD - INR) - 60.175800; Markup Policy : ; Markup Amount : 0.000000; Applied Markup Amount : 0.000000; Markup in % : 0.000000; Golang : yes ; Supplier : expediapackage";s:13:"whNightlyRate";d:1757.29;}i:4;a:3:{s:18:"displayNightlyRate";d:1722.8299999999999;s:25:"displayNightlyRateDisplay";s:373:"Supplier Rate - 28.63; ;Agent Commission Part - 0.000000;PerNightNativeCommission - 1.300000;partCommission - 0.000000;Supplier Commission - 1.300000;partCommission Supplier - 0.000000; Currency Multiplier (USD - INR) - 60.175800; Markup Policy : ; Markup Amount : 0.000000; Applied Markup Amount : 0.000000; Markup in % : 0.000000; Golang : yes ; Supplier : expediapackage";s:13:"whNightlyRate";d:1757.29;}}' ,native_nightly_rates = 'a:5:{i:0;a:1:{s:17:"nativeNightlyRate";d:41.359999999999999;}i:1;a:1:{s:17:"nativeNightlyRate";d:28.629999999999999;}i:2;a:1:{s:17:"nativeNightlyRate";d:28.629999999999999;}i:3;a:1:{s:17:"nativeNightlyRate";d:28.629999999999999;}i:4;a:1:{s:17:"nativeNightlyRate";d:28.629999999999999;}}' ,native_room_rate_total = '155.88' ,display_room_rate_total = '9380.19' ,wh_room_rate_total = '9567.79' ,number_of_rooms = '1';
[07/22/2024 11:58:17], [file name :-/efsdata/otrams/public_html/beta/tms/bookings_modification.php],delete from booking_room_detail WHERE booking_id=?;
[07/22/2024 11:58:17], [file name :-/efsdata/otrams/public_html/beta/tms/bookings_modification.php],delete from passangers WHERE booking_id=?;
[07/22/2024 11:58:17], [file name :-/efsdata/otrams/public_html/beta/tms/bookings_modification.php],INSERT INTO booking_room_detail set booking_id = '676', booking_detail_id = '316', room_type_code = '', room_name = 'double', room_type_description = 'Double Room, 1 Double Bed , 1 Double Bed , Room Only | Amenities:Free WiFi,Free self parking (Package Deal)', display_nightly_rates = 'a:5:{i:0;a:2:{s:18:"displayNightlyRate";s:7:"2488.87";s:13:"whNightlyRate";s:7:"2538.65";}i:1;a:2:{s:18:"displayNightlyRate";s:4:"1800";s:13:"whNightlyRate";s:4:"1836";}i:2;a:2:{s:18:"displayNightlyRate";s:4:"1800";s:13:"whNightlyRate";s:4:"1836";}i:3;a:2:{s:18:"displayNightlyRate";s:7:"1722.83";s:13:"whNightlyRate";s:7:"1757.29";}i:4;a:2:{s:18:"displayNightlyRate";s:7:"1722.83";s:13:"whNightlyRate";s:7:"1757.29";}}' ,native_nightly_rates = 'a:5:{i:0;a:1:{s:17:"nativeNightlyRate";s:5:"41.36";}i:1;a:1:{s:17:"nativeNightlyRate";s:5:"28.63";}i:2;a:1:{s:17:"nativeNightlyRate";s:5:"28.63";}i:3;a:1:{s:17:"nativeNightlyRate";s:5:"28.63";}i:4;a:1:{s:17:"nativeNightlyRate";s:5:"28.63";}}' ,native_room_rate_total = '155.88' ,display_room_rate_total = '9534.53' ,number_of_rooms = '1';
[07/22/2024 11:58:17], [file name :-/efsdata/otrams/public_html/beta/tms/bookings_modification.php],INSERT INTO passangers set booking_id = '676', booking_detail_id = '316', salutations = 'Mr', room = '', rid = '495', first_name = 'pranali', last_name = 'mhatre' ,age = '';
[07/22/2024 11:58:17], [file name :-/efsdata/otrams/public_html/beta/tms/bookings_modification.php],INSERT INTO passangers set booking_id = '676', booking_detail_id = '316', salutations = 'Mr', room = '1', rid = '495', first_name = 'TBAA', last_name = 'TBAA' ,age = '';
[07/22/2024 11:58:17], [file name :-/efsdata/otrams/public_html/beta/tms/bookings_modification.php],UPDATE bookings SET confirmation_number='7155303203691',cancellation_policy='						&lt;br&gt;If you cancel between 2023-07-22 13:56:39 and 2024-08-12 00:00:00 , you will be charged 9567.8 INR&lt;br&gt;No show or early checkouts is subject to a 100% cancellation charge&lt;br&gt;&lt;br/&gt;&lt;b&gt;Amendment Policy&lt;/b&gt;&lt;br/&gt;
		Please note that most hotels treat changes in pax details, room category and dates as a cancellation of the booking, and charges will apply according to the cancellation policy.
		Late amendment charges may apply if requested after 13:56 on 22nd of July 2023.
		Confirmation of amendments is subject to availability and rates at the time of making the amendment.
											',supplier_cancellation_policy='',applied_multiplier='60.1758',applied_markup='1.6452339508809',agent_markup='1.6452339508809',consultant_id='hotelyards',basecurrency_multiplier='0.01662',basecurrency_multiplier_native='1.00000',agent_currency_multiplier='0.01662',current_status='vouchered',status_date='2024-07-22 11:58:17',service_date='2024-08-12',check_out_date='2024-08-17',display_room_rate= '9534.53',display_discount='0',modified_datetime='2024-07-22 11:58:17',modified_by ='hotelyards',native_room_rate='155.88',native_discount='0.000',additional_charge='0.000',applicable_service_tax='',leader_title='Mr',leader_first_name='pranali',leader_last_name='mhatre',nationality ='Emirati',booking_type ='online',supplier_profile_id ='43',expiration_date= '2023-07-22 11:57:00',source_type='expediapackage',special_comment='',admin_note='',comment_contract=' Bed Type Selection is not guaranteed.&lt;br/&gt;&lt;br/&gt;&lt;br/&gt;&lt;b style=\&#039;color:#2748a3;\&#039;&gt;Property fee due at property 49.99 AED (13.61 USD)&lt;/b&gt;&lt;br/&gt;&lt;span style=\&#039;color: red;\&#039;&gt;&lt;strong&gt;Note:&lt;/strong&gt; *This conversion is an approximate price based on the current exchange rate and may change before your stay.&lt;/span&gt;&lt;br/&gt;&lt;br/&gt;&lt;br/&gt;&lt;b&gt;Checkin Start Time :&lt;/b&gt; 2:00 PM&lt;br/&gt;&lt;b&gt;Checkin End Time :&lt;/b&gt; midnight&lt;br/&gt;&lt;b&gt;Min Checkin Age :&lt;/b&gt; 18&lt;br/&gt;&lt;b&gt;Checkout Time :&lt;/b&gt; 12:00 PM&lt;br/&gt;&lt;b&gt;Instructions :&lt;/b&gt;   Extra-person charges may apply and vary depending on property policyGovernment-issued photo identification and a credit card, debit card, or cash deposit may be required at check-in for incidental chargesSpecial requests are subject to availability upon check-in and may incur additional charges; special requests cannot be guaranteedThe name on the credit card used at check-in to pay for incidentals must be the primary name on the guestroom reservationThis property accepts credit cards, debit cards, and cashThis property affirms that it follows the cleaning and disinfection practices of ALLSAFE (Accor Hotels)  &lt;br/&gt;&lt;b&gt;Special Instructions :&lt;/b&gt; Front desk staff will greet guests on arrival.&lt;br/&gt;The minimum age for a customer to be able to check-in at a property 18. &lt;br/&gt;&lt;b&gt;Mandatory Fees:&lt;/b&gt; You\&#039;ll be asked to pay the following charges at the property: A tax is imposed by the city: AED 10.00 per accommodation, per night We have included all charges provided to us by the property. &lt;br/&gt;&lt;b&gt;Optional Fees:&lt;/b&gt;  Fee for buffet breakfast: approximately AED 60 per personAirport shuttle fee: AED 150 per vehicle (one way) The above list may not be comprehensive. Fees and deposits may not include tax and are subject to change. &lt;br/&gt;&lt;b&gt;Know Before You Go :&lt;/b&gt;&lt;/br&gt;  Only registered guests are allowed in the guestrooms.  The property has connecting/adjoining rooms, which are subject to availability and can be requested by contacting the property using the number on the booking confirmation. The photos in this description reflect the brand standard and are provided for illustrative purposes only. Contactless check-out is available. &lt;/br&gt;&lt;/br&gt;&lt;b&gt;Sanitization General Information :&lt;/b&gt;&lt;/br&gt;1-Gap period enforced between guest stays - 24 hours &lt;b&gt;24 hours&lt;/b&gt;&lt;br/&gt;2-Property follows a brand or regulatory agency\&#039;s sanitization guidelines ALLSAFE (Accor Hotels) &lt;b&gt;ALLSAFE (Accor Hotels)&lt;/b&gt;&lt;br/&gt;3-Contactless check-out is available &lt;b&gt;&lt;/b&gt;&lt;br/&gt;4-Shield between guests and staff in main contact areas &lt;b&gt;&lt;/b&gt;&lt;br/&gt;5-Property confirms they are implementing guest safety measures &lt;b&gt;&lt;/b&gt;&lt;br/&gt;6-Temperature checks are available to guests &lt;b&gt;&lt;/b&gt;&lt;br/&gt;7-Social distancing measures are in place &lt;b&gt;&lt;/b&gt;&lt;br/&gt;8-Staff temperature checks are conducted regularly &lt;b&gt;&lt;/b&gt;&lt;br/&gt;9-Property confirms they are implementing enhanced cleaning measures &lt;b&gt;&lt;/b&gt;&lt;br/&gt;10-Guests are provided with free hand sanitizer &lt;b&gt;&lt;/b&gt;&lt;br/&gt;11-Property is cleaned with disinfectant &lt;b&gt;&lt;/b&gt;&lt;br/&gt;12-Staff wears personal protective equipment &lt;b&gt;&lt;/b&gt;&lt;br/&gt;13-Food service has been amended for enhanced safety &lt;b&gt;&lt;/b&gt;&lt;br/&gt;14-Bed sheets and towels are washed at a temperature of at least 60&deg;C/140&deg;F &lt;b&gt;&lt;/b&gt;&lt;br/&gt;15-Property follows sanitization practices of Bureau Veritas (3rd party expert - Global) &lt;b&gt;&lt;/b&gt;&lt;br/&gt;16-Masks are compulsory at the property &lt;b&gt;&lt;/b&gt;&lt;br/&gt;17-No cribs (infant beds) available &lt;b&gt;&lt;/b&gt;&lt;br/&gt;18-Green Key &lt;b&gt;&lt;/b&gt;&lt;br/&gt;19-No rollaway/extra beds available &lt;b&gt;&lt;/b&gt;&lt;br/&gt;20-Commonly-touched surfaces are cleaned with disinfectant &lt;b&gt;&lt;/b&gt;&lt;br/&gt;&lt;b&gt;Important Note :&lt;/b&gt; This Should be a part of package and should not sold as Standalone.',booking_repushti='4' WHERE id='676';
[07/22/2024 11:58:17], [file name :-/efsdata/otrams/public_html/beta/tms/bookings_modification.php],update bookings set  parent_agent_id='7867', sub_agent_rate='', agent_rate='9534.53', agent_markup='1.6452339508809', supplier_rate='155.88', wh_sub_agent_rate='', wh_agent_rate='9725.23' where id='676';
[07/22/2024 11:58:17], [file name :-/efsdata/otrams/public_html/beta/tms/bookings_modification.php], insert into booking_rate_info set  booking_id = '676', booking_log = 'Booking Modified', create_date = '2024-07-22 11:58:17', supplier_currency ='USD', type = 'Ammended', agent_price = '154.34', sub_agent_price ='', supplier_price = '', supplier_id = 'expediapackage', supplier_type = 'online';
[07/22/2024 11:58:17], [file name :-/efsdata/otrams/public_html/beta/tms/bookings_modification.php], update wh_booking_rate_info set  booking_id = '676', booking_log = 'Booking Modified', create_date = '2024-07-22 11:58:17', agent_price = '9725.230', sub_agent_price = '0.000', supplier_price = '9534.530' where booking_id = '676'  and type = "Sale";
[07/22/2024 11:58:17], [file name :-/efsdata/otrams/public_html/beta/tms/bookings_modification.php],UPDATE agents SET credit_usage=credit_usage+('2.5651308'),   credit_value= credit_value-('2.5651308') ,  cd_credit_usage=cd_credit_usage+('2.5651308') , cd_credit_value=cd_credit_value-('2.5651308')  WHERE id = '7867';
[07/22/2024 11:58:17], [file name :-/efsdata/otrams/public_html/beta/tms/bookings_modification.php],insert into  agent_credit_log SET agent_id= '7867',credit_value= '99994362.572',credit_usage= '5636.428',credit_limit= '99999999.000',receipt_id= '',amount= '2.5651308',booking_id='676',booking_cost= '9534.53',receipt_allocation= '',balance= '9534.53',ip='43.239.53.130',user_type='admin',admin_id='hotelyards',temp_credit_limit='',log_type='Booking Modified',note='Booking Modified',create_date='2024-07-22 11:07:17';
[07/22/2024 11:58:17], [file name :-/efsdata/otrams/public_html/beta/tms/bookings_modification.php],UPDATE agents  SET credit_usage=credit_usage+('157.44'),   credit_value= credit_value-('157.44') ,  cd_credit_usage=cd_credit_usage+('157.44') , cd_credit_value=cd_credit_value-('157.44')  WHERE id = '7877';
[07/22/2024 11:58:17], [file name :-/efsdata/otrams/public_html/beta/tms/bookings_modification.php],insert into  agent_credit_log SET agent_id= '7877',credit_value= '193581.398',credit_usage= '281683.602',credit_limit= '475265.000',receipt_id= '',amount= '157.44',booking_id='676',booking_cost= '9534.53',receipt_allocation= '',balance= '9534.53',ip='43.239.53.130',user_type='admin',admin_id='hotelyards',temp_credit_limit='',log_type='Booking Modified',note='Booking Modified',create_date='2024-07-22 11:07:17';
[07/22/2024 11:58:18], [file name :-/efsdata/otrams/public_html/beta/tms/bookings_modification.php],delete from  agent_commission   WHERE booking_id='676';
[07/22/2024 11:58:18], [file name :-/efsdata/otrams/public_html/beta/tms/bookings_modification.php],INSERT INTO agent_commission SET booking_id ='676',booking_detail_id ='676',agent_id ='7867',is_sub_agent ='N',parent_id ='',display_commission ='154.326296',display_currency ='INR',paid ='N',type ='hotel',description ='Agent Mark Up Percentage is 1.6452339508809 %',create_date ='2024-07-22 11:58:18';
[07/22/2024 11:58:18], [file name :-/efsdata/otrams/public_html/beta/tms/bookings_modification.php],update bookings_details set total_nights='5' , supplier_id= 'expediapackage' , total_rooms= '1', arrival_date='2024/08/12', departure_date='2024/08/17', rate_code='~', hotel_address1='Sheikh Zayed Road Al Barsha', hotel_name='IBIS DUBAI AL BARSHA', hotel_phone='+97143996699' where booking_id ='676';
[07/22/2024 11:58:18], [file name :-/efsdata/otrams/public_html/beta/tms/bookings_modification.php],INSERT INTO booking_status (visa_id,visa_status,booking_id,status,create_date,memo,agent_id,ip_address,admin,modify_by,crons) VALUES
		('','','676','vouchered','2024-07-22 11:58:18','Booking Modified by hotelyards','hotelyards','43.239.53.130','hotelyards','','');
[07/22/2024 11:59:03], [file name :-/efsdata/otrams/public_html/beta/agent_login.php],update agents set last_login_date = '2024-07-22 11:59:03',login_attempt=0 where id = '7851';
[07/22/2024 11:59:03], [file name :-/efsdata/otrams/public_html/beta/agent_login.php],INSERT INTO psa_login_log  SET username = 'Viator_test', user_type = 'A', branch_id = '27', login_datetime = '2024-07-22 11:59:03', ip = '43.239.53.130', action = 'Login' ;
[07/22/2024 11:59:18], [file name :-/efsdata/otrams/public_html/beta/sight_search_list.php],INSERT INTO agent_logs SET  agent_id = '7851' , sub_agent_id = '' , sub_user_id = '0' , branch_id = '27' , ip = '43.239.53.130' , city = 'dubai' , arrival_date='2024/08/15',  departure_date='2024/08/15',  nights='1',  create_date='2024-07-22 :11:59:18',  nationality='',  additional_markup='',  selected_currency='USD',  service_type='sightseeing',  total_adult='',  total_children='',  site_id = '' ;
[07/22/2024 11:59:25], [file name :-/efsdata/otrams/public_html/beta/sight_search_list.php],INSERT INTO xmllogs(reservation_id, type, request_path, response_path, header_path, source_type, create_date, header, session_id, agent_logs_id,file_path) VALUE ('', 'AVAILABILITY', 'v1/22_07_2024/request_availability_Viator_test_11_59_18_1721649558.json', 'v1/22_07_2024/response_availability_Viator_test_11_59_18_1721649558.json', 'v1/22_07_2024/response_header_availability_Viator_test_11_59_18_1721649558.json', 'viator', '2024-07-22 11:59:25', '', '', '2677', 'https://beta.astrabookings.com/project_folder/astra_protected/supplier_logs/v1/22_07_2024/response_availability_Viator_test_11_59_18_1721649558.json');
[07/22/2024 11:59:56], [file name :-/efsdata/otrams/public_html/beta/sight_search_list.php],INSERT INTO xmllogs(reservation_id, type, request_path, response_path, header_path, source_type, create_date, header, session_id, agent_logs_id,file_path) VALUE ('', 'AVAILABILITY', 'v1/22_07_2024/request_availability_Viator_test_11_59_28_1721649568_19.json', 'v1/22_07_2024/response_availability_Viator_test_11_59_28_1721649568_19.json', 'v1/22_07_2024/response_header_availability_Viator_test_11_59_28_1721649568_19.json', 'viator', '2024-07-22 11:59:56', '', '', '2677', 'https://beta.astrabookings.com/project_folder/astra_protected/supplier_logs/v1/22_07_2024/response_availability_Viator_test_11_59_28_1721649568_19.json');
[07/22/2024 11:59:56], [file name :-/efsdata/otrams/public_html/beta/sight_search_list.php],INSERT INTO xmllogs(reservation_id, type, request_path, response_path, header_path, source_type, create_date, header, session_id, agent_logs_id,file_path) VALUE ('', 'AVAILABILITY', 'v1/22_07_2024/request_availability_Viator_test_11_59_28_1721649568_19.json', 'v1/22_07_2024/response_availability_Viator_test_11_59_28_1721649568_19.json', 'v1/22_07_2024/response_header_availability_Viator_test_11_59_28_1721649568_19.json', 'viator', '2024-07-22 11:59:56', '', '', '2677', 'https://beta.astrabookings.com/project_folder/astra_protected/supplier_logs/v1/22_07_2024/response_availability_Viator_test_11_59_28_1721649568_19.json');
[07/22/2024 11:59:56], [file name :-/efsdata/otrams/public_html/beta/sight_search_list.php],INSERT INTO xmllogs(reservation_id, type, request_path, response_path, header_path, source_type, create_date, header, session_id, agent_logs_id,file_path) VALUE ('', 'AVAILABILITY', 'v1/22_07_2024/request_availability_Viator_test_11_59_28_1721649568_19.json', 'v1/22_07_2024/response_availability_Viator_test_11_59_28_1721649568_19.json', 'v1/22_07_2024/response_header_availability_Viator_test_11_59_28_1721649568_19.json', 'viator', '2024-07-22 11:59:56', '', '', '2677', 'https://beta.astrabookings.com/project_folder/astra_protected/supplier_logs/v1/22_07_2024/response_availability_Viator_test_11_59_28_1721649568_19.json');
[07/22/2024 11:59:56], [file name :-/efsdata/otrams/public_html/beta/sight_search_list.php],INSERT INTO xmllogs(reservation_id, type, request_path, response_path, header_path, source_type, create_date, header, session_id, agent_logs_id,file_path) VALUE ('', 'AVAILABILITY', 'v1/22_07_2024/request_availability_Viator_test_11_59_28_1721649568_19.json', 'v1/22_07_2024/response_availability_Viator_test_11_59_28_1721649568_19.json', 'v1/22_07_2024/response_header_availability_Viator_test_11_59_28_1721649568_19.json', 'viator', '2024-07-22 11:59:56', '', '', '2677', 'https://beta.astrabookings.com/project_folder/astra_protected/supplier_logs/v1/22_07_2024/response_availability_Viator_test_11_59_28_1721649568_19.json');
[07/22/2024 11:59:56], [file name :-/efsdata/otrams/public_html/beta/sight_search_list.php],INSERT INTO xmllogs(reservation_id, type, request_path, response_path, header_path, source_type, create_date, header, session_id, agent_logs_id,file_path) VALUE ('', 'AVAILABILITY', 'v1/22_07_2024/request_availability_Viator_test_11_59_28_1721649568_19.json', 'v1/22_07_2024/response_availability_Viator_test_11_59_28_1721649568_19.json', 'v1/22_07_2024/response_header_availability_Viator_test_11_59_28_1721649568_19.json', 'viator', '2024-07-22 11:59:56', '', '', '2677', 'https://beta.astrabookings.com/project_folder/astra_protected/supplier_logs/v1/22_07_2024/response_availability_Viator_test_11_59_28_1721649568_19.json');
[07/22/2024 11:59:56], [file name :-/efsdata/otrams/public_html/beta/sight_search_list.php],INSERT INTO xmllogs(reservation_id, type, request_path, response_path, header_path, source_type, create_date, header, session_id, agent_logs_id,file_path) VALUE ('', 'AVAILABILITY', 'v1/22_07_2024/request_availability_Viator_test_11_59_28_1721649568_19.json', 'v1/22_07_2024/response_availability_Viator_test_11_59_28_1721649568_19.json', 'v1/22_07_2024/response_header_availability_Viator_test_11_59_28_1721649568_19.json', 'viator', '2024-07-22 11:59:56', '', '', '2677', 'https://beta.astrabookings.com/project_folder/astra_protected/supplier_logs/v1/22_07_2024/response_availability_Viator_test_11_59_28_1721649568_19.json');
[07/22/2024 11:59:56], [file name :-/efsdata/otrams/public_html/beta/sight_search_list.php],INSERT INTO xmllogs(reservation_id, type, request_path, response_path, header_path, source_type, create_date, header, session_id, agent_logs_id,file_path) VALUE ('', 'AVAILABILITY', 'v1/22_07_2024/request_availability_Viator_test_11_59_28_1721649568_19.json', 'v1/22_07_2024/response_availability_Viator_test_11_59_28_1721649568_19.json', 'v1/22_07_2024/response_header_availability_Viator_test_11_59_28_1721649568_19.json', 'viator', '2024-07-22 11:59:56', '', '', '2677', 'https://beta.astrabookings.com/project_folder/astra_protected/supplier_logs/v1/22_07_2024/response_availability_Viator_test_11_59_28_1721649568_19.json');
[07/22/2024 11:59:56], [file name :-/efsdata/otrams/public_html/beta/sight_search_list.php],INSERT INTO xmllogs(reservation_id, type, request_path, response_path, header_path, source_type, create_date, header, session_id, agent_logs_id,file_path) VALUE ('', 'AVAILABILITY', 'v1/22_07_2024/request_availability_Viator_test_11_59_28_1721649568_19.json', 'v1/22_07_2024/response_availability_Viator_test_11_59_28_1721649568_19.json', 'v1/22_07_2024/response_header_availability_Viator_test_11_59_28_1721649568_19.json', 'viator', '2024-07-22 11:59:56', '', '', '2677', 'https://beta.astrabookings.com/project_folder/astra_protected/supplier_logs/v1/22_07_2024/response_availability_Viator_test_11_59_28_1721649568_19.json');
[07/22/2024 11:59:56], [file name :-/efsdata/otrams/public_html/beta/sight_search_list.php],INSERT INTO xmllogs(reservation_id, type, request_path, response_path, header_path, source_type, create_date, header, session_id, agent_logs_id,file_path) VALUE ('', 'AVAILABILITY', 'v1/22_07_2024/request_availability_Viator_test_11_59_28_1721649568_19.json', 'v1/22_07_2024/response_availability_Viator_test_11_59_28_1721649568_19.json', 'v1/22_07_2024/response_header_availability_Viator_test_11_59_28_1721649568_19.json', 'viator', '2024-07-22 11:59:56', '', '', '2677', 'https://beta.astrabookings.com/project_folder/astra_protected/supplier_logs/v1/22_07_2024/response_availability_Viator_test_11_59_28_1721649568_19.json');
[07/22/2024 11:59:56], [file name :-/efsdata/otrams/public_html/beta/sight_search_list.php],INSERT INTO xmllogs(reservation_id, type, request_path, response_path, header_path, source_type, create_date, header, session_id, agent_logs_id,file_path) VALUE ('', 'AVAILABILITY', 'v1/22_07_2024/request_availability_Viator_test_11_59_28_1721649568_19.json', 'v1/22_07_2024/response_availability_Viator_test_11_59_28_1721649568_19.json', 'v1/22_07_2024/response_header_availability_Viator_test_11_59_28_1721649568_19.json', 'viator', '2024-07-22 11:59:56', '', '', '2677', 'https://beta.astrabookings.com/project_folder/astra_protected/supplier_logs/v1/22_07_2024/response_availability_Viator_test_11_59_28_1721649568_19.json');
[07/22/2024 11:59:56], [file name :-/efsdata/otrams/public_html/beta/sight_search_list.php],INSERT INTO xmllogs(reservation_id, type, request_path, response_path, header_path, source_type, create_date, header, session_id, agent_logs_id,file_path) VALUE ('', 'AVAILABILITY', 'v1/22_07_2024/request_availability_Viator_test_11_59_28_1721649568_19.json', 'v1/22_07_2024/response_availability_Viator_test_11_59_28_1721649568_19.json', 'v1/22_07_2024/response_header_availability_Viator_test_11_59_28_1721649568_19.json', 'viator', '2024-07-22 11:59:56', '', '', '2677', 'https://beta.astrabookings.com/project_folder/astra_protected/supplier_logs/v1/22_07_2024/response_availability_Viator_test_11_59_28_1721649568_19.json');
[07/22/2024 11:59:56], [file name :-/efsdata/otrams/public_html/beta/sight_search_list.php],INSERT INTO xmllogs(reservation_id, type, request_path, response_path, header_path, source_type, create_date, header, session_id, agent_logs_id,file_path) VALUE ('', 'AVAILABILITY', 'v1/22_07_2024/request_availability_Viator_test_11_59_28_1721649568_19.json', 'v1/22_07_2024/response_availability_Viator_test_11_59_28_1721649568_19.json', 'v1/22_07_2024/response_header_availability_Viator_test_11_59_28_1721649568_19.json', 'viator', '2024-07-22 11:59:56', '', '', '2677', 'https://beta.astrabookings.com/project_folder/astra_protected/supplier_logs/v1/22_07_2024/response_availability_Viator_test_11_59_28_1721649568_19.json');
[07/22/2024 11:59:56], [file name :-/efsdata/otrams/public_html/beta/sight_search_list.php],INSERT INTO xmllogs(reservation_id, type, request_path, response_path, header_path, source_type, create_date, header, session_id, agent_logs_id,file_path) VALUE ('', 'AVAILABILITY', 'v1/22_07_2024/request_availability_Viator_test_11_59_28_1721649568_19.json', 'v1/22_07_2024/response_availability_Viator_test_11_59_28_1721649568_19.json', 'v1/22_07_2024/response_header_availability_Viator_test_11_59_28_1721649568_19.json', 'viator', '2024-07-22 11:59:56', '', '', '2677', 'https://beta.astrabookings.com/project_folder/astra_protected/supplier_logs/v1/22_07_2024/response_availability_Viator_test_11_59_28_1721649568_19.json');
[07/22/2024 11:59:56], [file name :-/efsdata/otrams/public_html/beta/sight_search_list.php],INSERT INTO xmllogs(reservation_id, type, request_path, response_path, header_path, source_type, create_date, header, session_id, agent_logs_id,file_path) VALUE ('', 'AVAILABILITY', 'v1/22_07_2024/request_availability_Viator_test_11_59_28_1721649568_19.json', 'v1/22_07_2024/response_availability_Viator_test_11_59_28_1721649568_19.json', 'v1/22_07_2024/response_header_availability_Viator_test_11_59_28_1721649568_19.json', 'viator', '2024-07-22 11:59:56', '', '', '2677', 'https://beta.astrabookings.com/project_folder/astra_protected/supplier_logs/v1/22_07_2024/response_availability_Viator_test_11_59_28_1721649568_19.json');
[07/22/2024 11:59:56], [file name :-/efsdata/otrams/public_html/beta/sight_search_list.php],INSERT INTO xmllogs(reservation_id, type, request_path, response_path, header_path, source_type, create_date, header, session_id, agent_logs_id,file_path) VALUE ('', 'AVAILABILITY', 'v1/22_07_2024/request_availability_Viator_test_11_59_28_1721649568_19.json', 'v1/22_07_2024/response_availability_Viator_test_11_59_28_1721649568_19.json', 'v1/22_07_2024/response_header_availability_Viator_test_11_59_28_1721649568_19.json', 'viator', '2024-07-22 11:59:56', '', '', '2677', 'https://beta.astrabookings.com/project_folder/astra_protected/supplier_logs/v1/22_07_2024/response_availability_Viator_test_11_59_28_1721649568_19.json');
[07/22/2024 11:59:56], [file name :-/efsdata/otrams/public_html/beta/sight_search_list.php],INSERT INTO xmllogs(reservation_id, type, request_path, response_path, header_path, source_type, create_date, header, session_id, agent_logs_id,file_path) VALUE ('', 'AVAILABILITY', 'v1/22_07_2024/request_availability_Viator_test_11_59_28_1721649568_19.json', 'v1/22_07_2024/response_availability_Viator_test_11_59_28_1721649568_19.json', 'v1/22_07_2024/response_header_availability_Viator_test_11_59_28_1721649568_19.json', 'viator', '2024-07-22 11:59:56', '', '', '2677', 'https://beta.astrabookings.com/project_folder/astra_protected/supplier_logs/v1/22_07_2024/response_availability_Viator_test_11_59_28_1721649568_19.json');
[07/22/2024 11:59:56], [file name :-/efsdata/otrams/public_html/beta/sight_search_list.php],INSERT INTO xmllogs(reservation_id, type, request_path, response_path, header_path, source_type, create_date, header, session_id, agent_logs_id,file_path) VALUE ('', 'AVAILABILITY', 'v1/22_07_2024/request_availability_Viator_test_11_59_28_1721649568_19.json', 'v1/22_07_2024/response_availability_Viator_test_11_59_28_1721649568_19.json', 'v1/22_07_2024/response_header_availability_Viator_test_11_59_28_1721649568_19.json', 'viator', '2024-07-22 11:59:56', '', '', '2677', 'https://beta.astrabookings.com/project_folder/astra_protected/supplier_logs/v1/22_07_2024/response_availability_Viator_test_11_59_28_1721649568_19.json');
[07/22/2024 11:59:56], [file name :-/efsdata/otrams/public_html/beta/sight_search_list.php],INSERT INTO xmllogs(reservation_id, type, request_path, response_path, header_path, source_type, create_date, header, session_id, agent_logs_id,file_path) VALUE ('', 'AVAILABILITY', 'v1/22_07_2024/request_availability_Viator_test_11_59_28_1721649568_19.json', 'v1/22_07_2024/response_availability_Viator_test_11_59_28_1721649568_19.json', 'v1/22_07_2024/response_header_availability_Viator_test_11_59_28_1721649568_19.json', 'viator', '2024-07-22 11:59:56', '', '', '2677', 'https://beta.astrabookings.com/project_folder/astra_protected/supplier_logs/v1/22_07_2024/response_availability_Viator_test_11_59_28_1721649568_19.json');
[07/22/2024 11:59:56], [file name :-/efsdata/otrams/public_html/beta/sight_search_list.php],INSERT INTO xmllogs(reservation_id, type, request_path, response_path, header_path, source_type, create_date, header, session_id, agent_logs_id,file_path) VALUE ('', 'AVAILABILITY', 'v1/22_07_2024/request_availability_Viator_test_11_59_28_1721649568_19.json', 'v1/22_07_2024/response_availability_Viator_test_11_59_28_1721649568_19.json', 'v1/22_07_2024/response_header_availability_Viator_test_11_59_28_1721649568_19.json', 'viator', '2024-07-22 11:59:56', '', '', '2677', 'https://beta.astrabookings.com/project_folder/astra_protected/supplier_logs/v1/22_07_2024/response_availability_Viator_test_11_59_28_1721649568_19.json');
[07/22/2024 11:59:56], [file name :-/efsdata/otrams/public_html/beta/sight_search_list.php],INSERT INTO xmllogs(reservation_id, type, request_path, response_path, header_path, source_type, create_date, header, session_id, agent_logs_id,file_path) VALUE ('', 'AVAILABILITY', 'v1/22_07_2024/request_availability_Viator_test_11_59_28_1721649568_19.json', 'v1/22_07_2024/response_availability_Viator_test_11_59_28_1721649568_19.json', 'v1/22_07_2024/response_header_availability_Viator_test_11_59_28_1721649568_19.json', 'viator', '2024-07-22 11:59:56', '', '', '2677', 'https://beta.astrabookings.com/project_folder/astra_protected/supplier_logs/v1/22_07_2024/response_availability_Viator_test_11_59_28_1721649568_19.json');
[07/22/2024 11:59:56], [file name :-/efsdata/otrams/public_html/beta/sight_search_list.php],INSERT INTO xmllogs(reservation_id, type, request_path, response_path, header_path, source_type, create_date, header, session_id, agent_logs_id,file_path) VALUE ('', 'AVAILABILITY', 'v1/22_07_2024/request_availability_Viator_test_11_59_28_1721649568_19.json', 'v1/22_07_2024/response_availability_Viator_test_11_59_28_1721649568_19.json', 'v1/22_07_2024/response_header_availability_Viator_test_11_59_28_1721649568_19.json', 'viator', '2024-07-22 11:59:56', '', '', '2677', 'https://beta.astrabookings.com/project_folder/astra_protected/supplier_logs/v1/22_07_2024/response_availability_Viator_test_11_59_28_1721649568_19.json');
[07/22/2024 11:59:56], [file name :-/efsdata/otrams/public_html/beta/sight_search_list.php],INSERT INTO xmllogs(reservation_id, type, request_path, response_path, header_path, source_type, create_date, header, session_id, agent_logs_id,file_path) VALUE ('', 'AVAILABILITY', 'v1/22_07_2024/request_availability_Viator_test_11_59_28_1721649568_19.json', 'v1/22_07_2024/response_availability_Viator_test_11_59_28_1721649568_19.json', 'v1/22_07_2024/response_header_availability_Viator_test_11_59_28_1721649568_19.json', 'viator', '2024-07-22 11:59:56', '', '', '2677', 'https://beta.astrabookings.com/project_folder/astra_protected/supplier_logs/v1/22_07_2024/response_availability_Viator_test_11_59_28_1721649568_19.json');
[07/22/2024 11:59:56], [file name :-/efsdata/otrams/public_html/beta/sight_search_list.php],INSERT INTO xmllogs(reservation_id, type, request_path, response_path, header_path, source_type, create_date, header, session_id, agent_logs_id,file_path) VALUE ('', 'AVAILABILITY', 'v1/22_07_2024/request_availability_Viator_test_11_59_28_1721649568_19.json', 'v1/22_07_2024/response_availability_Viator_test_11_59_28_1721649568_19.json', 'v1/22_07_2024/response_header_availability_Viator_test_11_59_28_1721649568_19.json', 'viator', '2024-07-22 11:59:56', '', '', '2677', 'https://beta.astrabookings.com/project_folder/astra_protected/supplier_logs/v1/22_07_2024/response_availability_Viator_test_11_59_28_1721649568_19.json');
[07/22/2024 11:59:57], [file name :-/efsdata/otrams/public_html/beta/sight_search_list.php],INSERT INTO xmllogs(reservation_id, type, request_path, response_path, header_path, source_type, create_date, header, session_id, agent_logs_id,file_path) VALUE ('', 'AVAILABILITY', 'v1/22_07_2024/request_availability_Viator_test_11_59_28_1721649568_19.json', 'v1/22_07_2024/response_availability_Viator_test_11_59_28_1721649568_19.json', 'v1/22_07_2024/response_header_availability_Viator_test_11_59_28_1721649568_19.json', 'viator', '2024-07-22 11:59:57', '', '', '2677', 'https://beta.astrabookings.com/project_folder/astra_protected/supplier_logs/v1/22_07_2024/response_availability_Viator_test_11_59_28_1721649568_19.json');
[07/22/2024 11:59:57], [file name :-/efsdata/otrams/public_html/beta/sight_search_list.php],INSERT INTO xmllogs(reservation_id, type, request_path, response_path, header_path, source_type, create_date, header, session_id, agent_logs_id,file_path) VALUE ('', 'AVAILABILITY', 'v1/22_07_2024/request_availability_Viator_test_11_59_28_1721649568_19.json', 'v1/22_07_2024/response_availability_Viator_test_11_59_28_1721649568_19.json', 'v1/22_07_2024/response_header_availability_Viator_test_11_59_28_1721649568_19.json', 'viator', '2024-07-22 11:59:57', '', '', '2677', 'https://beta.astrabookings.com/project_folder/astra_protected/supplier_logs/v1/22_07_2024/response_availability_Viator_test_11_59_28_1721649568_19.json');
[07/22/2024 11:59:57], [file name :-/efsdata/otrams/public_html/beta/sight_search_list.php],INSERT INTO xmllogs(reservation_id, type, request_path, response_path, header_path, source_type, create_date, header, session_id, agent_logs_id,file_path) VALUE ('', 'AVAILABILITY', 'v1/22_07_2024/request_availability_Viator_test_11_59_28_1721649568_19.json', 'v1/22_07_2024/response_availability_Viator_test_11_59_28_1721649568_19.json', 'v1/22_07_2024/response_header_availability_Viator_test_11_59_28_1721649568_19.json', 'viator', '2024-07-22 11:59:57', '', '', '2677', 'https://beta.astrabookings.com/project_folder/astra_protected/supplier_logs/v1/22_07_2024/response_availability_Viator_test_11_59_28_1721649568_19.json');
[07/22/2024 11:59:57], [file name :-/efsdata/otrams/public_html/beta/sight_search_list.php],INSERT INTO xmllogs(reservation_id, type, request_path, response_path, header_path, source_type, create_date, header, session_id, agent_logs_id,file_path) VALUE ('', 'AVAILABILITY', 'v1/22_07_2024/request_availability_Viator_test_11_59_28_1721649568_19.json', 'v1/22_07_2024/response_availability_Viator_test_11_59_28_1721649568_19.json', 'v1/22_07_2024/response_header_availability_Viator_test_11_59_28_1721649568_19.json', 'viator', '2024-07-22 11:59:57', '', '', '2677', 'https://beta.astrabookings.com/project_folder/astra_protected/supplier_logs/v1/22_07_2024/response_availability_Viator_test_11_59_28_1721649568_19.json');
[07/22/2024 11:59:57], [file name :-/efsdata/otrams/public_html/beta/sight_search_list.php],INSERT INTO xmllogs(reservation_id, type, request_path, response_path, header_path, source_type, create_date, header, session_id, agent_logs_id,file_path) VALUE ('', 'AVAILABILITY', 'v1/22_07_2024/request_availability_Viator_test_11_59_28_1721649568_19.json', 'v1/22_07_2024/response_availability_Viator_test_11_59_28_1721649568_19.json', 'v1/22_07_2024/response_header_availability_Viator_test_11_59_28_1721649568_19.json', 'viator', '2024-07-22 11:59:57', '', '', '2677', 'https://beta.astrabookings.com/project_folder/astra_protected/supplier_logs/v1/22_07_2024/response_availability_Viator_test_11_59_28_1721649568_19.json');
[07/22/2024 11:59:57], [file name :-/efsdata/otrams/public_html/beta/sight_search_list.php],INSERT INTO xmllogs(reservation_id, type, request_path, response_path, header_path, source_type, create_date, header, session_id, agent_logs_id,file_path) VALUE ('', 'AVAILABILITY', 'v1/22_07_2024/request_availability_Viator_test_11_59_28_1721649568_19.json', 'v1/22_07_2024/response_availability_Viator_test_11_59_28_1721649568_19.json', 'v1/22_07_2024/response_header_availability_Viator_test_11_59_28_1721649568_19.json', 'viator', '2024-07-22 11:59:57', '', '', '2677', 'https://beta.astrabookings.com/project_folder/astra_protected/supplier_logs/v1/22_07_2024/response_availability_Viator_test_11_59_28_1721649568_19.json');
[07/22/2024 11:59:57], [file name :-/efsdata/otrams/public_html/beta/sight_search_list.php],INSERT INTO xmllogs(reservation_id, type, request_path, response_path, header_path, source_type, create_date, header, session_id, agent_logs_id,file_path) VALUE ('', 'AVAILABILITY', 'v1/22_07_2024/request_availability_Viator_test_11_59_28_1721649568_19.json', 'v1/22_07_2024/response_availability_Viator_test_11_59_28_1721649568_19.json', 'v1/22_07_2024/response_header_availability_Viator_test_11_59_28_1721649568_19.json', 'viator', '2024-07-22 11:59:57', '', '', '2677', 'https://beta.astrabookings.com/project_folder/astra_protected/supplier_logs/v1/22_07_2024/response_availability_Viator_test_11_59_28_1721649568_19.json');
[07/22/2024 11:59:57], [file name :-/efsdata/otrams/public_html/beta/sight_search_list.php],INSERT INTO xmllogs(reservation_id, type, request_path, response_path, header_path, source_type, create_date, header, session_id, agent_logs_id,file_path) VALUE ('', 'AVAILABILITY', 'v1/22_07_2024/request_availability_Viator_test_11_59_28_1721649568_19.json', 'v1/22_07_2024/response_availability_Viator_test_11_59_28_1721649568_19.json', 'v1/22_07_2024/response_header_availability_Viator_test_11_59_28_1721649568_19.json', 'viator', '2024-07-22 11:59:57', '', '', '2677', 'https://beta.astrabookings.com/project_folder/astra_protected/supplier_logs/v1/22_07_2024/response_availability_Viator_test_11_59_28_1721649568_19.json');
[07/22/2024 11:59:57], [file name :-/efsdata/otrams/public_html/beta/sight_search_list.php],INSERT INTO xmllogs(reservation_id, type, request_path, response_path, header_path, source_type, create_date, header, session_id, agent_logs_id,file_path) VALUE ('', 'AVAILABILITY', 'v1/22_07_2024/request_availability_Viator_test_11_59_28_1721649568_19.json', 'v1/22_07_2024/response_availability_Viator_test_11_59_28_1721649568_19.json', 'v1/22_07_2024/response_header_availability_Viator_test_11_59_28_1721649568_19.json', 'viator', '2024-07-22 11:59:57', '', '', '2677', 'https://beta.astrabookings.com/project_folder/astra_protected/supplier_logs/v1/22_07_2024/response_availability_Viator_test_11_59_28_1721649568_19.json');
[07/22/2024 11:59:57], [file name :-/efsdata/otrams/public_html/beta/sight_search_list.php],INSERT INTO xmllogs(reservation_id, type, request_path, response_path, header_path, source_type, create_date, header, session_id, agent_logs_id,file_path) VALUE ('', 'AVAILABILITY', 'v1/22_07_2024/request_availability_Viator_test_11_59_28_1721649568_19.json', 'v1/22_07_2024/response_availability_Viator_test_11_59_28_1721649568_19.json', 'v1/22_07_2024/response_header_availability_Viator_test_11_59_28_1721649568_19.json', 'viator', '2024-07-22 11:59:57', '', '', '2677', 'https://beta.astrabookings.com/project_folder/astra_protected/supplier_logs/v1/22_07_2024/response_availability_Viator_test_11_59_28_1721649568_19.json');
[07/22/2024 11:59:57], [file name :-/efsdata/otrams/public_html/beta/sight_search_list.php],INSERT INTO xmllogs(reservation_id, type, request_path, response_path, header_path, source_type, create_date, header, session_id, agent_logs_id,file_path) VALUE ('', 'AVAILABILITY', 'v1/22_07_2024/request_availability_Viator_test_11_59_28_1721649568_19.json', 'v1/22_07_2024/response_availability_Viator_test_11_59_28_1721649568_19.json', 'v1/22_07_2024/response_header_availability_Viator_test_11_59_28_1721649568_19.json', 'viator', '2024-07-22 11:59:57', '', '', '2677', 'https://beta.astrabookings.com/project_folder/astra_protected/supplier_logs/v1/22_07_2024/response_availability_Viator_test_11_59_28_1721649568_19.json');
[07/22/2024 11:59:57], [file name :-/efsdata/otrams/public_html/beta/sight_search_list.php],INSERT INTO xmllogs(reservation_id, type, request_path, response_path, header_path, source_type, create_date, header, session_id, agent_logs_id,file_path) VALUE ('', 'AVAILABILITY', 'v1/22_07_2024/request_availability_Viator_test_11_59_28_1721649568_19.json', 'v1/22_07_2024/response_availability_Viator_test_11_59_28_1721649568_19.json', 'v1/22_07_2024/response_header_availability_Viator_test_11_59_28_1721649568_19.json', 'viator', '2024-07-22 11:59:57', '', '', '2677', 'https://beta.astrabookings.com/project_folder/astra_protected/supplier_logs/v1/22_07_2024/response_availability_Viator_test_11_59_28_1721649568_19.json');
[07/22/2024 11:59:57], [file name :-/efsdata/otrams/public_html/beta/sight_search_list.php],INSERT INTO xmllogs(reservation_id, type, request_path, response_path, header_path, source_type, create_date, header, session_id, agent_logs_id,file_path) VALUE ('', 'AVAILABILITY', 'v1/22_07_2024/request_availability_Viator_test_11_59_28_1721649568_19.json', 'v1/22_07_2024/response_availability_Viator_test_11_59_28_1721649568_19.json', 'v1/22_07_2024/response_header_availability_Viator_test_11_59_28_1721649568_19.json', 'viator', '2024-07-22 11:59:57', '', '', '2677', 'https://beta.astrabookings.com/project_folder/astra_protected/supplier_logs/v1/22_07_2024/response_availability_Viator_test_11_59_28_1721649568_19.json');
[07/22/2024 11:59:57], [file name :-/efsdata/otrams/public_html/beta/sight_search_list.php],INSERT INTO xmllogs(reservation_id, type, request_path, response_path, header_path, source_type, create_date, header, session_id, agent_logs_id,file_path) VALUE ('', 'AVAILABILITY', 'v1/22_07_2024/request_availability_Viator_test_11_59_28_1721649568_19.json', 'v1/22_07_2024/response_availability_Viator_test_11_59_28_1721649568_19.json', 'v1/22_07_2024/response_header_availability_Viator_test_11_59_28_1721649568_19.json', 'viator', '2024-07-22 11:59:57', '', '', '2677', 'https://beta.astrabookings.com/project_folder/astra_protected/supplier_logs/v1/22_07_2024/response_availability_Viator_test_11_59_28_1721649568_19.json');
[07/22/2024 11:59:57], [file name :-/efsdata/otrams/public_html/beta/sight_search_list.php],INSERT INTO xmllogs(reservation_id, type, request_path, response_path, header_path, source_type, create_date, header, session_id, agent_logs_id,file_path) VALUE ('', 'AVAILABILITY', 'v1/22_07_2024/request_availability_Viator_test_11_59_28_1721649568_19.json', 'v1/22_07_2024/response_availability_Viator_test_11_59_28_1721649568_19.json', 'v1/22_07_2024/response_header_availability_Viator_test_11_59_28_1721649568_19.json', 'viator', '2024-07-22 11:59:57', '', '', '2677', 'https://beta.astrabookings.com/project_folder/astra_protected/supplier_logs/v1/22_07_2024/response_availability_Viator_test_11_59_28_1721649568_19.json');
[07/22/2024 11:59:57], [file name :-/efsdata/otrams/public_html/beta/sight_search_list.php],INSERT INTO xmllogs(reservation_id, type, request_path, response_path, header_path, source_type, create_date, header, session_id, agent_logs_id,file_path) VALUE ('', 'AVAILABILITY', 'v1/22_07_2024/request_availability_Viator_test_11_59_28_1721649568_19.json', 'v1/22_07_2024/response_availability_Viator_test_11_59_28_1721649568_19.json', 'v1/22_07_2024/response_header_availability_Viator_test_11_59_28_1721649568_19.json', 'viator', '2024-07-22 11:59:57', '', '', '2677', 'https://beta.astrabookings.com/project_folder/astra_protected/supplier_logs/v1/22_07_2024/response_availability_Viator_test_11_59_28_1721649568_19.json');
[07/22/2024 11:59:57], [file name :-/efsdata/otrams/public_html/beta/sight_search_list.php],INSERT INTO xmllogs(reservation_id, type, request_path, response_path, header_path, source_type, create_date, header, session_id, agent_logs_id,file_path) VALUE ('', 'AVAILABILITY', 'v1/22_07_2024/request_availability_Viator_test_11_59_28_1721649568_19.json', 'v1/22_07_2024/response_availability_Viator_test_11_59_28_1721649568_19.json', 'v1/22_07_2024/response_header_availability_Viator_test_11_59_28_1721649568_19.json', 'viator', '2024-07-22 11:59:57', '', '', '2677', 'https://beta.astrabookings.com/project_folder/astra_protected/supplier_logs/v1/22_07_2024/response_availability_Viator_test_11_59_28_1721649568_19.json');
[07/22/2024 11:59:57], [file name :-/efsdata/otrams/public_html/beta/sight_search_list.php],INSERT INTO xmllogs(reservation_id, type, request_path, response_path, header_path, source_type, create_date, header, session_id, agent_logs_id,file_path) VALUE ('', 'AVAILABILITY', 'v1/22_07_2024/request_availability_Viator_test_11_59_28_1721649568_19.json', 'v1/22_07_2024/response_availability_Viator_test_11_59_28_1721649568_19.json', 'v1/22_07_2024/response_header_availability_Viator_test_11_59_28_1721649568_19.json', 'viator', '2024-07-22 11:59:57', '', '', '2677', 'https://beta.astrabookings.com/project_folder/astra_protected/supplier_logs/v1/22_07_2024/response_availability_Viator_test_11_59_28_1721649568_19.json');
[07/22/2024 11:59:57], [file name :-/efsdata/otrams/public_html/beta/sight_search_list.php],INSERT INTO xmllogs(reservation_id, type, request_path, response_path, header_path, source_type, create_date, header, session_id, agent_logs_id,file_path) VALUE ('', 'AVAILABILITY', 'v1/22_07_2024/request_availability_Viator_test_11_59_28_1721649568_19.json', 'v1/22_07_2024/response_availability_Viator_test_11_59_28_1721649568_19.json', 'v1/22_07_2024/response_header_availability_Viator_test_11_59_28_1721649568_19.json', 'viator', '2024-07-22 11:59:57', '', '', '2677', 'https://beta.astrabookings.com/project_folder/astra_protected/supplier_logs/v1/22_07_2024/response_availability_Viator_test_11_59_28_1721649568_19.json');
[07/22/2024 11:59:57], [file name :-/efsdata/otrams/public_html/beta/sight_search_list.php],INSERT INTO xmllogs(reservation_id, type, request_path, response_path, header_path, source_type, create_date, header, session_id, agent_logs_id,file_path) VALUE ('', 'AVAILABILITY', 'v1/22_07_2024/request_availability_Viator_test_11_59_28_1721649568_19.json', 'v1/22_07_2024/response_availability_Viator_test_11_59_28_1721649568_19.json', 'v1/22_07_2024/response_header_availability_Viator_test_11_59_28_1721649568_19.json', 'viator', '2024-07-22 11:59:57', '', '', '2677', 'https://beta.astrabookings.com/project_folder/astra_protected/supplier_logs/v1/22_07_2024/response_availability_Viator_test_11_59_28_1721649568_19.json');
[07/22/2024 11:59:57], [file name :-/efsdata/otrams/public_html/beta/sight_search_list.php],INSERT INTO xmllogs(reservation_id, type, request_path, response_path, header_path, source_type, create_date, header, session_id, agent_logs_id,file_path) VALUE ('', 'AVAILABILITY', 'v1/22_07_2024/request_availability_Viator_test_11_59_28_1721649568_19.json', 'v1/22_07_2024/response_availability_Viator_test_11_59_28_1721649568_19.json', 'v1/22_07_2024/response_header_availability_Viator_test_11_59_28_1721649568_19.json', 'viator', '2024-07-22 11:59:57', '', '', '2677', 'https://beta.astrabookings.com/project_folder/astra_protected/supplier_logs/v1/22_07_2024/response_availability_Viator_test_11_59_28_1721649568_19.json');
[07/22/2024 11:59:57], [file name :-/efsdata/otrams/public_html/beta/sight_search_list.php],INSERT INTO xmllogs(reservation_id, type, request_path, response_path, header_path, source_type, create_date, header, session_id, agent_logs_id,file_path) VALUE ('', 'AVAILABILITY', 'v1/22_07_2024/request_availability_Viator_test_11_59_28_1721649568_19.json', 'v1/22_07_2024/response_availability_Viator_test_11_59_28_1721649568_19.json', 'v1/22_07_2024/response_header_availability_Viator_test_11_59_28_1721649568_19.json', 'viator', '2024-07-22 11:59:57', '', '', '2677', 'https://beta.astrabookings.com/project_folder/astra_protected/supplier_logs/v1/22_07_2024/response_availability_Viator_test_11_59_28_1721649568_19.json');
[07/22/2024 11:59:57], [file name :-/efsdata/otrams/public_html/beta/sight_search_list.php],INSERT INTO xmllogs(reservation_id, type, request_path, response_path, header_path, source_type, create_date, header, session_id, agent_logs_id,file_path) VALUE ('', 'AVAILABILITY', 'v1/22_07_2024/request_availability_Viator_test_11_59_28_1721649568_19.json', 'v1/22_07_2024/response_availability_Viator_test_11_59_28_1721649568_19.json', 'v1/22_07_2024/response_header_availability_Viator_test_11_59_28_1721649568_19.json', 'viator', '2024-07-22 11:59:57', '', '', '2677', 'https://beta.astrabookings.com/project_folder/astra_protected/supplier_logs/v1/22_07_2024/response_availability_Viator_test_11_59_28_1721649568_19.json');
[07/22/2024 11:59:57], [file name :-/efsdata/otrams/public_html/beta/sight_search_list.php],INSERT INTO xmllogs(reservation_id, type, request_path, response_path, header_path, source_type, create_date, header, session_id, agent_logs_id,file_path) VALUE ('', 'AVAILABILITY', 'v1/22_07_2024/request_availability_Viator_test_11_59_28_1721649568_19.json', 'v1/22_07_2024/response_availability_Viator_test_11_59_28_1721649568_19.json', 'v1/22_07_2024/response_header_availability_Viator_test_11_59_28_1721649568_19.json', 'viator', '2024-07-22 11:59:57', '', '', '2677', 'https://beta.astrabookings.com/project_folder/astra_protected/supplier_logs/v1/22_07_2024/response_availability_Viator_test_11_59_28_1721649568_19.json');
[07/22/2024 11:59:57], [file name :-/efsdata/otrams/public_html/beta/sight_search_list.php],INSERT INTO xmllogs(reservation_id, type, request_path, response_path, header_path, source_type, create_date, header, session_id, agent_logs_id,file_path) VALUE ('', 'AVAILABILITY', 'v1/22_07_2024/request_availability_Viator_test_11_59_28_1721649568_19.json', 'v1/22_07_2024/response_availability_Viator_test_11_59_28_1721649568_19.json', 'v1/22_07_2024/response_header_availability_Viator_test_11_59_28_1721649568_19.json', 'viator', '2024-07-22 11:59:57', '', '', '2677', 'https://beta.astrabookings.com/project_folder/astra_protected/supplier_logs/v1/22_07_2024/response_availability_Viator_test_11_59_28_1721649568_19.json');
[07/22/2024 11:59:57], [file name :-/efsdata/otrams/public_html/beta/sight_search_list.php],INSERT INTO xmllogs(reservation_id, type, request_path, response_path, header_path, source_type, create_date, header, session_id, agent_logs_id,file_path) VALUE ('', 'AVAILABILITY', 'v1/22_07_2024/request_availability_Viator_test_11_59_28_1721649568_19.json', 'v1/22_07_2024/response_availability_Viator_test_11_59_28_1721649568_19.json', 'v1/22_07_2024/response_header_availability_Viator_test_11_59_28_1721649568_19.json', 'viator', '2024-07-22 11:59:57', '', '', '2677', 'https://beta.astrabookings.com/project_folder/astra_protected/supplier_logs/v1/22_07_2024/response_availability_Viator_test_11_59_28_1721649568_19.json');
[07/22/2024 11:59:57], [file name :-/efsdata/otrams/public_html/beta/sight_search_list.php],INSERT INTO xmllogs(reservation_id, type, request_path, response_path, header_path, source_type, create_date, header, session_id, agent_logs_id,file_path) VALUE ('', 'AVAILABILITY', 'v1/22_07_2024/request_availability_Viator_test_11_59_28_1721649568_19.json', 'v1/22_07_2024/response_availability_Viator_test_11_59_28_1721649568_19.json', 'v1/22_07_2024/response_header_availability_Viator_test_11_59_28_1721649568_19.json', 'viator', '2024-07-22 11:59:57', '', '', '2677', 'https://beta.astrabookings.com/project_folder/astra_protected/supplier_logs/v1/22_07_2024/response_availability_Viator_test_11_59_28_1721649568_19.json');
[07/22/2024 11:59:57], [file name :-/efsdata/otrams/public_html/beta/sight_search_list.php],INSERT INTO xmllogs(reservation_id, type, request_path, response_path, header_path, source_type, create_date, header, session_id, agent_logs_id,file_path) VALUE ('', 'AVAILABILITY', 'v1/22_07_2024/request_availability_Viator_test_11_59_28_1721649568_19.json', 'v1/22_07_2024/response_availability_Viator_test_11_59_28_1721649568_19.json', 'v1/22_07_2024/response_header_availability_Viator_test_11_59_28_1721649568_19.json', 'viator', '2024-07-22 11:59:57', '', '', '2677', 'https://beta.astrabookings.com/project_folder/astra_protected/supplier_logs/v1/22_07_2024/response_availability_Viator_test_11_59_28_1721649568_19.json');
[07/22/2024 11:59:57], [file name :-/efsdata/otrams/public_html/beta/sight_search_list.php],INSERT INTO xmllogs(reservation_id, type, request_path, response_path, header_path, source_type, create_date, header, session_id, agent_logs_id,file_path) VALUE ('', 'AVAILABILITY', 'v1/22_07_2024/request_availability_Viator_test_11_59_28_1721649568_19.json', 'v1/22_07_2024/response_availability_Viator_test_11_59_28_1721649568_19.json', 'v1/22_07_2024/response_header_availability_Viator_test_11_59_28_1721649568_19.json', 'viator', '2024-07-22 11:59:57', '', '', '2677', 'https://beta.astrabookings.com/project_folder/astra_protected/supplier_logs/v1/22_07_2024/response_availability_Viator_test_11_59_28_1721649568_19.json');
[07/22/2024 11:59:57], [file name :-/efsdata/otrams/public_html/beta/sight_search_list.php],INSERT INTO xmllogs(reservation_id, type, request_path, response_path, header_path, source_type, create_date, header, session_id, agent_logs_id,file_path) VALUE ('', 'AVAILABILITY', 'v1/22_07_2024/request_availability_Viator_test_11_59_28_1721649568_19.json', 'v1/22_07_2024/response_availability_Viator_test_11_59_28_1721649568_19.json', 'v1/22_07_2024/response_header_availability_Viator_test_11_59_28_1721649568_19.json', 'viator', '2024-07-22 11:59:57', '', '', '2677', 'https://beta.astrabookings.com/project_folder/astra_protected/supplier_logs/v1/22_07_2024/response_availability_Viator_test_11_59_28_1721649568_19.json');
[07/22/2024 11:59:57], [file name :-/efsdata/otrams/public_html/beta/sight_search_list.php],INSERT INTO xmllogs(reservation_id, type, request_path, response_path, header_path, source_type, create_date, header, session_id, agent_logs_id,file_path) VALUE ('', 'AVAILABILITY', 'v1/22_07_2024/request_availability_Viator_test_11_59_28_1721649568_19.json', 'v1/22_07_2024/response_availability_Viator_test_11_59_28_1721649568_19.json', 'v1/22_07_2024/response_header_availability_Viator_test_11_59_28_1721649568_19.json', 'viator', '2024-07-22 11:59:57', '', '', '2677', 'https://beta.astrabookings.com/project_folder/astra_protected/supplier_logs/v1/22_07_2024/response_availability_Viator_test_11_59_28_1721649568_19.json');
[07/22/2024 11:59:57], [file name :-/efsdata/otrams/public_html/beta/sight_search_list.php],INSERT INTO xmllogs(reservation_id, type, request_path, response_path, header_path, source_type, create_date, header, session_id, agent_logs_id,file_path) VALUE ('', 'AVAILABILITY', 'v1/22_07_2024/request_availability_Viator_test_11_59_28_1721649568_19.json', 'v1/22_07_2024/response_availability_Viator_test_11_59_28_1721649568_19.json', 'v1/22_07_2024/response_header_availability_Viator_test_11_59_28_1721649568_19.json', 'viator', '2024-07-22 11:59:57', '', '', '2677', 'https://beta.astrabookings.com/project_folder/astra_protected/supplier_logs/v1/22_07_2024/response_availability_Viator_test_11_59_28_1721649568_19.json');
[07/22/2024 11:59:57], [file name :-/efsdata/otrams/public_html/beta/sight_search_list.php],INSERT INTO xmllogs(reservation_id, type, request_path, response_path, header_path, source_type, create_date, header, session_id, agent_logs_id,file_path) VALUE ('', 'AVAILABILITY', 'v1/22_07_2024/request_availability_Viator_test_11_59_28_1721649568_19.json', 'v1/22_07_2024/response_availability_Viator_test_11_59_28_1721649568_19.json', 'v1/22_07_2024/response_header_availability_Viator_test_11_59_28_1721649568_19.json', 'viator', '2024-07-22 11:59:57', '', '', '2677', 'https://beta.astrabookings.com/project_folder/astra_protected/supplier_logs/v1/22_07_2024/response_availability_Viator_test_11_59_28_1721649568_19.json');
[07/22/2024 11:59:57], [file name :-/efsdata/otrams/public_html/beta/sight_search_list.php],INSERT INTO xmllogs(reservation_id, type, request_path, response_path, header_path, source_type, create_date, header, session_id, agent_logs_id,file_path) VALUE ('', 'AVAILABILITY', 'v1/22_07_2024/request_availability_Viator_test_11_59_28_1721649568_19.json', 'v1/22_07_2024/response_availability_Viator_test_11_59_28_1721649568_19.json', 'v1/22_07_2024/response_header_availability_Viator_test_11_59_28_1721649568_19.json', 'viator', '2024-07-22 11:59:57', '', '', '2677', 'https://beta.astrabookings.com/project_folder/astra_protected/supplier_logs/v1/22_07_2024/response_availability_Viator_test_11_59_28_1721649568_19.json');
[07/22/2024 11:59:57], [file name :-/efsdata/otrams/public_html/beta/sight_search_list.php],INSERT INTO xmllogs(reservation_id, type, request_path, response_path, header_path, source_type, create_date, header, session_id, agent_logs_id,file_path) VALUE ('', 'AVAILABILITY', 'v1/22_07_2024/request_availability_Viator_test_11_59_28_1721649568_19.json', 'v1/22_07_2024/response_availability_Viator_test_11_59_28_1721649568_19.json', 'v1/22_07_2024/response_header_availability_Viator_test_11_59_28_1721649568_19.json', 'viator', '2024-07-22 11:59:57', '', '', '2677', 'https://beta.astrabookings.com/project_folder/astra_protected/supplier_logs/v1/22_07_2024/response_availability_Viator_test_11_59_28_1721649568_19.json');
[07/22/2024 11:59:57], [file name :-/efsdata/otrams/public_html/beta/sight_search_list.php],INSERT INTO xmllogs(reservation_id, type, request_path, response_path, header_path, source_type, create_date, header, session_id, agent_logs_id,file_path) VALUE ('', 'AVAILABILITY', 'v1/22_07_2024/request_availability_Viator_test_11_59_28_1721649568_19.json', 'v1/22_07_2024/response_availability_Viator_test_11_59_28_1721649568_19.json', 'v1/22_07_2024/response_header_availability_Viator_test_11_59_28_1721649568_19.json', 'viator', '2024-07-22 11:59:57', '', '', '2677', 'https://beta.astrabookings.com/project_folder/astra_protected/supplier_logs/v1/22_07_2024/response_availability_Viator_test_11_59_28_1721649568_19.json');
[07/22/2024 11:59:57], [file name :-/efsdata/otrams/public_html/beta/sight_search_list.php],INSERT INTO xmllogs(reservation_id, type, request_path, response_path, header_path, source_type, create_date, header, session_id, agent_logs_id,file_path) VALUE ('', 'AVAILABILITY', 'v1/22_07_2024/request_availability_Viator_test_11_59_28_1721649568_19.json', 'v1/22_07_2024/response_availability_Viator_test_11_59_28_1721649568_19.json', 'v1/22_07_2024/response_header_availability_Viator_test_11_59_28_1721649568_19.json', 'viator', '2024-07-22 11:59:57', '', '', '2677', 'https://beta.astrabookings.com/project_folder/astra_protected/supplier_logs/v1/22_07_2024/response_availability_Viator_test_11_59_28_1721649568_19.json');
[07/22/2024 11:59:57], [file name :-/efsdata/otrams/public_html/beta/sight_search_list.php],INSERT INTO xmllogs(reservation_id, type, request_path, response_path, header_path, source_type, create_date, header, session_id, agent_logs_id,file_path) VALUE ('', 'AVAILABILITY', 'v1/22_07_2024/request_availability_Viator_test_11_59_28_1721649568_19.json', 'v1/22_07_2024/response_availability_Viator_test_11_59_28_1721649568_19.json', 'v1/22_07_2024/response_header_availability_Viator_test_11_59_28_1721649568_19.json', 'viator', '2024-07-22 11:59:57', '', '', '2677', 'https://beta.astrabookings.com/project_folder/astra_protected/supplier_logs/v1/22_07_2024/response_availability_Viator_test_11_59_28_1721649568_19.json');
[07/22/2024 11:59:57], [file name :-/efsdata/otrams/public_html/beta/sight_search_list.php],INSERT INTO xmllogs(reservation_id, type, request_path, response_path, header_path, source_type, create_date, header, session_id, agent_logs_id,file_path) VALUE ('', 'AVAILABILITY', 'v1/22_07_2024/request_availability_Viator_test_11_59_28_1721649568_19.json', 'v1/22_07_2024/response_availability_Viator_test_11_59_28_1721649568_19.json', 'v1/22_07_2024/response_header_availability_Viator_test_11_59_28_1721649568_19.json', 'viator', '2024-07-22 11:59:57', '', '', '2677', 'https://beta.astrabookings.com/project_folder/astra_protected/supplier_logs/v1/22_07_2024/response_availability_Viator_test_11_59_28_1721649568_19.json');
[07/22/2024 11:59:57], [file name :-/efsdata/otrams/public_html/beta/sight_search_list.php],INSERT INTO xmllogs(reservation_id, type, request_path, response_path, header_path, source_type, create_date, header, session_id, agent_logs_id,file_path) VALUE ('', 'AVAILABILITY', 'v1/22_07_2024/request_availability_Viator_test_11_59_28_1721649568_19.json', 'v1/22_07_2024/response_availability_Viator_test_11_59_28_1721649568_19.json', 'v1/22_07_2024/response_header_availability_Viator_test_11_59_28_1721649568_19.json', 'viator', '2024-07-22 11:59:57', '', '', '2677', 'https://beta.astrabookings.com/project_folder/astra_protected/supplier_logs/v1/22_07_2024/response_availability_Viator_test_11_59_28_1721649568_19.json');
[07/22/2024 11:59:58], [file name :-/efsdata/otrams/public_html/beta/sight_search_list.php],INSERT INTO xmllogs(reservation_id, type, request_path, response_path, header_path, source_type, create_date, header, session_id, agent_logs_id,file_path) VALUE ('', 'AVAILABILITY', 'v1/22_07_2024/request_availability_Viator_test_11_59_28_1721649568_19.json', 'v1/22_07_2024/response_availability_Viator_test_11_59_28_1721649568_19.json', 'v1/22_07_2024/response_header_availability_Viator_test_11_59_28_1721649568_19.json', 'viator', '2024-07-22 11:59:58', '', '', '2677', 'https://beta.astrabookings.com/project_folder/astra_protected/supplier_logs/v1/22_07_2024/response_availability_Viator_test_11_59_28_1721649568_19.json');
[07/22/2024 11:59:58], [file name :-/efsdata/otrams/public_html/beta/sight_search_list.php],INSERT INTO xmllogs(reservation_id, type, request_path, response_path, header_path, source_type, create_date, header, session_id, agent_logs_id,file_path) VALUE ('', 'AVAILABILITY', 'v1/22_07_2024/request_availability_Viator_test_11_59_28_1721649568_19.json', 'v1/22_07_2024/response_availability_Viator_test_11_59_28_1721649568_19.json', 'v1/22_07_2024/response_header_availability_Viator_test_11_59_28_1721649568_19.json', 'viator', '2024-07-22 11:59:58', '', '', '2677', 'https://beta.astrabookings.com/project_folder/astra_protected/supplier_logs/v1/22_07_2024/response_availability_Viator_test_11_59_28_1721649568_19.json');
[07/22/2024 11:59:58], [file name :-/efsdata/otrams/public_html/beta/sight_search_list.php],INSERT INTO xmllogs(reservation_id, type, request_path, response_path, header_path, source_type, create_date, header, session_id, agent_logs_id,file_path) VALUE ('', 'AVAILABILITY', 'v1/22_07_2024/request_availability_Viator_test_11_59_28_1721649568_19.json', 'v1/22_07_2024/response_availability_Viator_test_11_59_28_1721649568_19.json', 'v1/22_07_2024/response_header_availability_Viator_test_11_59_28_1721649568_19.json', 'viator', '2024-07-22 11:59:58', '', '', '2677', 'https://beta.astrabookings.com/project_folder/astra_protected/supplier_logs/v1/22_07_2024/response_availability_Viator_test_11_59_28_1721649568_19.json');
[07/22/2024 11:59:58], [file name :-/efsdata/otrams/public_html/beta/sight_search_list.php],INSERT INTO xmllogs(reservation_id, type, request_path, response_path, header_path, source_type, create_date, header, session_id, agent_logs_id,file_path) VALUE ('', 'AVAILABILITY', 'v1/22_07_2024/request_availability_Viator_test_11_59_28_1721649568_19.json', 'v1/22_07_2024/response_availability_Viator_test_11_59_28_1721649568_19.json', 'v1/22_07_2024/response_header_availability_Viator_test_11_59_28_1721649568_19.json', 'viator', '2024-07-22 11:59:58', '', '', '2677', 'https://beta.astrabookings.com/project_folder/astra_protected/supplier_logs/v1/22_07_2024/response_availability_Viator_test_11_59_28_1721649568_19.json');
[07/22/2024 11:59:58], [file name :-/efsdata/otrams/public_html/beta/sight_search_list.php],INSERT INTO xmllogs(reservation_id, type, request_path, response_path, header_path, source_type, create_date, header, session_id, agent_logs_id,file_path) VALUE ('', 'AVAILABILITY', 'v1/22_07_2024/request_availability_Viator_test_11_59_28_1721649568_19.json', 'v1/22_07_2024/response_availability_Viator_test_11_59_28_1721649568_19.json', 'v1/22_07_2024/response_header_availability_Viator_test_11_59_28_1721649568_19.json', 'viator', '2024-07-22 11:59:58', '', '', '2677', 'https://beta.astrabookings.com/project_folder/astra_protected/supplier_logs/v1/22_07_2024/response_availability_Viator_test_11_59_28_1721649568_19.json');
[07/22/2024 11:59:58], [file name :-/efsdata/otrams/public_html/beta/sight_search_list.php],INSERT INTO xmllogs(reservation_id, type, request_path, response_path, header_path, source_type, create_date, header, session_id, agent_logs_id,file_path) VALUE ('', 'AVAILABILITY', 'v1/22_07_2024/request_availability_Viator_test_11_59_28_1721649568_19.json', 'v1/22_07_2024/response_availability_Viator_test_11_59_28_1721649568_19.json', 'v1/22_07_2024/response_header_availability_Viator_test_11_59_28_1721649568_19.json', 'viator', '2024-07-22 11:59:58', '', '', '2677', 'https://beta.astrabookings.com/project_folder/astra_protected/supplier_logs/v1/22_07_2024/response_availability_Viator_test_11_59_28_1721649568_19.json');
[07/22/2024 11:59:58], [file name :-/efsdata/otrams/public_html/beta/sight_search_list.php],INSERT INTO xmllogs(reservation_id, type, request_path, response_path, header_path, source_type, create_date, header, session_id, agent_logs_id,file_path) VALUE ('', 'AVAILABILITY', 'v1/22_07_2024/request_availability_Viator_test_11_59_28_1721649568_19.json', 'v1/22_07_2024/response_availability_Viator_test_11_59_28_1721649568_19.json', 'v1/22_07_2024/response_header_availability_Viator_test_11_59_28_1721649568_19.json', 'viator', '2024-07-22 11:59:58', '', '', '2677', 'https://beta.astrabookings.com/project_folder/astra_protected/supplier_logs/v1/22_07_2024/response_availability_Viator_test_11_59_28_1721649568_19.json');
[07/22/2024 11:59:58], [file name :-/efsdata/otrams/public_html/beta/sight_search_list.php],INSERT INTO xmllogs(reservation_id, type, request_path, response_path, header_path, source_type, create_date, header, session_id, agent_logs_id,file_path) VALUE ('', 'AVAILABILITY', 'v1/22_07_2024/request_availability_Viator_test_11_59_28_1721649568_19.json', 'v1/22_07_2024/response_availability_Viator_test_11_59_28_1721649568_19.json', 'v1/22_07_2024/response_header_availability_Viator_test_11_59_28_1721649568_19.json', 'viator', '2024-07-22 11:59:58', '', '', '2677', 'https://beta.astrabookings.com/project_folder/astra_protected/supplier_logs/v1/22_07_2024/response_availability_Viator_test_11_59_28_1721649568_19.json');
[07/22/2024 11:59:58], [file name :-/efsdata/otrams/public_html/beta/sight_search_list.php],INSERT INTO xmllogs(reservation_id, type, request_path, response_path, header_path, source_type, create_date, header, session_id, agent_logs_id,file_path) VALUE ('', 'AVAILABILITY', 'v1/22_07_2024/request_availability_Viator_test_11_59_28_1721649568_19.json', 'v1/22_07_2024/response_availability_Viator_test_11_59_28_1721649568_19.json', 'v1/22_07_2024/response_header_availability_Viator_test_11_59_28_1721649568_19.json', 'viator', '2024-07-22 11:59:58', '', '', '2677', 'https://beta.astrabookings.com/project_folder/astra_protected/supplier_logs/v1/22_07_2024/response_availability_Viator_test_11_59_28_1721649568_19.json');
[07/22/2024 11:59:58], [file name :-/efsdata/otrams/public_html/beta/sight_search_list.php],INSERT INTO xmllogs(reservation_id, type, request_path, response_path, header_path, source_type, create_date, header, session_id, agent_logs_id,file_path) VALUE ('', 'AVAILABILITY', 'v1/22_07_2024/request_availability_Viator_test_11_59_28_1721649568_19.json', 'v1/22_07_2024/response_availability_Viator_test_11_59_28_1721649568_19.json', 'v1/22_07_2024/response_header_availability_Viator_test_11_59_28_1721649568_19.json', 'viator', '2024-07-22 11:59:58', '', '', '2677', 'https://beta.astrabookings.com/project_folder/astra_protected/supplier_logs/v1/22_07_2024/response_availability_Viator_test_11_59_28_1721649568_19.json');
[07/22/2024 11:59:58], [file name :-/efsdata/otrams/public_html/beta/sight_search_list.php],INSERT INTO xmllogs(reservation_id, type, request_path, response_path, header_path, source_type, create_date, header, session_id, agent_logs_id,file_path) VALUE ('', 'AVAILABILITY', 'v1/22_07_2024/request_availability_Viator_test_11_59_28_1721649568_19.json', 'v1/22_07_2024/response_availability_Viator_test_11_59_28_1721649568_19.json', 'v1/22_07_2024/response_header_availability_Viator_test_11_59_28_1721649568_19.json', 'viator', '2024-07-22 11:59:58', '', '', '2677', 'https://beta.astrabookings.com/project_folder/astra_protected/supplier_logs/v1/22_07_2024/response_availability_Viator_test_11_59_28_1721649568_19.json');
[07/22/2024 11:59:58], [file name :-/efsdata/otrams/public_html/beta/sight_search_list.php],INSERT INTO xmllogs(reservation_id, type, request_path, response_path, header_path, source_type, create_date, header, session_id, agent_logs_id,file_path) VALUE ('', 'AVAILABILITY', 'v1/22_07_2024/request_availability_Viator_test_11_59_28_1721649568_19.json', 'v1/22_07_2024/response_availability_Viator_test_11_59_28_1721649568_19.json', 'v1/22_07_2024/response_header_availability_Viator_test_11_59_28_1721649568_19.json', 'viator', '2024-07-22 11:59:58', '', '', '2677', 'https://beta.astrabookings.com/project_folder/astra_protected/supplier_logs/v1/22_07_2024/response_availability_Viator_test_11_59_28_1721649568_19.json');
[07/22/2024 11:59:58], [file name :-/efsdata/otrams/public_html/beta/sight_search_list.php],INSERT INTO xmllogs(reservation_id, type, request_path, response_path, header_path, source_type, create_date, header, session_id, agent_logs_id,file_path) VALUE ('', 'AVAILABILITY', 'v1/22_07_2024/request_availability_Viator_test_11_59_28_1721649568_19.json', 'v1/22_07_2024/response_availability_Viator_test_11_59_28_1721649568_19.json', 'v1/22_07_2024/response_header_availability_Viator_test_11_59_28_1721649568_19.json', 'viator', '2024-07-22 11:59:58', '', '', '2677', 'https://beta.astrabookings.com/project_folder/astra_protected/supplier_logs/v1/22_07_2024/response_availability_Viator_test_11_59_28_1721649568_19.json');
[07/22/2024 11:59:58], [file name :-/efsdata/otrams/public_html/beta/sight_search_list.php],INSERT INTO xmllogs(reservation_id, type, request_path, response_path, header_path, source_type, create_date, header, session_id, agent_logs_id,file_path) VALUE ('', 'AVAILABILITY', 'v1/22_07_2024/request_availability_Viator_test_11_59_28_1721649568_19.json', 'v1/22_07_2024/response_availability_Viator_test_11_59_28_1721649568_19.json', 'v1/22_07_2024/response_header_availability_Viator_test_11_59_28_1721649568_19.json', 'viator', '2024-07-22 11:59:58', '', '', '2677', 'https://beta.astrabookings.com/project_folder/astra_protected/supplier_logs/v1/22_07_2024/response_availability_Viator_test_11_59_28_1721649568_19.json');
[07/22/2024 11:59:58], [file name :-/efsdata/otrams/public_html/beta/sight_search_list.php],INSERT INTO xmllogs(reservation_id, type, request_path, response_path, header_path, source_type, create_date, header, session_id, agent_logs_id,file_path) VALUE ('', 'AVAILABILITY', 'v1/22_07_2024/request_availability_Viator_test_11_59_28_1721649568_19.json', 'v1/22_07_2024/response_availability_Viator_test_11_59_28_1721649568_19.json', 'v1/22_07_2024/response_header_availability_Viator_test_11_59_28_1721649568_19.json', 'viator', '2024-07-22 11:59:58', '', '', '2677', 'https://beta.astrabookings.com/project_folder/astra_protected/supplier_logs/v1/22_07_2024/response_availability_Viator_test_11_59_28_1721649568_19.json');
[07/22/2024 11:59:58], [file name :-/efsdata/otrams/public_html/beta/sight_search_list.php],INSERT INTO xmllogs(reservation_id, type, request_path, response_path, header_path, source_type, create_date, header, session_id, agent_logs_id,file_path) VALUE ('', 'AVAILABILITY', 'v1/22_07_2024/request_availability_Viator_test_11_59_28_1721649568_19.json', 'v1/22_07_2024/response_availability_Viator_test_11_59_28_1721649568_19.json', 'v1/22_07_2024/response_header_availability_Viator_test_11_59_28_1721649568_19.json', 'viator', '2024-07-22 11:59:58', '', '', '2677', 'https://beta.astrabookings.com/project_folder/astra_protected/supplier_logs/v1/22_07_2024/response_availability_Viator_test_11_59_28_1721649568_19.json');
[07/22/2024 11:59:58], [file name :-/efsdata/otrams/public_html/beta/sight_search_list.php],INSERT INTO xmllogs(reservation_id, type, request_path, response_path, header_path, source_type, create_date, header, session_id, agent_logs_id,file_path) VALUE ('', 'AVAILABILITY', 'v1/22_07_2024/request_availability_Viator_test_11_59_28_1721649568_19.json', 'v1/22_07_2024/response_availability_Viator_test_11_59_28_1721649568_19.json', 'v1/22_07_2024/response_header_availability_Viator_test_11_59_28_1721649568_19.json', 'viator', '2024-07-22 11:59:58', '', '', '2677', 'https://beta.astrabookings.com/project_folder/astra_protected/supplier_logs/v1/22_07_2024/response_availability_Viator_test_11_59_28_1721649568_19.json');
[07/22/2024 11:59:58], [file name :-/efsdata/otrams/public_html/beta/sight_search_list.php],INSERT INTO xmllogs(reservation_id, type, request_path, response_path, header_path, source_type, create_date, header, session_id, agent_logs_id,file_path) VALUE ('', 'AVAILABILITY', 'v1/22_07_2024/request_availability_Viator_test_11_59_28_1721649568_19.json', 'v1/22_07_2024/response_availability_Viator_test_11_59_28_1721649568_19.json', 'v1/22_07_2024/response_header_availability_Viator_test_11_59_28_1721649568_19.json', 'viator', '2024-07-22 11:59:58', '', '', '2677', 'https://beta.astrabookings.com/project_folder/astra_protected/supplier_logs/v1/22_07_2024/response_availability_Viator_test_11_59_28_1721649568_19.json');
[07/22/2024 11:59:58], [file name :-/efsdata/otrams/public_html/beta/sight_search_list.php],INSERT INTO xmllogs(reservation_id, type, request_path, response_path, header_path, source_type, create_date, header, session_id, agent_logs_id,file_path) VALUE ('', 'AVAILABILITY', 'v1/22_07_2024/request_availability_Viator_test_11_59_28_1721649568_19.json', 'v1/22_07_2024/response_availability_Viator_test_11_59_28_1721649568_19.json', 'v1/22_07_2024/response_header_availability_Viator_test_11_59_28_1721649568_19.json', 'viator', '2024-07-22 11:59:58', '', '', '2677', 'https://beta.astrabookings.com/project_folder/astra_protected/supplier_logs/v1/22_07_2024/response_availability_Viator_test_11_59_28_1721649568_19.json');
[07/22/2024 11:59:58], [file name :-/efsdata/otrams/public_html/beta/sight_search_list.php],INSERT INTO xmllogs(reservation_id, type, request_path, response_path, header_path, source_type, create_date, header, session_id, agent_logs_id,file_path) VALUE ('', 'AVAILABILITY', 'v1/22_07_2024/request_availability_Viator_test_11_59_28_1721649568_19.json', 'v1/22_07_2024/response_availability_Viator_test_11_59_28_1721649568_19.json', 'v1/22_07_2024/response_header_availability_Viator_test_11_59_28_1721649568_19.json', 'viator', '2024-07-22 11:59:58', '', '', '2677', 'https://beta.astrabookings.com/project_folder/astra_protected/supplier_logs/v1/22_07_2024/response_availability_Viator_test_11_59_28_1721649568_19.json');
[07/22/2024 11:59:58], [file name :-/efsdata/otrams/public_html/beta/sight_search_list.php],INSERT INTO xmllogs(reservation_id, type, request_path, response_path, header_path, source_type, create_date, header, session_id, agent_logs_id,file_path) VALUE ('', 'AVAILABILITY', 'v1/22_07_2024/request_availability_Viator_test_11_59_28_1721649568_19.json', 'v1/22_07_2024/response_availability_Viator_test_11_59_28_1721649568_19.json', 'v1/22_07_2024/response_header_availability_Viator_test_11_59_28_1721649568_19.json', 'viator', '2024-07-22 11:59:58', '', '', '2677', 'https://beta.astrabookings.com/project_folder/astra_protected/supplier_logs/v1/22_07_2024/response_availability_Viator_test_11_59_28_1721649568_19.json');
[07/22/2024 11:59:58], [file name :-/efsdata/otrams/public_html/beta/sight_search_list.php],INSERT INTO xmllogs(reservation_id, type, request_path, response_path, header_path, source_type, create_date, header, session_id, agent_logs_id,file_path) VALUE ('', 'AVAILABILITY', 'v1/22_07_2024/request_availability_Viator_test_11_59_28_1721649568_19.json', 'v1/22_07_2024/response_availability_Viator_test_11_59_28_1721649568_19.json', 'v1/22_07_2024/response_header_availability_Viator_test_11_59_28_1721649568_19.json', 'viator', '2024-07-22 11:59:58', '', '', '2677', 'https://beta.astrabookings.com/project_folder/astra_protected/supplier_logs/v1/22_07_2024/response_availability_Viator_test_11_59_28_1721649568_19.json');
[07/22/2024 11:59:58], [file name :-/efsdata/otrams/public_html/beta/sight_search_list.php],INSERT INTO xmllogs(reservation_id, type, request_path, response_path, header_path, source_type, create_date, header, session_id, agent_logs_id,file_path) VALUE ('', 'AVAILABILITY', 'v1/22_07_2024/request_availability_Viator_test_11_59_28_1721649568_19.json', 'v1/22_07_2024/response_availability_Viator_test_11_59_28_1721649568_19.json', 'v1/22_07_2024/response_header_availability_Viator_test_11_59_28_1721649568_19.json', 'viator', '2024-07-22 11:59:58', '', '', '2677', 'https://beta.astrabookings.com/project_folder/astra_protected/supplier_logs/v1/22_07_2024/response_availability_Viator_test_11_59_28_1721649568_19.json');
[07/22/2024 11:59:58], [file name :-/efsdata/otrams/public_html/beta/sight_search_list.php],INSERT INTO xmllogs(reservation_id, type, request_path, response_path, header_path, source_type, create_date, header, session_id, agent_logs_id,file_path) VALUE ('', 'AVAILABILITY', 'v1/22_07_2024/request_availability_Viator_test_11_59_28_1721649568_19.json', 'v1/22_07_2024/response_availability_Viator_test_11_59_28_1721649568_19.json', 'v1/22_07_2024/response_header_availability_Viator_test_11_59_28_1721649568_19.json', 'viator', '2024-07-22 11:59:58', '', '', '2677', 'https://beta.astrabookings.com/project_folder/astra_protected/supplier_logs/v1/22_07_2024/response_availability_Viator_test_11_59_28_1721649568_19.json');
[07/22/2024 11:59:58], [file name :-/efsdata/otrams/public_html/beta/sight_search_list.php],INSERT INTO xmllogs(reservation_id, type, request_path, response_path, header_path, source_type, create_date, header, session_id, agent_logs_id,file_path) VALUE ('', 'AVAILABILITY', 'v1/22_07_2024/request_availability_Viator_test_11_59_28_1721649568_19.json', 'v1/22_07_2024/response_availability_Viator_test_11_59_28_1721649568_19.json', 'v1/22_07_2024/response_header_availability_Viator_test_11_59_28_1721649568_19.json', 'viator', '2024-07-22 11:59:58', '', '', '2677', 'https://beta.astrabookings.com/project_folder/astra_protected/supplier_logs/v1/22_07_2024/response_availability_Viator_test_11_59_28_1721649568_19.json');
[07/22/2024 11:59:58], [file name :-/efsdata/otrams/public_html/beta/sight_search_list.php],INSERT INTO xmllogs(reservation_id, type, request_path, response_path, header_path, source_type, create_date, header, session_id, agent_logs_id,file_path) VALUE ('', 'AVAILABILITY', 'v1/22_07_2024/request_availability_Viator_test_11_59_28_1721649568_19.json', 'v1/22_07_2024/response_availability_Viator_test_11_59_28_1721649568_19.json', 'v1/22_07_2024/response_header_availability_Viator_test_11_59_28_1721649568_19.json', 'viator', '2024-07-22 11:59:58', '', '', '2677', 'https://beta.astrabookings.com/project_folder/astra_protected/supplier_logs/v1/22_07_2024/response_availability_Viator_test_11_59_28_1721649568_19.json');
[07/22/2024 11:59:58], [file name :-/efsdata/otrams/public_html/beta/sight_search_list.php],INSERT INTO xmllogs(reservation_id, type, request_path, response_path, header_path, source_type, create_date, header, session_id, agent_logs_id,file_path) VALUE ('', 'AVAILABILITY', 'v1/22_07_2024/request_availability_Viator_test_11_59_28_1721649568_19.json', 'v1/22_07_2024/response_availability_Viator_test_11_59_28_1721649568_19.json', 'v1/22_07_2024/response_header_availability_Viator_test_11_59_28_1721649568_19.json', 'viator', '2024-07-22 11:59:58', '', '', '2677', 'https://beta.astrabookings.com/project_folder/astra_protected/supplier_logs/v1/22_07_2024/response_availability_Viator_test_11_59_28_1721649568_19.json');
[07/22/2024 11:59:58], [file name :-/efsdata/otrams/public_html/beta/sight_search_list.php],INSERT INTO xmllogs(reservation_id, type, request_path, response_path, header_path, source_type, create_date, header, session_id, agent_logs_id,file_path) VALUE ('', 'AVAILABILITY', 'v1/22_07_2024/request_availability_Viator_test_11_59_28_1721649568_19.json', 'v1/22_07_2024/response_availability_Viator_test_11_59_28_1721649568_19.json', 'v1/22_07_2024/response_header_availability_Viator_test_11_59_28_1721649568_19.json', 'viator', '2024-07-22 11:59:58', '', '', '2677', 'https://beta.astrabookings.com/project_folder/astra_protected/supplier_logs/v1/22_07_2024/response_availability_Viator_test_11_59_28_1721649568_19.json');
[07/22/2024 11:59:58], [file name :-/efsdata/otrams/public_html/beta/sight_search_list.php],INSERT INTO xmllogs(reservation_id, type, request_path, response_path, header_path, source_type, create_date, header, session_id, agent_logs_id,file_path) VALUE ('', 'AVAILABILITY', 'v1/22_07_2024/request_availability_Viator_test_11_59_28_1721649568_19.json', 'v1/22_07_2024/response_availability_Viator_test_11_59_28_1721649568_19.json', 'v1/22_07_2024/response_header_availability_Viator_test_11_59_28_1721649568_19.json', 'viator', '2024-07-22 11:59:58', '', '', '2677', 'https://beta.astrabookings.com/project_folder/astra_protected/supplier_logs/v1/22_07_2024/response_availability_Viator_test_11_59_28_1721649568_19.json');
[07/22/2024 11:59:58], [file name :-/efsdata/otrams/public_html/beta/sight_search_list.php],INSERT INTO xmllogs(reservation_id, type, request_path, response_path, header_path, source_type, create_date, header, session_id, agent_logs_id,file_path) VALUE ('', 'AVAILABILITY', 'v1/22_07_2024/request_availability_Viator_test_11_59_28_1721649568_19.json', 'v1/22_07_2024/response_availability_Viator_test_11_59_28_1721649568_19.json', 'v1/22_07_2024/response_header_availability_Viator_test_11_59_28_1721649568_19.json', 'viator', '2024-07-22 11:59:58', '', '', '2677', 'https://beta.astrabookings.com/project_folder/astra_protected/supplier_logs/v1/22_07_2024/response_availability_Viator_test_11_59_28_1721649568_19.json');
[07/22/2024 11:59:58], [file name :-/efsdata/otrams/public_html/beta/sight_search_list.php],INSERT INTO xmllogs(reservation_id, type, request_path, response_path, header_path, source_type, create_date, header, session_id, agent_logs_id,file_path) VALUE ('', 'AVAILABILITY', 'v1/22_07_2024/request_availability_Viator_test_11_59_28_1721649568_19.json', 'v1/22_07_2024/response_availability_Viator_test_11_59_28_1721649568_19.json', 'v1/22_07_2024/response_header_availability_Viator_test_11_59_28_1721649568_19.json', 'viator', '2024-07-22 11:59:58', '', '', '2677', 'https://beta.astrabookings.com/project_folder/astra_protected/supplier_logs/v1/22_07_2024/response_availability_Viator_test_11_59_28_1721649568_19.json');
[07/22/2024 11:59:58], [file name :-/efsdata/otrams/public_html/beta/sight_search_list.php],INSERT INTO xmllogs(reservation_id, type, request_path, response_path, header_path, source_type, create_date, header, session_id, agent_logs_id,file_path) VALUE ('', 'AVAILABILITY', 'v1/22_07_2024/request_availability_Viator_test_11_59_28_1721649568_19.json', 'v1/22_07_2024/response_availability_Viator_test_11_59_28_1721649568_19.json', 'v1/22_07_2024/response_header_availability_Viator_test_11_59_28_1721649568_19.json', 'viator', '2024-07-22 11:59:58', '', '', '2677', 'https://beta.astrabookings.com/project_folder/astra_protected/supplier_logs/v1/22_07_2024/response_availability_Viator_test_11_59_28_1721649568_19.json');
[07/22/2024 11:59:58], [file name :-/efsdata/otrams/public_html/beta/sight_search_list.php],INSERT INTO xmllogs(reservation_id, type, request_path, response_path, header_path, source_type, create_date, header, session_id, agent_logs_id,file_path) VALUE ('', 'AVAILABILITY', 'v1/22_07_2024/request_availability_Viator_test_11_59_28_1721649568_19.json', 'v1/22_07_2024/response_availability_Viator_test_11_59_28_1721649568_19.json', 'v1/22_07_2024/response_header_availability_Viator_test_11_59_28_1721649568_19.json', 'viator', '2024-07-22 11:59:58', '', '', '2677', 'https://beta.astrabookings.com/project_folder/astra_protected/supplier_logs/v1/22_07_2024/response_availability_Viator_test_11_59_28_1721649568_19.json');
[07/22/2024 11:59:58], [file name :-/efsdata/otrams/public_html/beta/sight_search_list.php],INSERT INTO xmllogs(reservation_id, type, request_path, response_path, header_path, source_type, create_date, header, session_id, agent_logs_id,file_path) VALUE ('', 'AVAILABILITY', 'v1/22_07_2024/request_availability_Viator_test_11_59_28_1721649568_19.json', 'v1/22_07_2024/response_availability_Viator_test_11_59_28_1721649568_19.json', 'v1/22_07_2024/response_header_availability_Viator_test_11_59_28_1721649568_19.json', 'viator', '2024-07-22 11:59:58', '', '', '2677', 'https://beta.astrabookings.com/project_folder/astra_protected/supplier_logs/v1/22_07_2024/response_availability_Viator_test_11_59_28_1721649568_19.json');
[07/22/2024 11:59:58], [file name :-/efsdata/otrams/public_html/beta/sight_search_list.php],INSERT INTO xmllogs(reservation_id, type, request_path, response_path, header_path, source_type, create_date, header, session_id, agent_logs_id,file_path) VALUE ('', 'AVAILABILITY', 'v1/22_07_2024/request_availability_Viator_test_11_59_28_1721649568_19.json', 'v1/22_07_2024/response_availability_Viator_test_11_59_28_1721649568_19.json', 'v1/22_07_2024/response_header_availability_Viator_test_11_59_28_1721649568_19.json', 'viator', '2024-07-22 11:59:58', '', '', '2677', 'https://beta.astrabookings.com/project_folder/astra_protected/supplier_logs/v1/22_07_2024/response_availability_Viator_test_11_59_28_1721649568_19.json');
[07/22/2024 11:59:58], [file name :-/efsdata/otrams/public_html/beta/sight_search_list.php],INSERT INTO xmllogs(reservation_id, type, request_path, response_path, header_path, source_type, create_date, header, session_id, agent_logs_id,file_path) VALUE ('', 'AVAILABILITY', 'v1/22_07_2024/request_availability_Viator_test_11_59_28_1721649568_19.json', 'v1/22_07_2024/response_availability_Viator_test_11_59_28_1721649568_19.json', 'v1/22_07_2024/response_header_availability_Viator_test_11_59_28_1721649568_19.json', 'viator', '2024-07-22 11:59:58', '', '', '2677', 'https://beta.astrabookings.com/project_folder/astra_protected/supplier_logs/v1/22_07_2024/response_availability_Viator_test_11_59_28_1721649568_19.json');
[07/22/2024 11:59:58], [file name :-/efsdata/otrams/public_html/beta/sight_search_list.php],INSERT INTO xmllogs(reservation_id, type, request_path, response_path, header_path, source_type, create_date, header, session_id, agent_logs_id,file_path) VALUE ('', 'AVAILABILITY', 'v1/22_07_2024/request_availability_Viator_test_11_59_28_1721649568_19.json', 'v1/22_07_2024/response_availability_Viator_test_11_59_28_1721649568_19.json', 'v1/22_07_2024/response_header_availability_Viator_test_11_59_28_1721649568_19.json', 'viator', '2024-07-22 11:59:58', '', '', '2677', 'https://beta.astrabookings.com/project_folder/astra_protected/supplier_logs/v1/22_07_2024/response_availability_Viator_test_11_59_28_1721649568_19.json');
[07/22/2024 11:59:58], [file name :-/efsdata/otrams/public_html/beta/sight_search_list.php],INSERT INTO xmllogs(reservation_id, type, request_path, response_path, header_path, source_type, create_date, header, session_id, agent_logs_id,file_path) VALUE ('', 'AVAILABILITY', 'v1/22_07_2024/request_availability_Viator_test_11_59_28_1721649568_19.json', 'v1/22_07_2024/response_availability_Viator_test_11_59_28_1721649568_19.json', 'v1/22_07_2024/response_header_availability_Viator_test_11_59_28_1721649568_19.json', 'viator', '2024-07-22 11:59:58', '', '', '2677', 'https://beta.astrabookings.com/project_folder/astra_protected/supplier_logs/v1/22_07_2024/response_availability_Viator_test_11_59_28_1721649568_19.json');
[07/22/2024 11:59:58], [file name :-/efsdata/otrams/public_html/beta/sight_search_list.php],INSERT INTO xmllogs(reservation_id, type, request_path, response_path, header_path, source_type, create_date, header, session_id, agent_logs_id,file_path) VALUE ('', 'AVAILABILITY', 'v1/22_07_2024/request_availability_Viator_test_11_59_28_1721649568_19.json', 'v1/22_07_2024/response_availability_Viator_test_11_59_28_1721649568_19.json', 'v1/22_07_2024/response_header_availability_Viator_test_11_59_28_1721649568_19.json', 'viator', '2024-07-22 11:59:58', '', '', '2677', 'https://beta.astrabookings.com/project_folder/astra_protected/supplier_logs/v1/22_07_2024/response_availability_Viator_test_11_59_28_1721649568_19.json');
[07/22/2024 11:59:58], [file name :-/efsdata/otrams/public_html/beta/sight_search_list.php],INSERT INTO xmllogs(reservation_id, type, request_path, response_path, header_path, source_type, create_date, header, session_id, agent_logs_id,file_path) VALUE ('', 'AVAILABILITY', 'v1/22_07_2024/request_availability_Viator_test_11_59_28_1721649568_19.json', 'v1/22_07_2024/response_availability_Viator_test_11_59_28_1721649568_19.json', 'v1/22_07_2024/response_header_availability_Viator_test_11_59_28_1721649568_19.json', 'viator', '2024-07-22 11:59:58', '', '', '2677', 'https://beta.astrabookings.com/project_folder/astra_protected/supplier_logs/v1/22_07_2024/response_availability_Viator_test_11_59_28_1721649568_19.json');
[07/22/2024 11:59:59], [file name :-/efsdata/otrams/public_html/beta/sight_search_list.php],INSERT INTO xmllogs(reservation_id, type, request_path, response_path, header_path, source_type, create_date, header, session_id, agent_logs_id,file_path) VALUE ('', 'AVAILABILITY', 'v1/22_07_2024/request_availability_Viator_test_11_59_28_1721649568_19.json', 'v1/22_07_2024/response_availability_Viator_test_11_59_28_1721649568_19.json', 'v1/22_07_2024/response_header_availability_Viator_test_11_59_28_1721649568_19.json', 'viator', '2024-07-22 11:59:59', '', '', '2677', 'https://beta.astrabookings.com/project_folder/astra_protected/supplier_logs/v1/22_07_2024/response_availability_Viator_test_11_59_28_1721649568_19.json');
[07/22/2024 11:59:59], [file name :-/efsdata/otrams/public_html/beta/sight_search_list.php],INSERT INTO xmllogs(reservation_id, type, request_path, response_path, header_path, source_type, create_date, header, session_id, agent_logs_id,file_path) VALUE ('', 'AVAILABILITY', 'v1/22_07_2024/request_availability_Viator_test_11_59_28_1721649568_19.json', 'v1/22_07_2024/response_availability_Viator_test_11_59_28_1721649568_19.json', 'v1/22_07_2024/response_header_availability_Viator_test_11_59_28_1721649568_19.json', 'viator', '2024-07-22 11:59:59', '', '', '2677', 'https://beta.astrabookings.com/project_folder/astra_protected/supplier_logs/v1/22_07_2024/response_availability_Viator_test_11_59_28_1721649568_19.json');
[07/22/2024 11:59:59], [file name :-/efsdata/otrams/public_html/beta/sight_search_list.php],INSERT INTO xmllogs(reservation_id, type, request_path, response_path, header_path, source_type, create_date, header, session_id, agent_logs_id,file_path) VALUE ('', 'AVAILABILITY', 'v1/22_07_2024/request_availability_Viator_test_11_59_28_1721649568_19.json', 'v1/22_07_2024/response_availability_Viator_test_11_59_28_1721649568_19.json', 'v1/22_07_2024/response_header_availability_Viator_test_11_59_28_1721649568_19.json', 'viator', '2024-07-22 11:59:59', '', '', '2677', 'https://beta.astrabookings.com/project_folder/astra_protected/supplier_logs/v1/22_07_2024/response_availability_Viator_test_11_59_28_1721649568_19.json');
[07/22/2024 11:59:59], [file name :-/efsdata/otrams/public_html/beta/sight_search_list.php],INSERT INTO xmllogs(reservation_id, type, request_path, response_path, header_path, source_type, create_date, header, session_id, agent_logs_id,file_path) VALUE ('', 'AVAILABILITY', 'v1/22_07_2024/request_availability_Viator_test_11_59_28_1721649568_19.json', 'v1/22_07_2024/response_availability_Viator_test_11_59_28_1721649568_19.json', 'v1/22_07_2024/response_header_availability_Viator_test_11_59_28_1721649568_19.json', 'viator', '2024-07-22 11:59:59', '', '', '2677', 'https://beta.astrabookings.com/project_folder/astra_protected/supplier_logs/v1/22_07_2024/response_availability_Viator_test_11_59_28_1721649568_19.json');
[07/22/2024 11:59:59], [file name :-/efsdata/otrams/public_html/beta/sight_search_list.php],INSERT INTO xmllogs(reservation_id, type, request_path, response_path, header_path, source_type, create_date, header, session_id, agent_logs_id,file_path) VALUE ('', 'AVAILABILITY', 'v1/22_07_2024/request_availability_Viator_test_11_59_28_1721649568_19.json', 'v1/22_07_2024/response_availability_Viator_test_11_59_28_1721649568_19.json', 'v1/22_07_2024/response_header_availability_Viator_test_11_59_28_1721649568_19.json', 'viator', '2024-07-22 11:59:59', '', '', '2677', 'https://beta.astrabookings.com/project_folder/astra_protected/supplier_logs/v1/22_07_2024/response_availability_Viator_test_11_59_28_1721649568_19.json');
[07/22/2024 11:59:59], [file name :-/efsdata/otrams/public_html/beta/sight_search_list.php],INSERT INTO xmllogs(reservation_id, type, request_path, response_path, header_path, source_type, create_date, header, session_id, agent_logs_id,file_path) VALUE ('', 'AVAILABILITY', 'v1/22_07_2024/request_availability_Viator_test_11_59_28_1721649568_19.json', 'v1/22_07_2024/response_availability_Viator_test_11_59_28_1721649568_19.json', 'v1/22_07_2024/response_header_availability_Viator_test_11_59_28_1721649568_19.json', 'viator', '2024-07-22 11:59:59', '', '', '2677', 'https://beta.astrabookings.com/project_folder/astra_protected/supplier_logs/v1/22_07_2024/response_availability_Viator_test_11_59_28_1721649568_19.json');
[07/22/2024 11:59:59], [file name :-/efsdata/otrams/public_html/beta/sight_search_list.php],INSERT INTO xmllogs(reservation_id, type, request_path, response_path, header_path, source_type, create_date, header, session_id, agent_logs_id,file_path) VALUE ('', 'AVAILABILITY', 'v1/22_07_2024/request_availability_Viator_test_11_59_28_1721649568_19.json', 'v1/22_07_2024/response_availability_Viator_test_11_59_28_1721649568_19.json', 'v1/22_07_2024/response_header_availability_Viator_test_11_59_28_1721649568_19.json', 'viator', '2024-07-22 11:59:59', '', '', '2677', 'https://beta.astrabookings.com/project_folder/astra_protected/supplier_logs/v1/22_07_2024/response_availability_Viator_test_11_59_28_1721649568_19.json');
[07/22/2024 11:59:59], [file name :-/efsdata/otrams/public_html/beta/sight_search_list.php],INSERT INTO xmllogs(reservation_id, type, request_path, response_path, header_path, source_type, create_date, header, session_id, agent_logs_id,file_path) VALUE ('', 'AVAILABILITY', 'v1/22_07_2024/request_availability_Viator_test_11_59_28_1721649568_19.json', 'v1/22_07_2024/response_availability_Viator_test_11_59_28_1721649568_19.json', 'v1/22_07_2024/response_header_availability_Viator_test_11_59_28_1721649568_19.json', 'viator', '2024-07-22 11:59:59', '', '', '2677', 'https://beta.astrabookings.com/project_folder/astra_protected/supplier_logs/v1/22_07_2024/response_availability_Viator_test_11_59_28_1721649568_19.json');
[07/22/2024 11:59:59], [file name :-/efsdata/otrams/public_html/beta/sight_search_list.php],INSERT INTO xmllogs(reservation_id, type, request_path, response_path, header_path, source_type, create_date, header, session_id, agent_logs_id,file_path) VALUE ('', 'AVAILABILITY', 'v1/22_07_2024/request_availability_Viator_test_11_59_28_1721649568_19.json', 'v1/22_07_2024/response_availability_Viator_test_11_59_28_1721649568_19.json', 'v1/22_07_2024/response_header_availability_Viator_test_11_59_28_1721649568_19.json', 'viator', '2024-07-22 11:59:59', '', '', '2677', 'https://beta.astrabookings.com/project_folder/astra_protected/supplier_logs/v1/22_07_2024/response_availability_Viator_test_11_59_28_1721649568_19.json');
[07/22/2024 11:59:59], [file name :-/efsdata/otrams/public_html/beta/sight_search_list.php],INSERT INTO xmllogs(reservation_id, type, request_path, response_path, header_path, source_type, create_date, header, session_id, agent_logs_id,file_path) VALUE ('', 'AVAILABILITY', 'v1/22_07_2024/request_availability_Viator_test_11_59_28_1721649568_19.json', 'v1/22_07_2024/response_availability_Viator_test_11_59_28_1721649568_19.json', 'v1/22_07_2024/response_header_availability_Viator_test_11_59_28_1721649568_19.json', 'viator', '2024-07-22 11:59:59', '', '', '2677', 'https://beta.astrabookings.com/project_folder/astra_protected/supplier_logs/v1/22_07_2024/response_availability_Viator_test_11_59_28_1721649568_19.json');
[07/22/2024 11:59:59], [file name :-/efsdata/otrams/public_html/beta/sight_search_list.php],INSERT INTO xmllogs(reservation_id, type, request_path, response_path, header_path, source_type, create_date, header, session_id, agent_logs_id,file_path) VALUE ('', 'AVAILABILITY', 'v1/22_07_2024/request_availability_Viator_test_11_59_28_1721649568_19.json', 'v1/22_07_2024/response_availability_Viator_test_11_59_28_1721649568_19.json', 'v1/22_07_2024/response_header_availability_Viator_test_11_59_28_1721649568_19.json', 'viator', '2024-07-22 11:59:59', '', '', '2677', 'https://beta.astrabookings.com/project_folder/astra_protected/supplier_logs/v1/22_07_2024/response_availability_Viator_test_11_59_28_1721649568_19.json');
[07/22/2024 11:59:59], [file name :-/efsdata/otrams/public_html/beta/sight_search_list.php],INSERT INTO xmllogs(reservation_id, type, request_path, response_path, header_path, source_type, create_date, header, session_id, agent_logs_id,file_path) VALUE ('', 'AVAILABILITY', 'v1/22_07_2024/request_availability_Viator_test_11_59_28_1721649568_19.json', 'v1/22_07_2024/response_availability_Viator_test_11_59_28_1721649568_19.json', 'v1/22_07_2024/response_header_availability_Viator_test_11_59_28_1721649568_19.json', 'viator', '2024-07-22 11:59:59', '', '', '2677', 'https://beta.astrabookings.com/project_folder/astra_protected/supplier_logs/v1/22_07_2024/response_availability_Viator_test_11_59_28_1721649568_19.json');
[07/22/2024 11:59:59], [file name :-/efsdata/otrams/public_html/beta/sight_search_list.php],INSERT INTO xmllogs(reservation_id, type, request_path, response_path, header_path, source_type, create_date, header, session_id, agent_logs_id,file_path) VALUE ('', 'AVAILABILITY', 'v1/22_07_2024/request_availability_Viator_test_11_59_28_1721649568_19.json', 'v1/22_07_2024/response_availability_Viator_test_11_59_28_1721649568_19.json', 'v1/22_07_2024/response_header_availability_Viator_test_11_59_28_1721649568_19.json', 'viator', '2024-07-22 11:59:59', '', '', '2677', 'https://beta.astrabookings.com/project_folder/astra_protected/supplier_logs/v1/22_07_2024/response_availability_Viator_test_11_59_28_1721649568_19.json');
[07/22/2024 11:59:59], [file name :-/efsdata/otrams/public_html/beta/sight_search_list.php],INSERT INTO xmllogs(reservation_id, type, request_path, response_path, header_path, source_type, create_date, header, session_id, agent_logs_id,file_path) VALUE ('', 'AVAILABILITY', 'v1/22_07_2024/request_availability_Viator_test_11_59_28_1721649568_19.json', 'v1/22_07_2024/response_availability_Viator_test_11_59_28_1721649568_19.json', 'v1/22_07_2024/response_header_availability_Viator_test_11_59_28_1721649568_19.json', 'viator', '2024-07-22 11:59:59', '', '', '2677', 'https://beta.astrabookings.com/project_folder/astra_protected/supplier_logs/v1/22_07_2024/response_availability_Viator_test_11_59_28_1721649568_19.json');
[07/22/2024 11:59:59], [file name :-/efsdata/otrams/public_html/beta/sight_search_list.php],INSERT INTO xmllogs(reservation_id, type, request_path, response_path, header_path, source_type, create_date, header, session_id, agent_logs_id,file_path) VALUE ('', 'AVAILABILITY', 'v1/22_07_2024/request_availability_Viator_test_11_59_28_1721649568_19.json', 'v1/22_07_2024/response_availability_Viator_test_11_59_28_1721649568_19.json', 'v1/22_07_2024/response_header_availability_Viator_test_11_59_28_1721649568_19.json', 'viator', '2024-07-22 11:59:59', '', '', '2677', 'https://beta.astrabookings.com/project_folder/astra_protected/supplier_logs/v1/22_07_2024/response_availability_Viator_test_11_59_28_1721649568_19.json');
[07/22/2024 11:59:59], [file name :-/efsdata/otrams/public_html/beta/sight_search_list.php],INSERT INTO xmllogs(reservation_id, type, request_path, response_path, header_path, source_type, create_date, header, session_id, agent_logs_id,file_path) VALUE ('', 'AVAILABILITY', 'v1/22_07_2024/request_availability_Viator_test_11_59_28_1721649568_19.json', 'v1/22_07_2024/response_availability_Viator_test_11_59_28_1721649568_19.json', 'v1/22_07_2024/response_header_availability_Viator_test_11_59_28_1721649568_19.json', 'viator', '2024-07-22 11:59:59', '', '', '2677', 'https://beta.astrabookings.com/project_folder/astra_protected/supplier_logs/v1/22_07_2024/response_availability_Viator_test_11_59_28_1721649568_19.json');
[07/22/2024 11:59:59], [file name :-/efsdata/otrams/public_html/beta/sight_search_list.php],INSERT INTO xmllogs(reservation_id, type, request_path, response_path, header_path, source_type, create_date, header, session_id, agent_logs_id,file_path) VALUE ('', 'AVAILABILITY', 'v1/22_07_2024/request_availability_Viator_test_11_59_28_1721649568_19.json', 'v1/22_07_2024/response_availability_Viator_test_11_59_28_1721649568_19.json', 'v1/22_07_2024/response_header_availability_Viator_test_11_59_28_1721649568_19.json', 'viator', '2024-07-22 11:59:59', '', '', '2677', 'https://beta.astrabookings.com/project_folder/astra_protected/supplier_logs/v1/22_07_2024/response_availability_Viator_test_11_59_28_1721649568_19.json');
[07/22/2024 11:59:59], [file name :-/efsdata/otrams/public_html/beta/sight_search_list.php],INSERT INTO xmllogs(reservation_id, type, request_path, response_path, header_path, source_type, create_date, header, session_id, agent_logs_id,file_path) VALUE ('', 'AVAILABILITY', 'v1/22_07_2024/request_availability_Viator_test_11_59_28_1721649568_19.json', 'v1/22_07_2024/response_availability_Viator_test_11_59_28_1721649568_19.json', 'v1/22_07_2024/response_header_availability_Viator_test_11_59_28_1721649568_19.json', 'viator', '2024-07-22 11:59:59', '', '', '2677', 'https://beta.astrabookings.com/project_folder/astra_protected/supplier_logs/v1/22_07_2024/response_availability_Viator_test_11_59_28_1721649568_19.json');
[07/22/2024 11:59:59], [file name :-/efsdata/otrams/public_html/beta/sight_search_list.php],INSERT INTO xmllogs(reservation_id, type, request_path, response_path, header_path, source_type, create_date, header, session_id, agent_logs_id,file_path) VALUE ('', 'AVAILABILITY', 'v1/22_07_2024/request_availability_Viator_test_11_59_28_1721649568_19.json', 'v1/22_07_2024/response_availability_Viator_test_11_59_28_1721649568_19.json', 'v1/22_07_2024/response_header_availability_Viator_test_11_59_28_1721649568_19.json', 'viator', '2024-07-22 11:59:59', '', '', '2677', 'https://beta.astrabookings.com/project_folder/astra_protected/supplier_logs/v1/22_07_2024/response_availability_Viator_test_11_59_28_1721649568_19.json');
[07/22/2024 11:59:59], [file name :-/efsdata/otrams/public_html/beta/sight_search_list.php],INSERT INTO xmllogs(reservation_id, type, request_path, response_path, header_path, source_type, create_date, header, session_id, agent_logs_id,file_path) VALUE ('', 'AVAILABILITY', 'v1/22_07_2024/request_availability_Viator_test_11_59_28_1721649568_19.json', 'v1/22_07_2024/response_availability_Viator_test_11_59_28_1721649568_19.json', 'v1/22_07_2024/response_header_availability_Viator_test_11_59_28_1721649568_19.json', 'viator', '2024-07-22 11:59:59', '', '', '2677', 'https://beta.astrabookings.com/project_folder/astra_protected/supplier_logs/v1/22_07_2024/response_availability_Viator_test_11_59_28_1721649568_19.json');
[07/22/2024 11:59:59], [file name :-/efsdata/otrams/public_html/beta/sight_search_list.php],INSERT INTO xmllogs(reservation_id, type, request_path, response_path, header_path, source_type, create_date, header, session_id, agent_logs_id,file_path) VALUE ('', 'AVAILABILITY', 'v1/22_07_2024/request_availability_Viator_test_11_59_28_1721649568_19.json', 'v1/22_07_2024/response_availability_Viator_test_11_59_28_1721649568_19.json', 'v1/22_07_2024/response_header_availability_Viator_test_11_59_28_1721649568_19.json', 'viator', '2024-07-22 11:59:59', '', '', '2677', 'https://beta.astrabookings.com/project_folder/astra_protected/supplier_logs/v1/22_07_2024/response_availability_Viator_test_11_59_28_1721649568_19.json');
[07/22/2024 11:59:59], [file name :-/efsdata/otrams/public_html/beta/sight_search_list.php],INSERT INTO xmllogs(reservation_id, type, request_path, response_path, header_path, source_type, create_date, header, session_id, agent_logs_id,file_path) VALUE ('', 'AVAILABILITY', 'v1/22_07_2024/request_availability_Viator_test_11_59_28_1721649568_19.json', 'v1/22_07_2024/response_availability_Viator_test_11_59_28_1721649568_19.json', 'v1/22_07_2024/response_header_availability_Viator_test_11_59_28_1721649568_19.json', 'viator', '2024-07-22 11:59:59', '', '', '2677', 'https://beta.astrabookings.com/project_folder/astra_protected/supplier_logs/v1/22_07_2024/response_availability_Viator_test_11_59_28_1721649568_19.json');
[07/22/2024 11:59:59], [file name :-/efsdata/otrams/public_html/beta/sight_search_list.php],INSERT INTO xmllogs(reservation_id, type, request_path, response_path, header_path, source_type, create_date, header, session_id, agent_logs_id,file_path) VALUE ('', 'AVAILABILITY', 'v1/22_07_2024/request_availability_Viator_test_11_59_28_1721649568_19.json', 'v1/22_07_2024/response_availability_Viator_test_11_59_28_1721649568_19.json', 'v1/22_07_2024/response_header_availability_Viator_test_11_59_28_1721649568_19.json', 'viator', '2024-07-22 11:59:59', '', '', '2677', 'https://beta.astrabookings.com/project_folder/astra_protected/supplier_logs/v1/22_07_2024/response_availability_Viator_test_11_59_28_1721649568_19.json');
[07/22/2024 11:59:59], [file name :-/efsdata/otrams/public_html/beta/sight_search_list.php],INSERT INTO xmllogs(reservation_id, type, request_path, response_path, header_path, source_type, create_date, header, session_id, agent_logs_id,file_path) VALUE ('', 'AVAILABILITY', 'v1/22_07_2024/request_availability_Viator_test_11_59_28_1721649568_19.json', 'v1/22_07_2024/response_availability_Viator_test_11_59_28_1721649568_19.json', 'v1/22_07_2024/response_header_availability_Viator_test_11_59_28_1721649568_19.json', 'viator', '2024-07-22 11:59:59', '', '', '2677', 'https://beta.astrabookings.com/project_folder/astra_protected/supplier_logs/v1/22_07_2024/response_availability_Viator_test_11_59_28_1721649568_19.json');
[07/22/2024 11:59:59], [file name :-/efsdata/otrams/public_html/beta/sight_search_list.php],INSERT INTO xmllogs(reservation_id, type, request_path, response_path, header_path, source_type, create_date, header, session_id, agent_logs_id,file_path) VALUE ('', 'AVAILABILITY', 'v1/22_07_2024/request_availability_Viator_test_11_59_28_1721649568_19.json', 'v1/22_07_2024/response_availability_Viator_test_11_59_28_1721649568_19.json', 'v1/22_07_2024/response_header_availability_Viator_test_11_59_28_1721649568_19.json', 'viator', '2024-07-22 11:59:59', '', '', '2677', 'https://beta.astrabookings.com/project_folder/astra_protected/supplier_logs/v1/22_07_2024/response_availability_Viator_test_11_59_28_1721649568_19.json');
[07/22/2024 11:59:59], [file name :-/efsdata/otrams/public_html/beta/sight_search_list.php],INSERT INTO xmllogs(reservation_id, type, request_path, response_path, header_path, source_type, create_date, header, session_id, agent_logs_id,file_path) VALUE ('', 'AVAILABILITY', 'v1/22_07_2024/request_availability_Viator_test_11_59_28_1721649568_19.json', 'v1/22_07_2024/response_availability_Viator_test_11_59_28_1721649568_19.json', 'v1/22_07_2024/response_header_availability_Viator_test_11_59_28_1721649568_19.json', 'viator', '2024-07-22 11:59:59', '', '', '2677', 'https://beta.astrabookings.com/project_folder/astra_protected/supplier_logs/v1/22_07_2024/response_availability_Viator_test_11_59_28_1721649568_19.json');
[07/22/2024 11:59:59], [file name :-/efsdata/otrams/public_html/beta/sight_search_list.php],INSERT INTO xmllogs(reservation_id, type, request_path, response_path, header_path, source_type, create_date, header, session_id, agent_logs_id,file_path) VALUE ('', 'AVAILABILITY', 'v1/22_07_2024/request_availability_Viator_test_11_59_28_1721649568_19.json', 'v1/22_07_2024/response_availability_Viator_test_11_59_28_1721649568_19.json', 'v1/22_07_2024/response_header_availability_Viator_test_11_59_28_1721649568_19.json', 'viator', '2024-07-22 11:59:59', '', '', '2677', 'https://beta.astrabookings.com/project_folder/astra_protected/supplier_logs/v1/22_07_2024/response_availability_Viator_test_11_59_28_1721649568_19.json');
[07/22/2024 11:59:59], [file name :-/efsdata/otrams/public_html/beta/sight_search_list.php],INSERT INTO xmllogs(reservation_id, type, request_path, response_path, header_path, source_type, create_date, header, session_id, agent_logs_id,file_path) VALUE ('', 'AVAILABILITY', 'v1/22_07_2024/request_availability_Viator_test_11_59_28_1721649568_19.json', 'v1/22_07_2024/response_availability_Viator_test_11_59_28_1721649568_19.json', 'v1/22_07_2024/response_header_availability_Viator_test_11_59_28_1721649568_19.json', 'viator', '2024-07-22 11:59:59', '', '', '2677', 'https://beta.astrabookings.com/project_folder/astra_protected/supplier_logs/v1/22_07_2024/response_availability_Viator_test_11_59_28_1721649568_19.json');
[07/22/2024 11:59:59], [file name :-/efsdata/otrams/public_html/beta/sight_search_list.php],INSERT INTO xmllogs(reservation_id, type, request_path, response_path, header_path, source_type, create_date, header, session_id, agent_logs_id,file_path) VALUE ('', 'AVAILABILITY', 'v1/22_07_2024/request_availability_Viator_test_11_59_28_1721649568_19.json', 'v1/22_07_2024/response_availability_Viator_test_11_59_28_1721649568_19.json', 'v1/22_07_2024/response_header_availability_Viator_test_11_59_28_1721649568_19.json', 'viator', '2024-07-22 11:59:59', '', '', '2677', 'https://beta.astrabookings.com/project_folder/astra_protected/supplier_logs/v1/22_07_2024/response_availability_Viator_test_11_59_28_1721649568_19.json');
[07/22/2024 11:59:59], [file name :-/efsdata/otrams/public_html/beta/sight_search_list.php],INSERT INTO xmllogs(reservation_id, type, request_path, response_path, header_path, source_type, create_date, header, session_id, agent_logs_id,file_path) VALUE ('', 'AVAILABILITY', 'v1/22_07_2024/request_availability_Viator_test_11_59_28_1721649568_19.json', 'v1/22_07_2024/response_availability_Viator_test_11_59_28_1721649568_19.json', 'v1/22_07_2024/response_header_availability_Viator_test_11_59_28_1721649568_19.json', 'viator', '2024-07-22 11:59:59', '', '', '2677', 'https://beta.astrabookings.com/project_folder/astra_protected/supplier_logs/v1/22_07_2024/response_availability_Viator_test_11_59_28_1721649568_19.json');
[07/22/2024 11:59:59], [file name :-/efsdata/otrams/public_html/beta/sight_search_list.php],INSERT INTO xmllogs(reservation_id, type, request_path, response_path, header_path, source_type, create_date, header, session_id, agent_logs_id,file_path) VALUE ('', 'AVAILABILITY', 'v1/22_07_2024/request_availability_Viator_test_11_59_28_1721649568_19.json', 'v1/22_07_2024/response_availability_Viator_test_11_59_28_1721649568_19.json', 'v1/22_07_2024/response_header_availability_Viator_test_11_59_28_1721649568_19.json', 'viator', '2024-07-22 11:59:59', '', '', '2677', 'https://beta.astrabookings.com/project_folder/astra_protected/supplier_logs/v1/22_07_2024/response_availability_Viator_test_11_59_28_1721649568_19.json');
[07/22/2024 11:59:59], [file name :-/efsdata/otrams/public_html/beta/sight_search_list.php],INSERT INTO xmllogs(reservation_id, type, request_path, response_path, header_path, source_type, create_date, header, session_id, agent_logs_id,file_path) VALUE ('', 'AVAILABILITY', 'v1/22_07_2024/request_availability_Viator_test_11_59_28_1721649568_19.json', 'v1/22_07_2024/response_availability_Viator_test_11_59_28_1721649568_19.json', 'v1/22_07_2024/response_header_availability_Viator_test_11_59_28_1721649568_19.json', 'viator', '2024-07-22 11:59:59', '', '', '2677', 'https://beta.astrabookings.com/project_folder/astra_protected/supplier_logs/v1/22_07_2024/response_availability_Viator_test_11_59_28_1721649568_19.json');
[07/22/2024 11:59:59], [file name :-/efsdata/otrams/public_html/beta/sight_search_list.php],INSERT INTO xmllogs(reservation_id, type, request_path, response_path, header_path, source_type, create_date, header, session_id, agent_logs_id,file_path) VALUE ('', 'AVAILABILITY', 'v1/22_07_2024/request_availability_Viator_test_11_59_28_1721649568_19.json', 'v1/22_07_2024/response_availability_Viator_test_11_59_28_1721649568_19.json', 'v1/22_07_2024/response_header_availability_Viator_test_11_59_28_1721649568_19.json', 'viator', '2024-07-22 11:59:59', '', '', '2677', 'https://beta.astrabookings.com/project_folder/astra_protected/supplier_logs/v1/22_07_2024/response_availability_Viator_test_11_59_28_1721649568_19.json');
[07/22/2024 11:59:59], [file name :-/efsdata/otrams/public_html/beta/sight_search_list.php],INSERT INTO xmllogs(reservation_id, type, request_path, response_path, header_path, source_type, create_date, header, session_id, agent_logs_id,file_path) VALUE ('', 'AVAILABILITY', 'v1/22_07_2024/request_availability_Viator_test_11_59_28_1721649568_19.json', 'v1/22_07_2024/response_availability_Viator_test_11_59_28_1721649568_19.json', 'v1/22_07_2024/response_header_availability_Viator_test_11_59_28_1721649568_19.json', 'viator', '2024-07-22 11:59:59', '', '', '2677', 'https://beta.astrabookings.com/project_folder/astra_protected/supplier_logs/v1/22_07_2024/response_availability_Viator_test_11_59_28_1721649568_19.json');
[07/22/2024 11:59:59], [file name :-/efsdata/otrams/public_html/beta/sight_search_list.php],INSERT INTO xmllogs(reservation_id, type, request_path, response_path, header_path, source_type, create_date, header, session_id, agent_logs_id,file_path) VALUE ('', 'AVAILABILITY', 'v1/22_07_2024/request_availability_Viator_test_11_59_28_1721649568_19.json', 'v1/22_07_2024/response_availability_Viator_test_11_59_28_1721649568_19.json', 'v1/22_07_2024/response_header_availability_Viator_test_11_59_28_1721649568_19.json', 'viator', '2024-07-22 11:59:59', '', '', '2677', 'https://beta.astrabookings.com/project_folder/astra_protected/supplier_logs/v1/22_07_2024/response_availability_Viator_test_11_59_28_1721649568_19.json');
[07/22/2024 11:59:59], [file name :-/efsdata/otrams/public_html/beta/sight_search_list.php],INSERT INTO xmllogs(reservation_id, type, request_path, response_path, header_path, source_type, create_date, header, session_id, agent_logs_id,file_path) VALUE ('', 'AVAILABILITY', 'v1/22_07_2024/request_availability_Viator_test_11_59_28_1721649568_19.json', 'v1/22_07_2024/response_availability_Viator_test_11_59_28_1721649568_19.json', 'v1/22_07_2024/response_header_availability_Viator_test_11_59_28_1721649568_19.json', 'viator', '2024-07-22 11:59:59', '', '', '2677', 'https://beta.astrabookings.com/project_folder/astra_protected/supplier_logs/v1/22_07_2024/response_availability_Viator_test_11_59_28_1721649568_19.json');
[07/22/2024 11:59:59], [file name :-/efsdata/otrams/public_html/beta/sight_search_list.php],INSERT INTO xmllogs(reservation_id, type, request_path, response_path, header_path, source_type, create_date, header, session_id, agent_logs_id,file_path) VALUE ('', 'AVAILABILITY', 'v1/22_07_2024/request_availability_Viator_test_11_59_28_1721649568_19.json', 'v1/22_07_2024/response_availability_Viator_test_11_59_28_1721649568_19.json', 'v1/22_07_2024/response_header_availability_Viator_test_11_59_28_1721649568_19.json', 'viator', '2024-07-22 11:59:59', '', '', '2677', 'https://beta.astrabookings.com/project_folder/astra_protected/supplier_logs/v1/22_07_2024/response_availability_Viator_test_11_59_28_1721649568_19.json');
[07/22/2024 11:59:59], [file name :-/efsdata/otrams/public_html/beta/sight_search_list.php],INSERT INTO xmllogs(reservation_id, type, request_path, response_path, header_path, source_type, create_date, header, session_id, agent_logs_id,file_path) VALUE ('', 'AVAILABILITY', 'v1/22_07_2024/request_availability_Viator_test_11_59_28_1721649568_19.json', 'v1/22_07_2024/response_availability_Viator_test_11_59_28_1721649568_19.json', 'v1/22_07_2024/response_header_availability_Viator_test_11_59_28_1721649568_19.json', 'viator', '2024-07-22 11:59:59', '', '', '2677', 'https://beta.astrabookings.com/project_folder/astra_protected/supplier_logs/v1/22_07_2024/response_availability_Viator_test_11_59_28_1721649568_19.json');
[07/22/2024 11:59:59], [file name :-/efsdata/otrams/public_html/beta/sight_search_list.php],INSERT INTO xmllogs(reservation_id, type, request_path, response_path, header_path, source_type, create_date, header, session_id, agent_logs_id,file_path) VALUE ('', 'AVAILABILITY', 'v1/22_07_2024/request_availability_Viator_test_11_59_28_1721649568_19.json', 'v1/22_07_2024/response_availability_Viator_test_11_59_28_1721649568_19.json', 'v1/22_07_2024/response_header_availability_Viator_test_11_59_28_1721649568_19.json', 'viator', '2024-07-22 11:59:59', '', '', '2677', 'https://beta.astrabookings.com/project_folder/astra_protected/supplier_logs/v1/22_07_2024/response_availability_Viator_test_11_59_28_1721649568_19.json');
